No particular awareness of the weather is required.   -   There are no Weather-warnings

NOAA-Style Climate Reports


Report for 2018 October
                   Monthly Climatological Summary for oct. 2018

Name: MeteoGerena   City: Gerena (Sevilla)   State: España
Elevation: 120 m  Lat: N 37° 31' 28"   Lon: W 006° 09' 29"

                  Temperature (°C), Rain (mm), Wind Speed (km/h)

                                      Heat  Cool        Avg
    Mean                              Deg   Deg         Wind                 Dom
Day Temp  High   Time   Low    Time   Days  Days  Rain  Speed High   Time    Dir
----------------------------------------------------------------------------------
 1  23,9  33,5   16:04  18,8   08:08   0,0   5,6  12,8   3,3  33,8   16:28    SW
 2  24,9  33,6   17:36  18,4   06:48   0,0   6,6   0,0   3,5  22,5   13:40   SSW
 3  23,3  31,4   18:53  16,7   06:22   0,2   5,2   0,0   3,3  19,3   13:35   SSW
 4  24,3  32,7   18:19  16,8   07:41   0,2   6,2   0,0   2,8  16,1   00:21    SW
 5  24,3  32,4   18:43  16,2   08:30   0,2   6,2   0,0   3,9  19,3   13:21   SSW
 6  24,3  32,0   18:03  17,6   05:41   0,0   6,1   0,0   5,6  27,4   18:52     W
 7  23,4  31,7   17:09  15,9   08:40   0,1   5,2   0,0   5,0  30,6   20:02    SW
 8  21,3  28,7   18:00  13,8   08:10   0,4   3,4   0,0   4,5  25,7   18:16    SW
 9  20,3  26,9   18:25  14,4   07:37   0,9   2,9   0,0   3,9  24,1   19:34     W
10  21,6  26,2   17:17  18,7   08:39   0,0   3,3   1,4   4,4  27,4   17:35    SW
11  21,2  24,6   14:06  19,0   05:49   0,0   2,9  13,4   6,1  32,2   12:36    SW
12  21,9  26,7   17:12  19,7   09:09   0,0   3,6   9,0   2,0  12,9   02:26    SW
13  23,1  30,4   17:37  17,6   08:36   0,0   4,9   0,0   3,5  27,4   18:07    SW
14  18,5  22,0   00:00  15,0   23:58   0,7   0,9  17,8   9,3  37,0   15:51    SW
15  14,2  17,1   14:07  10,7   08:40   4,1   0,0  28,6   3,7  33,8   16:19    NE
16  17,9  23,2   18:04  15,0   05:18   1,4   1,0   0,0   2,3  19,3   22:44     N
17  19,6  25,9   16:59  14,8   08:35   0,9   2,1   0,0   3,4  17,7   20:06   NNE
18  15,2  17,6   00:00  13,2   09:58   3,1   0,0  17,8   4,9  32,2   07:21    NE
19  16,5  21,4   16:46  12,9   08:16   2,4   0,6   0,0   5,2  27,4   12:49   NNE
20  15,6  19,0   14:41  12,2   06:15   2,7   0,0   6,6   5,8  24,1   18:58   NNE
21  18,0  22,1   17:36  14,8   00:48   1,0   0,7   0,2   5,7  32,2   12:21    NE
----------------------------------------------------------------------------------
    20,6  33,6     2    10,7    15    18,3  67,4 107,6   4,4  37,0    14     WSW

Max >=  40,0:  0
Max <=  15,0:  0
Min <=  20,0: 21
Min <=   0,0:  0
Max Rain: 28,6 on day 15
Days of Rain: 7 (>= 2,0 mm)  5 (>= 10,0 mm)  0 (>= 40,0 mm)
Heat Base: 18,3  Cool Base: 18,3  Method: Integration