No particular awareness of the weather is required.   -   There are no Weather-warnings

NOAA-Style Climate Reports

Select a Year or Month report
2019: Jan Feb Mar Apr May Jun Jul Aug Sep Oct Nov Dec
2018: Jan Feb Mar Apr May Jun Jul Aug Sep Oct Nov Dec
2017: Jan Feb Mar Apr May Jun Jul Aug Sep Oct Nov Dec
2016: Jan Feb Mar Apr May Jun Jul Aug Sep Oct Nov Dec
2015: Jan Feb Mar Apr May Jun Jul Aug Sep Oct Nov Dec
2014: Jan Feb Mar Apr May Jun Jul Aug Sep Oct Nov Dec
2013: Jan Feb Mar Apr May Jun Jul Aug Sep Oct Nov Dec
2012: Jan Feb Mar Apr May Jun Jul Aug Sep Oct Nov Dec
2011: Jan Feb Mar Apr May Jun Jul Aug Sep Oct Nov Dec

Report for 2019 January
                   Monthly Climatological Summary for ene. 2019

Name: MeteoGerena   City: Gerena (Sevilla)   State: España
Elevation: 120 m  Lat: N 37° 31' 28"   Lon: W 006° 09' 29"

                  Temperature (°C), Rain (mm), Wind Speed (km/h)

                                      Heat  Cool        Avg
    Mean                              Deg   Deg         Wind                 Dom
Day Temp  High   Time   Low    Time   Days  Days  Rain  Speed High   Time    Dir
----------------------------------------------------------------------------------
 3  10,7  17,7   16:51   4,9   08:43   8,6   0,0   0,0   4,0  16,1   21:54    SW
 4  10,4  16,1   15:59   4,6   08:31   7,9   0,0   0,0   5,0  20,9   14:27    SW
 5   9,9  16,6   16:12   3,3   08:18   8,2   0,0   0,0   2,5  17,7   06:29   SSW
 6   9,5  17,8   16:12   2,5   08:39   8,8   0,0   0,0   0,3   6,4   23:52   SSW
 7   8,6  17,2   17:46   2,5   07:11   9,6   0,0   0,0   1,2  11,3   01:34     E
 8   9,4  16,8   17:38   1,9   08:13   8,8   0,0   0,0   2,3  17,7   12:41    SE
 9   9,4  18,4   16:30   2,7   08:38   8,7   0,0   0,0   0,5   9,7   23:41   SSW
10   9,6  15,6   16:50   3,9   08:14   8,6   0,0   0,0   0,8  24,1   12:42     S
11   9,1  13,2   16:41   6,2   10:35   9,2   0,0   0,0  ----  24,1   02:28     S
12   8,6  14,9   16:12   1,7   08:09   9,5   0,0   0,0  ----  24,1   13:13     S
13   9,0  16,5   16:51   1,6   06:56   9,3   0,0   0,0  ----  19,3   12:53   ESE
14   9,5  18,0   16:59   2,4   08:26   8,7   0,0   0,0  ----  17,7   01:52   SSW
15   8,4  14,2   15:28   3,7   08:07   9,9   0,0   0,0  ----  14,5   11:49     S
----------------------------------------------------------------------------------
     9,4  18,4     9     1,6    13   115,8   0,0   0,0   2,0  24,1    10     SSW

Max >=  40,0:  0
Max <=  15,0:  3
Min <=  20,0: 13
Min <=   0,0:  0
Max Rain: 0,0 on day 0
Days of Rain: 0 (>= 2,0 mm)  0 (>= 10,0 mm)  0 (>= 40,0 mm)
Heat Base: 18,3  Cool Base: 18,3  Method: Integration