No es requerida especial atención con respecto al clima.   -   No hay avisos meteorológicos

Informes Estilo NOAA

Seleccione un año o mes para ver el informe
2018: Ene Feb Mar Abr May Jun Jul Ago Sep Oct Nov Dic
2017: Ene Feb Mar Abr May Jun Jul Ago Sep Oct Nov Dic
2016: Ene Feb Mar Abr May Jun Jul Ago Sep Oct Nov Dic
2015: Ene Feb Mar Abr May Jun Jul Ago Sep Oct Nov Dic
2014: Ene Feb Mar Abr May Jun Jul Ago Sep Oct Nov Dic
2013: Ene Feb Mar Abr May Jun Jul Ago Sep Oct Nov Dic
2012: Ene Feb Mar Abr May Jun Jul Ago Sep Oct Nov Dic
2011: Ene Feb Mar Abr May Jun Jul Ago Sep Oct Nov Dic

Informe 2012 Marzo
                   Monthly Climatological Summary for mar 2012

Name: MeteoGerena   City: Gerena (Sevilla)   State: España
Elevation: 120 m  Lat: N 37° 31' 28"   Lon: W 006° 09' 29"

                  Temperature (°C), Rain (mm), Wind Speed (km/h)

                                      Heat  Cool        Avg
    Mean                              Deg   Deg         Wind                 Dom
Day Temp  High   Time   Low    Time   Days  Days  Rain  Speed High   Time    Dir
----------------------------------------------------------------------------------
 1  12,1  18,4   15:36   6,4   07:54   6,2   0,0   0,0   4,5  30,6   17:32   SSW
 2  12,1  17,1   17:48   7,5   06:32   6,2   0,0   0,3   3,6  17,3   15:47     E
 3  12,4  19,8   16:43   6,3   08:14   6,0   0,1   0,0   4,1  17,3   23:28   SSE
 4  15,3  23,1   16:25   7,9   07:54   3,9   0,9   0,0   5,8  22,0   17:38   NNW
 5  15,5  23,4   17:30   7,6   08:47   3,6   0,8   0,0   4,7  24,5   10:49     N
 6  15,2  21,3   17:05   8,0   07:09   3,5   0,5   0,0   5,9  25,6   11:35   NNE
 7  14,3  21,0   16:58   7,1   07:15   4,4   0,3   0,0  10,0  35,6   10:49   NNE
 8  14,5  23,5   17:53   5,6   08:29   5,0   1,1   0,0   4,5  22,0   13:43   NNE
 9  16,4  22,6   17:30   9,9   08:24   2,7   0,8   0,0   8,6  40,3   03:17    NE
10  13,8  21,3   17:31   6,5   07:43   4,9   0,5   0,0   5,6  24,5   20:05    SE
11  14,7  23,1   17:13   6,8   07:27   4,6   0,9   0,0   4,5  18,4   12:47     E
12  16,1  25,0   17:17   7,5   07:25   3,6   1,4   0,0   5,3  22,0   15:47    NE
13  17,5  26,9   17:17   7,4   07:43   3,1   2,4   0,0   7,8  30,6   16:28    NE
14  18,5  28,0   17:00   9,0   08:27   2,5   2,7   0,0   5,8  28,1   19:29     N
15  16,3  23,0   16:21  12,8   23:57   2,7   0,7   0,0   5,7  25,6   15:43    SW
16  14,4  19,6   16:12  11,4   00:49   4,0   0,1   4,5   5,3  25,6   17:19   SSW
17  13,5  20,6   17:33   8,5   03:40   5,1   0,3   0,0   3,8  23,4   18:12    NW
18  14,1  19,5   17:18   8,5   07:57   4,3   0,1   0,0   9,2  35,6   12:56     N
19  14,6  20,3   15:41   9,4   05:04   3,9   0,3   0,0  15,7  43,9   16:53   NNE
20  13,9  18,6   15:27   9,4   23:59   4,4   0,0   0,0  15,8  41,8   14:34   NNE
21  11,8  19,3   17:25   4,6   07:26   6,5   0,0   0,0   4,8  20,9   15:27   SSW
22  14,3  21,9   16:38   5,4   07:57   4,8   0,7   0,0   8,9  34,2   12:05    NE
23  19,0  26,8   16:21  13,0   03:29   1,8   2,5   0,0  15,7  45,4   04:38    NE
24  16,9  18,8   11:41  14,8   23:56   1,4   0,0   1,8   8,3  25,6   08:36   NNE
25  17,9  24,1   16:41  13,7   08:23   1,7   1,4   0,0  10,8  40,3   12:38    NE
26  18,7  25,1   17:20  14,0   08:43   1,5   1,8   0,0  14,1  43,9   12:13   ENE
27  17,3  25,2   17:04  10,8   15:26   2,4   1,4   0,0  16,5  50,0   07:12    NE
28  18,3  25,2   16:43  13,1   08:38   1,8   1,8   0,0  17,0  49,0   16:48   ENE
29  17,5  22,5   15:55  13,3   08:50   1,8   0,9   0,0  13,5  46,4   09:36   ENE
30  16,0  22,6   14:26  12,6   23:56   2,7   0,4   9,9  10,1  42,8   16:10    NE
31  14,5  19,1   18:32  11,6   07:26   3,8   0,0   1,8   2,7  19,4   23:30   ENE
----------------------------------------------------------------------------------
    15,4  28,0    14     4,6    21   114,8  24,8  18,3   8,4  50,0    27      NE

Max >=  30,0:  0
Max <=  15,0:  0
Min <=  22,0: 31
Min <=   0,0:  0
Max Rain: 9,9 on day 30
Days of Rain: 2 (>= 2,0 mm)  0 (>= 10,0 mm)  0 (>= 40,0 mm)
Heat Base: 18,3  Cool Base: 18,3  Method: Integration