No es requerida especial atención con respecto al clima.   -   No hay avisos meteorológicos

Informes Estilo NOAA


Informe 2012 Octubre
                   Monthly Climatological Summary for oct 2012

Name: MeteoGerena   City: Gerena (Sevilla)   State: España
Elevation: 120 m  Lat: N 37° 31' 28"   Lon: W 006° 09' 29"

                  Temperature (°C), Rain (mm), Wind Speed (km/h)

                                      Heat  Cool        Avg
    Mean                              Deg   Deg         Wind                 Dom
Day Temp  High   Time   Low    Time   Days  Days  Rain  Speed High   Time    Dir
----------------------------------------------------------------------------------
 1  22,1  28,9   17:03  16,7   07:18   0,2   4,0   0,0   4,4  20,9   17:36   SSE
 2  22,7  29,5   16:50  16,8   08:29   0,1   4,6   0,0   4,3  18,4   17:05     E
 3  22,8  29,2   18:02  16,7   08:11   0,2   4,7   0,0   4,2  22,0   11:59   ENE
 4  23,2  31,3   17:21  15,8   07:31   0,3   5,2   0,0   3,5  22,0   12:23     E
 5  22,2  27,2   17:16  17,4   08:50   0,0   4,0   0,0   6,1  27,0   13:06    SW
 6  22,7  28,2   17:42  18,1   08:52   0,0   4,4   0,0   3,7  18,4   18:28     S
 7  24,0  31,2   17:29  17,6   06:47   0,1   5,8   0,0   3,4  22,0   15:50   ENE
 8  24,7  33,3   17:45  17,2   08:31   0,1   6,5   0,0   3,1  15,8   14:58   SSE
 9  26,0  34,4   17:37  18,4   08:23   0,0   7,7   0,0   4,0  24,5   20:08    SE
10  25,2  32,1   17:14  19,8   08:19   0,0   6,9   0,0   6,3  39,2   18:22    SW
11  23,2  29,5   16:22  19,2   06:31   0,0   4,9   0,0   6,2  37,8   18:24   WSW
12  21,3  27,1   17:49  17,5   08:27   0,1   3,1   0,0   6,1  35,6   19:32   WSW
13  20,9  28,1   17:06  15,4   08:47   0,4   3,0   0,0   6,1  31,7   19:44   SSW
14  19,8  26,6   15:50  14,7   08:32   0,9   2,4   0,0   6,9  40,3   19:14   WSW
15  18,7  24,8   17:09  13,1   09:02   1,3   1,7   0,0   9,3  37,8   01:06   NNW
16  18,8  26,1   17:46  11,7   08:43   1,8   2,3   0,0   4,3  20,9   20:08    NE
17  18,4  26,5   16:41  11,7   08:57   1,8   1,9   0,0   6,1  31,7   17:04   SSW
18  16,0  22,4   13:21  13,2   18:20   2,6   0,3  19,2   7,7  50,0   13:56   ESE
19  15,2  20,1   16:41  12,3   08:53   3,3   0,1   0,3   3,6  18,4   19:01   SSE
20  15,9  21,7   16:09  11,1   06:55   3,0   0,7   0,0   5,8  31,7   20:11    SW
21  14,5  18,9   16:42   9,6   09:03   3,8   0,0   3,6   4,7  18,3   20:34     E
22  18,0  21,3   17:55  15,6   00:00   1,0   0,7   2,1   7,8  19,4   22:39    NE
23  21,0  27,6   17:52  15,7   06:11   0,5   3,2   0,0   5,6  28,1   12:17   ENE
24  18,8  21,8   00:00  16,9   15:29   0,1   0,6   3,6   5,0  25,6   02:46     E
25  17,6  19,9   15:34  16,1   22:17   0,8   0,1  31,8   6,2  31,7   14:04    SE
26  17,7  21,6   15:53  15,8   09:03   1,1   0,5   5,1   6,2  36,7   18:01    SW
27  17,8  22,2   17:17  14,3   09:16   1,4   0,9   0,0   6,4  24,5   12:47     W
28  15,2  18,7   15:48  12,0   07:40   3,2   0,0   0,0  11,2  40,3   06:16    NE
29  14,2  18,0   16:44   9,8   04:14   4,1   0,0   0,0   4,3  23,4   11:56   ENE
30  14,3  16,0   15:11  12,5   23:36   4,0   0,0  20,7   3,3  19,4   06:22   ENE
31  12,7  17,8   16:14   8,1   08:12   5,6   0,0   0,3   3,7  19,4   15:43   SSW
----------------------------------------------------------------------------------
    19,5  34,4     9     8,1    31    41,8  80,2  86,7   5,5  50,0    18      SE

Max >=  30,0:  5
Max <=  15,0:  0
Min <=  22,0: 31
Min <=   0,0:  0
Max Rain: 31,8 on day 25
Days of Rain: 7 (>= 2,0 mm)  3 (>= 10,0 mm)  0 (>= 40,0 mm)
Heat Base: 18,3  Cool Base: 18,3  Method: Integration