No es requerida especial atención con respecto al clima.   -   No hay avisos meteorológicos

Informes Estilo NOAA


Informe 2012 Noviembre
                   Monthly Climatological Summary for nov 2012

Name: MeteoGerena   City: Gerena (Sevilla)   State: España
Elevation: 120 m  Lat: N 37° 31' 28"   Lon: W 006° 09' 29"

                  Temperature (°C), Rain (mm), Wind Speed (km/h)

                                      Heat  Cool        Avg
    Mean                              Deg   Deg         Wind                 Dom
Day Temp  High   Time   Low    Time   Days  Days  Rain  Speed High   Time    Dir
----------------------------------------------------------------------------------
 1  16,4  21,3   15:39  13,5   02:37   2,3   0,4   0,0   6,0  40,3   15:57    SW
 2  14,8  17,7   16:05  11,6   08:38   3,5   0,0   6,9   5,2  25,6   21:56   ENE
 3  20,1  23,3   14:08  14,9   00:00   0,5   2,3  15,9  12,6  50,0   13:31    SW
 4  19,7  22,2   12:25  16,2   23:59   0,2   1,6  55,8  12,5  47,9   10:15    SW
 5  14,6  17,3   14:39  10,5   08:10   3,7   0,0   0,3   4,9  27,0   14:11   NNE
 6  14,3  17,2   15:39  11,9   08:41   4,0   0,0   2,4  11,6  40,4   15:03    NE
 7  15,3  16,5   12:31  13,4   04:22   3,0   0,0  21,9  13,9  43,9   10:17    NE
 8  16,3  18,9   13:27  15,3   04:10   2,0   0,0  19,8  11,8  47,9   06:17    NE
 9  15,6  17,8   16:12  13,0   23:55   2,7   0,0   6,9   2,8  20,9   14:20   ENE
10  13,8  18,7   15:19  10,4   07:23   4,5   0,0   0,6   4,4  29,5   16:10    SW
11  13,1  15,8   15:31  10,6   06:16   5,2   0,0   0,0  10,5  43,9   10:38   NNW
12  14,9  19,7   16:18  11,3   07:35   3,5   0,1   0,0  14,4  50,0   10:34     N
13  16,5  22,4   16:33  11,3   07:01   2,9   1,1   0,0   6,7  24,5   21:14     N
14  15,6  20,0   15:49  10,8   08:08   2,9   0,2   0,0   7,0  23,4   22:38   NNE
15  17,7  23,3   15:54  13,4   08:09   1,7   1,0   0,0   8,2  29,5   02:34   ENE
16  16,7  21,7   15:58  11,6   07:23   2,2   0,6   9,3   5,4  27,0   17:14   ENE
17  15,8  18,7   14:49  14,4   08:53   2,5   0,0  26,1   8,7  40,3   15:38   SSE
18  16,4  20,6   16:05  13,6   23:24   2,2   0,4   6,6   8,6  31,7   13:28   NNE
19  14,8  19,9   16:30  11,0   08:18   3,6   0,1   0,0   2,6  13,4   12:23   SSE
20  13,9  17,8   15:28  10,3   03:06   4,5   0,0   0,0   3,1  27,0   15:33     E
21  14,3  15,5   16:52  13,1   00:00   4,0   0,0   7,8   5,8  22,0   14:21   NNE
22  16,1  19,9   15:03  13,4   23:36   2,3   0,2   0,0   5,2  18,4   15:41    NE
23  14,6  18,6   14:06  10,9   08:26   3,7   0,0   0,0   3,5  20,9   11:35    NE
24  15,9  18,4   14:46  13,3   08:40   2,4   0,0   0,0   3,3  15,8   11:49   ENE
25  16,1  20,4   16:02  13,2   08:35   2,4   0,2   0,0   2,3  13,3   12:04   ENE
26  14,4  16,8   13:17  11,0   23:55   3,9   0,0   0,3   2,9  23,4   15:13    NW
27  10,2  14,6   15:16   5,6   08:42   8,2   0,0   0,0   6,1  28,1   15:28   WNW
28   9,8  15,7   16:14   5,4   07:29   8,5   0,0   0,0   4,4  23,4   13:51     W
29   9,5  15,0   15:37   4,5   06:44   8,8   0,0   0,0   4,5  33,1   15:20   NNW
30   7,9  12,3   13:54   4,7   03:59  10,3   0,0   3,9   3,9  23,4   16:03   WNW
----------------------------------------------------------------------------------
    14,8  23,3     3     4,5    29   112,1   8,2 184,5   6,8  50,0     3     NNE

Max >=  30,0:  0
Max <=  15,0:  3
Min <=  22,0: 30
Min <=   0,0:  0
Max Rain: 55,8 on day 4
Days of Rain: 12 (>= 2,0 mm)  5 (>= 10,0 mm)  1 (>= 40,0 mm)
Heat Base: 18,3  Cool Base: 18,3  Method: Integration