No es requerida especial atención con respecto al clima.   -   No hay avisos meteorológicos

Informes Estilo NOAA

Seleccione un año o mes para ver el informe
2018: Ene Feb Mar Abr May Jun Jul Ago Sep Oct Nov Dic
2017: Ene Feb Mar Abr May Jun Jul Ago Sep Oct Nov Dic
2016: Ene Feb Mar Abr May Jun Jul Ago Sep Oct Nov Dic
2015: Ene Feb Mar Abr May Jun Jul Ago Sep Oct Nov Dic
2014: Ene Feb Mar Abr May Jun Jul Ago Sep Oct Nov Dic
2013: Ene Feb Mar Abr May Jun Jul Ago Sep Oct Nov Dic
2012: Ene Feb Mar Abr May Jun Jul Ago Sep Oct Nov Dic
2011: Ene Feb Mar Abr May Jun Jul Ago Sep Oct Nov Dic

Informe 2013 Enero
                   Monthly Climatological Summary for ene 2013

Name: MeteoGerena   City: Gerena (Sevilla)   State: España
Elevation: 120 m  Lat: N 37° 31' 28"   Lon: W 006° 09' 29"

                  Temperature (°C), Rain (mm), Wind Speed (km/h)

                                      Heat  Cool        Avg
    Mean                              Deg   Deg         Wind                 Dom
Day Temp  High   Time   Low    Time   Days  Days  Rain  Speed High   Time    Dir
----------------------------------------------------------------------------------
 1  10,5  14,9   15:39   8,3   09:02   7,8   0,0   6,3   5,8  47,9   18:31   NNE
 2  10,9  16,1   17:01   6,5   08:02   7,4   0,0   0,0   4,2  23,3   19:33   NNE
 3  11,4  15,8   15:49   6,3   08:39   6,9   0,0   0,0  10,2  35,6   13:32    NE
 4  11,5  16,2   16:37   6,1   08:24   6,9   0,0   0,0  12,0  42,8   11:10    NE
 5  10,4  16,7   16:55   4,7   07:29   7,9   0,0   0,0   2,5  17,3   12:29   ENE
 6  10,1  16,7   16:43   4,6   09:09   8,2   0,0   0,0   1,8  14,8   12:40   SSE
 7  10,3  15,7   16:47   5,2   10:08   8,0   0,0   0,0   2,7  17,3   14:41   ENE
 8   9,2  13,5   16:51   6,5   06:40   9,0   0,0   0,0   4,7  24,5   10:39   ENE
 9   9,8  14,9   16:59   5,5   09:08   8,4   0,0   0,0   2,2  17,3   13:19   ENE
10  12,3  18,1   16:29   8,0   08:34   6,1   0,0   0,0   2,8  15,8   22:13   NNE
11  13,5  18,3   15:14   9,3   14:11   4,8   0,0   0,0   3,7  13,4   23:05     N
12  10,6  14,5   16:40   7,3   09:46   7,8   0,0   0,3   1,8  12,2   00:02     N
13  10,2  14,8   14:22   7,0   23:58   8,1   0,0   3,9   5,4  23,4   13:07     W
14   9,7  15,8   16:22   4,0   08:58   8,6   0,0   0,0   5,1  19,4   04:43     W
15   8,5  14,5   15:50   3,8   08:42   9,8   0,0   0,0   4,1  19,4   16:31   WNW
16  10,0  13,4   15:10   6,6   00:29   8,3   0,0   0,0   9,4  33,1   21:54   WSW
17  13,9  17,9   14:52   9,5   08:42   4,4   0,0   0,0   7,5  30,6   01:07   WSW
18  14,9  17,1   15:04  13,7   05:02   3,4   0,0   0,0  13,0  36,7   14:58    SW
19  13,0  15,3   06:29  10,0   23:37   5,3   0,0  21,3  22,5  76,0   13:06   WSW
20  10,1  13,8   23:44   6,2   08:53   8,3   0,0   8,1  10,2  42,8   02:37   WSW
21  10,5  15,0   15:43   6,5   08:49   7,9   0,0   0,3   6,0  25,6   00:00   WNW
22   8,1  14,1   15:34   4,0   05:15  10,2   0,0   1,8   7,4  49,0   12:54     W
23   9,6  15,0   14:58   5,2   04:17   8,7   0,0   0,0   8,3  34,2   13:21   WSW
24  12,6  15,4   15:05  10,9   02:57   5,7   0,0   2,1   9,3  31,7   00:39   WSW
25  10,9  12,6   17:28   9,4   03:46   7,5   0,0  11,7   3,1  15,8   12:25    NE
26  13,2  20,5   16:31   7,8   08:41   5,4   0,2   0,0   3,8  22,0   12:20   WSW
27  11,0  14,4   14:15   7,1   04:25   7,3   0,0   1,8   4,8  24,5   14:24   WSW
28  10,2  14,6   14:23   5,4   07:17   8,1   0,0   0,3   4,0  15,8   15:51   NNE
29  11,2  18,6   17:19   4,5   07:50   7,1   0,0   0,0   4,2  20,9   03:10   NNE
30  11,5  19,2   17:09   5,4   07:00   6,8   0,0   0,0   2,3  15,8   14:38   ENE
31  12,6  21,2   16:39   6,2   06:46   6,0   0,3   0,0   1,6  13,3   01:08   ESE
----------------------------------------------------------------------------------
    11,0  21,2    31     3,8    15   226,1   0,5  57,9   6,0  76,0    19       W

Max >=  30,0:  0
Max <=  15,0: 14
Min <=  22,0: 31
Min <=   0,0:  0
Max Rain: 21,3 on day 19
Days of Rain: 6 (>= 2,0 mm)  2 (>= 10,0 mm)  0 (>= 40,0 mm)
Heat Base: 18,3  Cool Base: 18,3  Method: Integration