No es requerida especial atención con respecto al clima.   -   No hay avisos meteorológicos

Informes Estilo NOAA

Seleccione un año o mes para ver el informe
2018: Ene Feb Mar Abr May Jun Jul Ago Sep Oct Nov Dic
2017: Ene Feb Mar Abr May Jun Jul Ago Sep Oct Nov Dic
2016: Ene Feb Mar Abr May Jun Jul Ago Sep Oct Nov Dic
2015: Ene Feb Mar Abr May Jun Jul Ago Sep Oct Nov Dic
2014: Ene Feb Mar Abr May Jun Jul Ago Sep Oct Nov Dic
2013: Ene Feb Mar Abr May Jun Jul Ago Sep Oct Nov Dic
2012: Ene Feb Mar Abr May Jun Jul Ago Sep Oct Nov Dic
2011: Ene Feb Mar Abr May Jun Jul Ago Sep Oct Nov Dic

Informe 2013 Marzo
                   Monthly Climatological Summary for mar 2013

Name: MeteoGerena   City: Gerena (Sevilla)   State: España
Elevation: 120 m  Lat: N 37° 31' 28"   Lon: W 006° 09' 29"

                  Temperature (°C), Rain (mm), Wind Speed (km/h)

                                      Heat  Cool        Avg
    Mean                              Deg   Deg         Wind                 Dom
Day Temp  High   Time   Low    Time   Days  Days  Rain  Speed High   Time    Dir
----------------------------------------------------------------------------------
 1   9,1  15,7   16:32   2,2   08:34   9,3   0,0   0,0   4,4  20,9   20:48   WSW
 2  10,2  16,3   16:32   4,6   05:25   8,1   0,0   0,0   9,6  35,6   12:34    NE
 3  12,3  15,9   15:55   9,9   06:54   6,0   0,0   2,7   7,1  25,6   23:58    NE
 4  12,2  13,4   17:52  11,4   08:01   6,1   0,0  16,2  14,1  42,8   05:01   ENE
 5  14,0  16,5   16:42  12,0   02:07   4,3   0,0  29,7   9,9  39,2   14:46   SSE
 6  15,5  19,1   15:03  13,4   07:48   2,9   0,0   1,8  12,7  54,0   16:31    SW
 7  16,8  19,4   15:54  15,1   00:01   1,6   0,1  26,7  19,7  64,8   15:58    SW
 8  15,6  19,0   12:50  13,1   22:08   2,7   0,1   8,7  12,8  54,0   13:32    SW
 9  14,8  19,3   13:49  11,3   23:34   3,5   0,0   9,0  10,9  50,0   16:31    SW
10  12,5  17,4   12:38   9,8   06:12   5,8   0,0   7,2   7,4  40,3   16:18   WSW
11  11,7  16,4   12:37   7,9   07:03   6,6   0,0   4,2   8,2  51,5   15:49   WSW
12  11,8  14,1   17:30  10,8   03:42   6,5   0,0  28,2   6,0  28,1   15:12    NW
13  10,8  14,6   16:33   7,1   07:37   7,5   0,0   0,0  10,3  40,3   05:52    NW
14  10,0  16,0   16:47   3,5   07:17   8,3   0,0   0,0   7,1  24,5   10:27   NNW
15  11,3  18,1   17:11   4,3   07:44   7,0   0,0   0,0   5,1  25,6   14:23    NE
16  13,4  19,2   16:02   9,3   07:05   4,9   0,0   0,6   4,1  25,6   17:26    NE
17  14,0  19,2   13:11  10,3   05:56   4,4   0,0  19,5   5,6  27,0   21:04    SW
18  12,6  18,3   17:16   5,8   07:27   5,7   0,0   0,3   4,8  19,4   01:22   WSW
19  11,0  16,4   17:49   8,0   02:42   7,3   0,0  28,2   6,0  40,3   17:53     N
20  12,9  19,2   15:37   6,5   07:38   5,5   0,1   0,0   6,6  29,5   14:41   WSW
21  13,6  20,6   16:18   7,3   05:52   5,0   0,3   0,0   6,1  29,5   10:02   ENE
22  13,1  17,5   16:42  10,7   06:53   5,2   0,0   8,4   6,4  37,8   17:15   SSW
23  10,9  12,9   13:23   8,1   23:31   7,4   0,0  19,5   5,7  41,8   13:59    SE
24  11,6  18,3   15:44   6,9   01:52   6,7   0,0   2,1   6,1  39,2   17:23   WSW
25  12,8  16,6   13:04   8,9   02:30   5,5   0,0   0,0   9,1  42,8   16:16    SW
26  15,3  18,2   14:15  13,5   01:23   3,0   0,0   8,1  12,7  43,9   17:48    SW
27  15,8  19,2   16:44  13,3   07:16   2,6   0,1  14,4  11,6  45,4   13:42    SW
28  16,1  20,2   16:27  12,4   07:49   2,4   0,2   0,0   7,5  39,2   15:08   WSW
29  15,2  16,5   13:25  13,4   01:47   3,1   0,0   1,8  12,5  43,9   14:06    SW
30  17,2  22,7   16:10  12,8   07:24   1,9   0,8   0,3   9,5  39,2   18:08   WSW
31  15,8  18,3   15:14  13,9   04:15   2,4   0,0  17,4  12,5  47,9   18:21    SW
----------------------------------------------------------------------------------
    13,2  22,7    30     2,2     1   159,2   1,7 255,0   8,6  64,8     7      SW

Max >=  30,0:  0
Max <=  15,0:  4
Min <=  22,0: 31
Min <=   0,0:  0
Max Rain: 29,7 on day 5
Days of Rain: 17 (>= 2,0 mm)  9 (>= 10,0 mm)  0 (>= 40,0 mm)
Heat Base: 18,3  Cool Base: 18,3  Method: Integration