No es requerida especial atención con respecto al clima.   -   No hay avisos meteorológicos

Informes Estilo NOAA

Seleccione un año o mes para ver el informe
2018: Ene Feb Mar Abr May Jun Jul Ago Sep Oct Nov Dic
2017: Ene Feb Mar Abr May Jun Jul Ago Sep Oct Nov Dic
2016: Ene Feb Mar Abr May Jun Jul Ago Sep Oct Nov Dic
2015: Ene Feb Mar Abr May Jun Jul Ago Sep Oct Nov Dic
2014: Ene Feb Mar Abr May Jun Jul Ago Sep Oct Nov Dic
2013: Ene Feb Mar Abr May Jun Jul Ago Sep Oct Nov Dic
2012: Ene Feb Mar Abr May Jun Jul Ago Sep Oct Nov Dic
2011: Ene Feb Mar Abr May Jun Jul Ago Sep Oct Nov Dic

Informe 2013 Abril
                   Monthly Climatological Summary for abr 2013

Name: MeteoGerena   City: Gerena (Sevilla)   State: España
Elevation: 120 m  Lat: N 37° 31' 28"   Lon: W 006° 09' 29"

                  Temperature (°C), Rain (mm), Wind Speed (km/h)

                                      Heat  Cool        Avg
    Mean                              Deg   Deg         Wind                 Dom
Day Temp  High   Time   Low    Time   Days  Days  Rain  Speed High   Time    Dir
----------------------------------------------------------------------------------
 1  14,7  18,3   17:45  11,0   08:50   3,6   0,0  12,6   9,7  49,0   00:15   WSW
 2  14,4  20,3   17:10   9,5   08:31   4,1   0,2   0,0   6,1  31,7   17:37    SW
 3  12,7  17,5   16:38   9,4   07:50   5,6   0,0   6,3   6,6  41,8   16:42   SSW
 4  13,1  17,5   16:37  10,7   08:43   5,2   0,0   6,3   6,4  45,4   17:30   SSE
 5  14,2  19,3   15:05  11,3   07:38   4,2   0,1   5,1   6,9  42,8   15:33   NNW
 6  11,8  18,1   18:31   5,3   08:13   6,5   0,0   0,0   6,3  25,6   15:06    NW
 7  13,2  19,1   18:01   6,6   08:29   5,1   0,0   0,0   3,9  19,4   17:25   SSW
 8  14,6  21,7   17:00   8,7   08:20   4,3   0,6   0,0   5,0  28,1   16:28   WSW
 9  13,8  18,4   14:33   9,5   06:49   4,6   0,0   0,3   5,3  24,5   15:38    SW
10  14,5  18,2   17:38  10,9   04:38   3,8   0,0   0,0   3,1  15,8   14:36    SW
11  16,2  21,3   15:41  13,3   04:36   2,5   0,4   0,0   7,3  33,1   17:05    SW
12  16,4  22,2   18:09  10,1   08:02   2,9   0,9   0,0   3,8  18,4   11:21   NNW
13  18,6  26,4   18:06  10,4   07:35   2,3   2,5   0,0   5,8  25,6   13:40    NE
14  21,2  28,8   17:36  14,7   05:52   0,9   3,8   0,0   8,4  24,5   19:52     N
16  22,5  30,5   18:09  15,8   06:17   0,6   4,8   0,0   3,9  17,3   14:07    NE
17  23,8  32,3   18:12  16,5   07:48   0,2   5,7   0,0   4,8  23,4   11:34     N
18  23,5  31,8   17:57  15,8   08:46   0,3   5,5   0,0   4,7  25,6   18:35   WSW
19  22,7  29,8   16:56  15,9   08:02   0,4   4,7   0,0   5,9  24,5   22:34     N
20  21,1  26,7   18:16  15,7   04:54   0,4   3,2   0,0   9,8  34,2   13:55    NE
21  19,8  26,8   17:22  14,5   07:50   0,9   2,4   0,0   6,7  30,6   20:13    SW
22  19,6  27,0   16:48  13,3   08:09   1,4   2,6   0,0   5,4  31,7   18:03   SSW
23  18,9  24,9   18:19  13,4   06:59   1,4   2,0   0,0   7,2  31,7   16:21   ENE
24  18,9  25,6   17:39  12,8   05:45   1,6   2,2   0,0  10,4  37,8   14:04   ENE
25  19,6  26,7   17:31  11,7   04:25   1,8   3,0   0,0   8,2  40,3   15:39   NNE
26  20,5  26,0   17:39  15,0   07:44   0,6   2,8   0,0   6,9  28,1   20:46    SW
27  17,9  22,5   16:47  13,4   08:32   1,5   1,1   0,0   9,7  36,7   16:23   WSW
28  12,5  16,9   17:15   8,7   07:47   5,8   0,0   0,0  13,4  62,3   18:51     N
29  10,1  14,3   18:10   5,9   04:45   8,2   0,0   0,9   5,2  30,6   16:08     W
30  12,5  16,4   14:25   7,5   07:37   5,8   0,0   0,6   4,6  22,0   14:12     S
----------------------------------------------------------------------------------
    17,0  32,3    17     5,3     6    86,5  48,5  32,1   6,7  62,3    28     WNW

Max >=  30,0:  3
Max <=  15,0:  1
Min <=  22,0: 29
Min <=   0,0:  0
Max Rain: 12,6 on day 1
Days of Rain: 4 (>= 2,0 mm)  1 (>= 10,0 mm)  0 (>= 40,0 mm)
Heat Base: 18,3  Cool Base: 18,3  Method: Integration