No es requerida especial atención con respecto al clima.   -   No hay avisos meteorológicos

Informes Estilo NOAA


Informe 2013 Junio
                   Monthly Climatological Summary for jun 2013

Name: MeteoGerena   City: Gerena (Sevilla)   State: España
Elevation: 120 m  Lat: N 37° 31' 28"   Lon: W 006° 09' 29"

                  Temperature (°C), Rain (mm), Wind Speed (km/h)

                                      Heat  Cool        Avg
    Mean                              Deg   Deg         Wind                 Dom
Day Temp  High   Time   Low    Time   Days  Days  Rain  Speed High   Time    Dir
----------------------------------------------------------------------------------
 1  23,2  30,2   18:51  17,1   03:09   0,1   5,0   0,0   8,5  35,6   09:22    NE
 2  24,9  32,8   18:32  16,6   07:13   0,1   6,7   0,0   6,8  34,2   20:29     E
 3  24,4  32,8   17:57  15,7   07:20   0,3   6,4   0,0   6,1  30,6   20:22     S
 4  24,7  33,0   18:28  16,1   07:14   0,1   6,5   0,0   6,9  35,6   20:01    SW
 5  21,7  26,9   15:17  17,6   07:35   0,0   3,5   0,0   9,8  37,8   16:21   SSW
 6  19,0  22,8   19:12  16,8   23:53   0,5   1,2   0,0  10,9  40,3   15:49   SSW
 7  18,4  24,7   15:51  13,7   07:45   1,4   1,5   0,0   9,2  42,8   18:28   WSW
 8  17,2  22,5   16:11  11,1   07:01   2,1   0,9   0,0   7,7  40,3   16:56     W
 9  18,2  24,1   17:46  11,7   06:52   1,8   1,8   0,0   6,4  29,5   09:20   WNW
10  20,7  28,0   17:17  14,7   07:16   0,8   3,2   0,0   7,0  37,8   19:41    SW
11  23,2  32,1   18:46  15,2   07:06   0,4   5,3   0,0   6,1  36,7   17:01   SSW
12  26,8  35,3   18:51  18,7   06:25   0,0   8,5   0,0   5,6  29,5   20:38   SSW
13  28,9  37,0   17:45  20,7   07:00   0,0  10,6   0,0   5,5  28,1   20:30   SSW
14  29,1  37,2   18:03  20,5   07:20   0,0  10,8   0,0   6,3  34,2   17:37     S
15  28,6  37,1   17:40  21,5   08:40   0,0  10,3   0,0   6,3  29,5   20:39    SW
16  27,4  35,5   17:24  19,7   07:12   0,0   9,1   0,0   7,4  36,7   19:12    SW
17  22,9  28,0   17:49  17,7   07:12   0,0   4,6   0,0   8,1  33,1   14:33     W
18  19,0  22,9   19:05  15,2   08:11   0,8   1,5   0,0  12,7  43,9   14:51   WSW
19  20,6  26,7   18:38  14,3   07:02   0,8   3,1   0,0   6,7  33,1   09:41    SW
20  23,3  31,1   17:25  15,4   07:12   0,4   5,3   0,0   6,5  34,2   20:12   SSW
21  25,2  33,0   18:50  17,7   07:32   0,0   7,0   0,0   4,8  28,1   18:13     S
22  27,4  35,4   18:53  20,6   07:22   0,0   9,1   0,0   6,2  30,6   21:13   ESE
23  28,9  37,0   19:11  20,4   05:09   0,0  10,6   0,0   4,4  20,9   17:17    SE
24  30,0  36,4   18:26  22,4   06:05   0,0  11,8   0,0  10,8  41,8   15:19   ENE
25  29,0  36,3   17:47  22,8   06:15   0,0  10,7   0,0  11,0  35,6   12:55   ENE
26  28,1  36,3   18:08  20,9   04:45   0,0   9,8   0,0  10,0  31,7   16:24   ENE
27  27,3  34,6   18:53  20,5   06:25   0,0   9,0   0,0   8,6  34,2   17:08   ENE
28  27,0  35,2   18:42  20,2   07:15   0,0   8,7   0,0   8,1  35,6   02:00    SW
29  27,8  35,4   17:55  20,1   06:35   0,0   9,5   0,0   9,8  39,2   14:42   ENE
30  29,6  37,4   18:12  22,3   04:08   0,0  11,3   0,0   9,9  40,3   10:52   ENE
----------------------------------------------------------------------------------
    24,7  37,4    30    11,1     8     9,6 203,3   0,0   7,8  43,9    18       S

Max >=  30,0: 21
Max <=  15,0:  0
Min <=  22,0: 27
Min <=   0,0:  0
Max Rain: 0,0 on day 0
Days of Rain: 0 (>= 2,0 mm)  0 (>= 10,0 mm)  0 (>= 40,0 mm)
Heat Base: 18,3  Cool Base: 18,3  Method: Integration