No es requerida especial atención con respecto al clima.   -   No hay avisos meteorológicos

Informes Estilo NOAA


Informe 2013 Noviembre
                   Monthly Climatological Summary for nov 2013

Name: MeteoGerena   City: Gerena (Sevilla)   State: España
Elevation: 120 m  Lat: N 37° 31' 28"   Lon: W 006° 09' 29"

                  Temperature (°C), Rain (mm), Wind Speed (km/h)

                                      Heat  Cool        Avg
    Mean                              Deg   Deg         Wind                 Dom
Day Temp  High   Time   Low    Time   Days  Days  Rain  Speed High   Time    Dir
----------------------------------------------------------------------------------
 1  16,1  22,0   15:26   9,6   07:45   3,0   0,7   0,0   4,2  22,0   00:19   NNE
 2  17,6  25,7   16:46  10,3   07:01   2,5   1,8   0,0   3,4  19,4   00:16    NE
 3  18,5  23,9   16:27  13,5   06:41   1,3   1,4   0,0   4,4  27,0   01:16     N
 4  16,1  20,4   15:28  10,4   08:37   2,6   0,4   0,0   6,0  27,0   13:50     W
 5  19,5  24,4   14:54  16,3   06:32   0,6   1,8   0,0   7,9  29,5   14:11     W
 6  18,8  24,8   16:10  14,1   06:43   1,2   1,7   0,0   4,4  22,0   23:43     W
 7  17,8  22,0   17:38  13,8   05:27   1,7   1,2   0,0   2,1  18,4   00:37     N
 8  17,7  22,5   11:04  13,6   07:48   1,8   1,2   0,0   1,2  20,9   21:54   WNW
 9  15,7  20,5   14:08  10,4   08:12   2,9   0,3   0,0   8,5  35,6   15:33     N
10  16,2  22,0   15:12  11,0   06:22   2,8   0,7   0,0   4,9  28,1   00:18   NNE
11  18,9  25,7   15:30  11,5   08:07   1,7   2,2   0,0   6,8  33,1   11:22   NNE
12  20,1  25,7   15:45  14,2   08:07   0,7   2,5   0,0   4,7  20,9   12:20    NE
13  18,2  24,7   16:14  12,5   08:33   1,6   1,5   0,0   5,2  23,4   11:30    NE
14  17,9  22,8   14:57  13,1   07:02   1,5   1,1   0,0   9,3  24,4   16:17   NNE
15  15,7  19,8   15:16  11,5   09:22   2,7   0,1   0,0  12,0  41,8   15:31   NNE
16  11,3  15,4   16:10   7,9   08:17   7,0   0,0   0,0   8,5  25,6   10:53   NNE
17  11,0  16,7   15:09   4,5   08:17   7,3   0,0   0,0   5,0  22,0   11:47   WNW
18  12,9  17,8   15:48   8,3   08:29   5,3   0,0   0,0   6,4  30,6   14:38    NW
19  11,8  17,8   14:58   6,1   07:15   6,5   0,0   0,0   4,1  22,0   15:25    NW
20  11,2  16,2   16:25   6,8   08:19   7,1   0,0   0,0   3,8  29,5   11:53   ENE
21   9,2  14,5   16:23   4,1   06:49   9,1   0,0   0,0   4,7  28,1   14:04    SW
22  10,4  11,2   16:54   9,4   09:13   7,9   0,0   0,3   4,9  20,9   15:18    NE
23  10,0  13,5   14:12   6,0   09:38   8,3   0,0   0,0   7,4  33,1   13:40    NE
24  10,9  15,7   16:23   4,0   07:02   7,4   0,0   0,0  11,2  33,1   11:04   NNE
25  11,5  17,1   16:14   4,8   08:28   6,8   0,0   0,0  10,3  31,7   03:58   NNE
26  10,4  16,1   15:55   4,0   08:12   7,9   0,0   0,0   6,9  27,0   13:32   NNE
27  11,0  17,0   15:45   4,4   08:26   7,3   0,0   0,0   6,9  34,2   11:04    NE
28  11,4  15,8   14:35   6,1   09:13   6,9   0,0   0,0   8,8  37,8   11:47    NE
29  12,3  17,0   16:10   9,4   07:41   6,0   0,0   0,0  12,6  35,6   11:28    NE
30  10,5  16,7   16:42   3,9   08:32   7,9   0,0   0,0   5,7  28,1   02:52    NE
----------------------------------------------------------------------------------
    14,4  25,7     2     3,9    30   137,3  18,6   0,3   6,4  41,8    15     NNE

Max >=  30,0:  0
Max <=  15,0:  3
Min <=  22,0: 30
Min <=   0,0:  0
Max Rain: 0,3 on day 22
Days of Rain: 0 (>= 2,0 mm)  0 (>= 10,0 mm)  0 (>= 40,0 mm)
Heat Base: 18,3  Cool Base: 18,3  Method: Integration