No es requerida especial atención con respecto al clima.   -   No hay avisos meteorológicos

Informes Estilo NOAA

Seleccione un año o mes para ver el informe
2018: Ene Feb Mar Abr May Jun Jul Ago Sep Oct Nov Dic
2017: Ene Feb Mar Abr May Jun Jul Ago Sep Oct Nov Dic
2016: Ene Feb Mar Abr May Jun Jul Ago Sep Oct Nov Dic
2015: Ene Feb Mar Abr May Jun Jul Ago Sep Oct Nov Dic
2014: Ene Feb Mar Abr May Jun Jul Ago Sep Oct Nov Dic
2013: Ene Feb Mar Abr May Jun Jul Ago Sep Oct Nov Dic
2012: Ene Feb Mar Abr May Jun Jul Ago Sep Oct Nov Dic
2011: Ene Feb Mar Abr May Jun Jul Ago Sep Oct Nov Dic

Informe 2013 Diciembre
                   Monthly Climatological Summary for dic 2013

Name: MeteoGerena   City: Gerena (Sevilla)   State: España
Elevation: 120 m  Lat: N 37° 31' 28"   Lon: W 006° 09' 29"

                  Temperature (°C), Rain (mm), Wind Speed (km/h)

                                      Heat  Cool        Avg
    Mean                              Deg   Deg         Wind                 Dom
Day Temp  High   Time   Low    Time   Days  Days  Rain  Speed High   Time    Dir
----------------------------------------------------------------------------------
 1  11,2  16,0   15:56   7,1   06:11   7,1   0,0   0,0  12,5  42,8   10:41   NNE
 2  11,0  16,6   15:46   5,2   09:20   7,4   0,0   0,0   8,1  28,1   00:51    NE
 3  11,8  17,6   15:53   4,6   08:01   6,5   0,0   0,0   8,7  31,7   12:05    NE
 4  13,4  19,5   16:05   6,2   05:32   5,0   0,1   0,0   9,2  33,1   11:49    NE
 5  13,8  19,2   15:13   7,2   07:14   4,6   0,1   0,0   8,4  30,6   11:21    NE
 6  12,2  19,9   15:40   5,2   08:41   6,2   0,2   0,0   5,4  33,1   13:56    NE
 7  11,6  18,0   16:14   5,0   08:11   6,7   0,0   0,0   4,8  20,9   03:40   NNE
 8   9,5  17,1   16:29   3,5   07:41   8,8   0,0   0,3   2,6  19,4   04:44    NE
 9  10,3  16,9   16:16   2,9   06:37   8,0   0,0   0,0   7,5  29,5   13:04    NE
10  12,4  19,4   16:12   6,2   05:19   5,9   0,0   0,0   9,0  40,3   11:27   ENE
11  13,3  17,4   16:05   8,0   08:50   5,0   0,0   0,0   9,1  30,6   03:16    NE
12  13,6  17,7   14:29   7,3   17:40   4,7   0,0   0,0   4,6  23,4   11:21   NNE
13  13,8  18,1   14:34  11,5   23:46   4,5   0,0   0,9   2,5  14,8   00:41   NNE
14  13,8  19,7   15:52   9,3   02:11   4,6   0,1   0,9   6,4  22,0   07:38    NE
15  13,4  18,7   15:29   7,7   08:10   4,9   0,0   0,0   9,3  35,6   11:12    NE
16  12,6  18,1   15:20   6,6   08:50   5,7   0,0   0,0   5,6  28,1   13:12    NE
17  12,2  14,1   16:47  10,5   01:41   6,1   0,0   0,0   3,8  19,4   13:38    NE
18  13,4  17,6   15:20  11,5   00:00   4,9   0,0   0,3   2,9  20,9   15:40   WSW
19  12,3  15,3   14:46  10,0   23:35   6,0   0,0   8,7   7,1  54,0   16:35     W
20  10,3  14,8   15:18   6,2   08:52   8,0   0,0   0,3  12,3  40,3   04:14     N
21  10,1  16,2   16:36   4,1   08:21   8,2   0,0   0,0   6,3  28,1   00:12   NNE
22  10,1  17,5   16:37   4,3   09:05   8,2   0,0   0,0   3,2  20,9   23:50    NE
23   9,7  17,2   16:30   3,9   07:03   8,6   0,0   0,0   2,8  15,8   11:56     E
24  11,3  16,0   21:06   5,9   03:17   7,0   0,0   3,6  11,6  60,1   21:28   SSW
25  12,9  15,8   01:59   8,1   23:44   5,4   0,0  31,5  14,6  61,2   01:38   WSW
26  11,3  16,8   15:12   6,6   08:58   7,0   0,0   0,3   4,0  27,0   14:12     W
27  12,7  16,1   17:11   9,7   06:16   5,6   0,0   4,5   3,7  25,6   23:34   SSW
28  12,7  15,2   15:35   7,3   23:03   5,6   0,0   2,7   9,0  37,8   05:27   WNW
29   9,0  15,1   15:55   4,5   06:51   9,3   0,0   0,0   3,9  19,4   15:09     N
30   7,7  13,1   16:07   2,5   09:02  10,6   0,0   0,0   4,1  19,4   07:06   NNE
31   8,7  13,5   16:51   3,6   06:51   9,6   0,0   0,0   2,7  14,8   04:12   SSE
----------------------------------------------------------------------------------
    11,7  19,9     6     2,5    30   205,7   0,5  54,0   6,6  61,2    25     NNE

Max >=  30,0:  0
Max <=  15,0:  4
Min <=  22,0: 31
Min <=   0,0:  0
Max Rain: 31,5 on day 25
Days of Rain: 5 (>= 2,0 mm)  1 (>= 10,0 mm)  0 (>= 40,0 mm)
Heat Base: 18,3  Cool Base: 18,3  Method: Integration