No es requerida especial atención con respecto al clima.   -   No hay avisos meteorológicos

Informes Estilo NOAA

Seleccione un año o mes para ver el informe
2018: Ene Feb Mar Abr May Jun Jul Ago Sep Oct Nov Dic
2017: Ene Feb Mar Abr May Jun Jul Ago Sep Oct Nov Dic
2016: Ene Feb Mar Abr May Jun Jul Ago Sep Oct Nov Dic
2015: Ene Feb Mar Abr May Jun Jul Ago Sep Oct Nov Dic
2014: Ene Feb Mar Abr May Jun Jul Ago Sep Oct Nov Dic
2013: Ene Feb Mar Abr May Jun Jul Ago Sep Oct Nov Dic
2012: Ene Feb Mar Abr May Jun Jul Ago Sep Oct Nov Dic
2011: Ene Feb Mar Abr May Jun Jul Ago Sep Oct Nov Dic

Informe 2014 Febrero
                   Monthly Climatological Summary for feb 2014

Name: MeteoGerena   City: Gerena (Sevilla)   State: España
Elevation: 120 m  Lat: N 37° 31' 28"   Lon: W 006° 09' 29"

                  Temperature (°C), Rain (mm), Wind Speed (km/h)

                                      Heat  Cool        Avg
    Mean                              Deg   Deg         Wind                 Dom
Day Temp  High   Time   Low    Time   Days  Days  Rain  Speed High   Time    Dir
----------------------------------------------------------------------------------
 1  12,7  16,5   14:14   8,4   23:19   5,6   0,0   0,3   8,2  34,2   03:45     W
 2   9,1  14,8   15:14   3,7   07:45   9,3   0,0   0,0   4,1  15,8   13:20    NW
 3   8,9  15,6   14:19   3,7   02:56   9,5   0,0   6,9   4,3  33,1   14:11   WNW
 4   8,6  12,7   18:54   4,0   08:03   9,8   0,0  12,0   5,3  33,1   19:09   SSW
 5  14,5  17,4   15:18  12,5   00:00   3,8   0,0  19,5  12,6  45,4   01:19    SW
 6  13,8  17,5   14:41   9,0   23:52   4,5   0,0  14,7  12,3  60,1   16:21   SSW
 7  10,8  15,9   14:59   5,5   07:57   7,5   0,0   0,6   6,7  50,0   18:34    SW
 8  12,7  14,7   11:41  10,8   03:28   5,6   0,0   6,6  10,1  49,0   13:34    SW
 9  11,4  15,8   16:29   7,4   07:34   6,9   0,0  23,1  12,6  69,8   20:27    SW
10  10,7  13,9   15:59   8,2   08:38   7,6   0,0   0,0  14,4  52,6   13:49   WNW
11   9,0  13,7   21:17   5,1   04:39   9,3   0,0   6,6   7,4  37,8   16:25    SW
12  12,2  14,7   20:35   9,1   05:23   6,1   0,0   1,8   3,4  27,0   22:15   WSW
13  15,4  16,9   13:48  14,4   05:18   2,9   0,0   0,6  12,1  36,7   13:32    SW
14  15,3  18,3   15:49  13,7   06:56   3,0   0,0   1,2  11,0  40,3   16:57   SSW
15  12,9  14,4   11:15  11,0   23:58   5,4   0,0   5,4   7,2  29,5   02:40    NW
16  11,4  16,5   16:46   6,6   08:30   6,9   0,0   0,0   3,7  18,4   14:38   NNE
17  10,8  15,2   15:40   6,7   07:36   7,4   0,0   0,0   3,9  19,4   11:17   NNE
18  12,1  17,1   15:11   8,2   07:42   6,3   0,0   0,0   5,3  31,7   17:19    NW
19  11,4  18,3   17:40   5,8   08:27   6,9   0,0   0,0   3,7  17,3   13:49   SSE
20  10,2  14,2   16:35   4,9   08:04   8,1   0,0   0,0   3,2  17,3   16:39   SSW
21  12,2  15,9   15:49   7,7   08:25   6,1   0,0   0,6   6,6  25,6   03:46    NW
22  11,0  17,5   16:18   4,7   07:57   7,3   0,0   0,0   5,1  27,0   12:31   NNE
23  12,9  19,8   17:21   6,3   04:14   5,5   0,1   0,0   9,7  47,9   19:53    SE
24  11,9  17,0   16:26   7,7   08:39   6,4   0,0   4,5   7,7  41,8   17:46    SW
25  11,5  15,8   16:25   6,8   02:54   6,8   0,0   0,0   4,2  23,4   14:27    SW
26  12,4  17,6   15:26   7,8   07:29   5,9   0,0   0,0   7,2  25,6   14:21    NW
27  12,6  17,4   15:08   8,0   08:15   5,7   0,0   0,0   4,2  19,4   16:02    NW
28  13,8  20,6   15:34   8,3   06:50   4,7   0,2   0,0   7,8  36,7   15:25     W
----------------------------------------------------------------------------------
    11,9  20,6    28     3,7     2   180,8   0,3 104,4   7,3  69,8     9     WSW

Max >=  30,0:  0
Max <=  15,0:  8
Min <=  22,0: 28
Min <=   0,0:  0
Max Rain: 23,1 on day 9
Days of Rain: 9 (>= 2,0 mm)  4 (>= 10,0 mm)  0 (>= 40,0 mm)
Heat Base: 18,3  Cool Base: 18,3  Method: Integration