No es requerida especial atención con respecto al clima.   -   No hay avisos meteorológicos

Informes Estilo NOAA

Seleccione un año o mes para ver el informe
2018: Ene Feb Mar Abr May Jun Jul Ago Sep Oct Nov Dic
2017: Ene Feb Mar Abr May Jun Jul Ago Sep Oct Nov Dic
2016: Ene Feb Mar Abr May Jun Jul Ago Sep Oct Nov Dic
2015: Ene Feb Mar Abr May Jun Jul Ago Sep Oct Nov Dic
2014: Ene Feb Mar Abr May Jun Jul Ago Sep Oct Nov Dic
2013: Ene Feb Mar Abr May Jun Jul Ago Sep Oct Nov Dic
2012: Ene Feb Mar Abr May Jun Jul Ago Sep Oct Nov Dic
2011: Ene Feb Mar Abr May Jun Jul Ago Sep Oct Nov Dic

Informe 2014 Abril
                   Monthly Climatological Summary for abr 2014

Name: MeteoGerena   City: Gerena (Sevilla)   State: España
Elevation: 120 m  Lat: N 37° 31' 28"   Lon: W 006° 09' 29"

                  Temperature (°C), Rain (mm), Wind Speed (km/h)

                                      Heat  Cool        Avg
    Mean                              Deg   Deg         Wind                 Dom
Day Temp  High   Time   Low    Time   Days  Days  Rain  Speed High   Time    Dir
----------------------------------------------------------------------------------
 1  16,3  20,8   15:25  13,6   02:22   2,4   0,4   0,6  16,4  49,0   15:41   SSE
 2  13,5  17,4   17:06  11,4   23:55   4,8   0,0  15,0   8,5  36,7   15:58   SSW
 3  12,2  18,0   18:51   7,2   07:28   6,1   0,0   3,0   7,1  37,8   17:40     W
 4  13,1  19,4   16:16   7,1   07:07   5,3   0,0   0,0  11,0  34,2   17:41    SW
 5  17,4  24,4   18:49  13,1   04:28   2,2   1,3   0,0   4,3  18,4   10:28   SSW
 6  20,1  27,7   18:30  13,6   08:22   1,3   3,1   0,0   4,8  28,1   13:23    NE
 7  21,4  29,8   17:50  13,5   07:13   1,1   4,2   0,0   5,3  24,5   11:08   ENE
 8  22,7  31,1   17:34  14,1   08:23   0,7   5,0   0,0   5,6  25,6   11:31   ENE
 9  22,0  27,7   14:37  15,6   08:41   0,3   4,0   0,0   6,8  33,1   20:50    NE
10  22,4  29,8   17:28  15,2   08:18   0,5   4,5   0,0   6,5  24,5   17:45    SE
11  22,1  28,2   17:45  16,4   08:00   0,2   4,0   0,0  11,0  40,3   12:55    SW
12  17,2  23,2   17:55  13,1   03:59   2,0   0,9   0,0   6,3  27,0   16:26   SSW
13  19,1  26,8   18:34  11,9   06:20   2,2   3,0   0,0   7,8  29,5   17:34    NE
14  20,9  27,4   18:16  15,0   07:59   0,2   2,8   0,0  11,2  42,8   14:38    NE
15  19,2  24,8   17:08  13,3   05:48   1,2   1,9   0,0   8,0  27,0   15:06    SW
16  19,3  27,2   18:40  12,0   07:56   1,9   2,7   0,0   4,3  22,0   16:56    SW
17  22,1  31,7   18:17  15,3   06:45   0,8   4,5   0,0   7,4  39,2   19:44   SSW
18  18,8  24,8   18:25  14,8   06:38   1,0   1,5   0,0   8,7  25,5   15:04    SW
19  18,0  22,2   17:58  14,9   08:34   1,1   0,8   0,0   9,9  46,4   20:18    SW
20  14,7  17,2   16:10  12,3   07:23   3,6   0,0  20,7   6,8  39,2   19:36   SSW
21  14,6  19,2   15:13  10,7   08:30   3,7   0,0   1,5   5,3  37,8   15:15   SSW
22  16,1  22,5   17:51  10,2   07:57   3,0   0,8   0,0   6,1  33,1   19:13    SW
23  16,4  22,9   16:21  12,1   05:57   2,8   0,9   0,0   4,7  24,5   17:17    SW
24  16,6  22,2   15:22  12,6   06:55   2,5   0,8   0,0   7,1  66,2   15:31   WNW
25  15,7  23,7   18:30   8,3   08:13   3,6   1,0   0,0   5,8  31,7   16:30    NW
26  18,2  25,6   17:21  11,8   06:50   1,9   1,8   0,0   6,8  36,7   20:13   NNW
27  19,7  27,1   18:02  12,4   07:05   1,4   2,8   0,0   5,8  28,1   16:48   NNW
28  22,1  30,0   17:02  14,6   07:12   0,7   4,5   0,0   6,9  24,5   14:37     N
29  23,2  31,1   18:01  15,1   06:17   0,5   5,4   0,0   6,4  29,5   02:42     N
30  24,4  31,5   16:53  16,9   07:42   0,1   6,2   0,0   7,7  33,1   18:13     N
----------------------------------------------------------------------------------
    18,7  31,7    17     7,1     4    59,1  68,8  40,8   7,2  66,2    24      SW

Max >=  30,0:  5
Max <=  15,0:  0
Min <=  22,0: 30
Min <=   0,0:  0
Max Rain: 20,7 on day 20
Days of Rain: 3 (>= 2,0 mm)  2 (>= 10,0 mm)  0 (>= 40,0 mm)
Heat Base: 18,3  Cool Base: 18,3  Method: Integration