No es requerida especial atención con respecto al clima.   -   No hay avisos meteorológicos

Informes Estilo NOAA


Informe 2014 Noviembre
                   Monthly Climatological Summary for nov 2014

Name: MeteoGerena   City: Gerena (Sevilla)   State: España
Elevation: 120 m  Lat: N 37° 31' 28"   Lon: W 006° 09' 29"

                  Temperature (°C), Rain (mm), Wind Speed (km/h)

                                      Heat  Cool        Avg
    Mean                              Deg   Deg         Wind                 Dom
Day Temp  High   Time   Low    Time   Days  Days  Rain  Speed High   Time    Dir
----------------------------------------------------------------------------------
 1  19,9  24,8   16:29  15,8   02:37   0,5   2,2   0,0   6,9  30,6   11:11   NNE
 2  18,7  23,4   15:37  13,4   07:15   1,1   1,4   0,0   4,5  20,9   15:06     W
 3  17,9  21,7   13:52  14,1   06:55   1,2   0,8   0,2   7,1  32,2   16:09    SW
 4  15,5  19,0   03:50  10,9   23:14   2,8   0,1   4,0  10,7  48,3   04:16     W
 5  13,0  18,6   15:47   7,3   08:01   5,3   0,0   0,0   4,6  27,4   16:23    NW
 6  14,3  20,8   16:24   7,2   06:25   4,3   0,3   0,0   3,0  24,1   16:09     W
 7  16,7  19,1   14:43  14,7   07:05   1,6   0,0   3,8   3,3  33,8   13:54   WSW
 8  15,8  18,9   15:48  12,7   08:05   2,6   0,0   3,8   4,2  29,0   14:09   WSW
 9  13,5  17,4   15:20   9,4   08:55   4,8   0,0   0,2   4,9  29,0   13:45   WNW
10  12,3  17,8   15:15   7,8   08:18   5,9   0,0   2,4   2,6  19,3   17:23   SSW
11  16,6  19,8   13:51  12,4   00:00   1,9   0,2  25,4   8,3  33,8   11:18    SW
12  16,9  21,3   15:08  13,8   03:20   1,9   0,5   0,0   2,8  25,7   15:38   WSW
13  18,2  21,6   15:03  16,3   02:15   0,7   0,6   7,4   6,3  38,6   12:28   SSW
14  16,8  19,9   13:46  13,1   21:44   1,7   0,2  14,8   8,6  43,5   02:43    SW
15  14,3  18,8   15:45   9,9   08:30   4,0   0,0   0,2   3,9  29,0   15:43   WSW
16  14,4  19,1   13:52  10,4   08:20   3,9   0,0   0,0   3,2  14,5   22:25    NW
17  13,4  18,6   14:38   9,1   08:11   4,9   0,0   0,0   2,5  22,5   12:21   NNW
18  13,1  17,9   15:27   8,3   06:45   5,2   0,0   0,0   1,7  16,1   11:37     E
19  16,0  21,1   16:20  11,8   08:12   2,7   0,4   0,0   5,6  29,0   10:28   ENE
20  17,9  21,4   14:18  13,9   01:45   1,1   0,7   0,0  12,1  40,2   10:45    NE
21  18,8  23,6   14:09  14,3   04:30   1,1   1,5   0,0   7,0  32,2   11:00    NE
22  19,3  22,7   13:45  13,5   07:28   0,8   1,8   0,0   9,6  35,4   11:39    NE
23  17,8  22,3   14:51  15,1   09:10   1,1   0,7   7,4   3,0  29,0   22:38    NE
24  17,2  21,2   15:21  14,4   23:48   1,6   0,5   3,2   5,2  32,2   03:10   ENE
25  15,6  19,2   15:01  13,5   08:27   2,7   0,0   0,0   3,3  25,7   15:43   WSW
26  14,8  17,6   14:56  13,1   06:45   3,4   0,0  10,4   3,9  29,0   23:31    SE
27  12,7  14,6   15:33  11,6   05:56   5,6   0,0  20,8   9,8  38,6   14:04   ESE
28  13,1  15,4   13:40  11,7   04:16   5,2   0,0  27,8   5,8  62,8   03:30   ESE
29  13,5  17,0   16:38  10,3   07:30   4,7   0,0   0,6   5,3  27,4   02:01   NNE
30  12,6  17,8   17:26   9,0   04:44   5,7   0,0   0,0   2,3  12,9   12:49     N
----------------------------------------------------------------------------------
    15,7  24,8     1     7,2     6    90,0  11,9 132,4   5,4  62,8    28      NW

Max >=  30,0:  0
Max <=  15,0:  1
Min <=  22,0: 30
Min <=   0,0:  0
Max Rain: 27,8 on day 28
Days of Rain: 12 (>= 2,0 mm)  5 (>= 10,0 mm)  0 (>= 40,0 mm)
Heat Base: 18,3  Cool Base: 18,3  Method: Integration