No es requerida especial atención con respecto al clima.   -   No hay avisos meteorológicos

Informes Estilo NOAA

Seleccione un año o mes para ver el informe
2018: Ene Feb Mar Abr May Jun Jul Ago Sep Oct Nov Dic
2017: Ene Feb Mar Abr May Jun Jul Ago Sep Oct Nov Dic
2016: Ene Feb Mar Abr May Jun Jul Ago Sep Oct Nov Dic
2015: Ene Feb Mar Abr May Jun Jul Ago Sep Oct Nov Dic
2014: Ene Feb Mar Abr May Jun Jul Ago Sep Oct Nov Dic
2013: Ene Feb Mar Abr May Jun Jul Ago Sep Oct Nov Dic
2012: Ene Feb Mar Abr May Jun Jul Ago Sep Oct Nov Dic
2011: Ene Feb Mar Abr May Jun Jul Ago Sep Oct Nov Dic

Informe 2015 Enero
                   Monthly Climatological Summary for ene 2015

Name: MeteoGerena   City: Gerena (Sevilla)   State: España
Elevation: 120 m  Lat: N 37° 31' 28"   Lon: W 006° 09' 29"

                  Temperature (°C), Rain (mm), Wind Speed (km/h)

                                      Heat  Cool        Avg
    Mean                              Deg   Deg         Wind                 Dom
Day Temp  High   Time   Low    Time   Days  Days  Rain  Speed High   Time    Dir
----------------------------------------------------------------------------------
 1   8,8  15,3   17:25   1,8   08:15   9,5   0,0   0,0   4,0  25,7   13:02    NE
 2   9,4  15,4   16:51   2,7   08:39   8,9   0,0   0,0   4,1  22,5   14:32   NNE
 3  10,1  18,4   16:19   3,1   08:24   8,2   0,0   0,0   2,2  14,5   13:57    NE
 4  10,5  18,4   17:49   3,8   07:37   7,8   0,0   0,0   1,1  12,9   16:16   ENE
 5   8,6  15,7   16:48   3,2   07:00   9,6   0,0   0,0   0,7  16,1   10:21     E
 6   7,3  11,4   16:57   4,2   08:25  10,9   0,0   0,2   2,1  19,3   11:03   NNE
 7   8,6  15,1   16:36   2,3   06:25   9,7   0,0   0,2   1,9  11,3   00:31   NNE
 8   9,7  16,3   16:16   3,3   08:40   8,5   0,0   0,0   4,9  29,0   12:38    NE
 9  11,6  17,8   16:40   3,8   08:10   6,7   0,0   0,0   7,4  37,0   12:55    NE
10  11,3  18,2   16:51   4,4   07:55   7,0   0,0   0,0   2,2  14,5   05:40   NNW
11  10,5  18,4   17:13   4,1   08:44   7,8   0,0   0,0   1,7  16,1   12:15    NE
12  11,9  19,1   16:07   5,7   09:10   6,3   0,0   0,0   2,7  17,7   21:05   NNE
13  12,6  18,7   16:58   6,3   08:50   5,7   0,0   0,0   3,0  17,7   06:10     N
14  11,7  17,4   17:16   6,2   07:35   6,5   0,0   0,0   2,6  14,5   12:18     N
15  11,9  16,5   16:04   6,7   08:45   6,4   0,0   7,4   5,4  35,4   16:25   SSW
16  10,5  13,6   13:46   6,1   23:24   7,8   0,0   4,4   5,5  27,4   00:19     W
17   8,0  12,9   16:26   3,2   08:13  10,2   0,0   0,2   2,0  14,5   15:07    SW
18   8,9  11,6   13:33   6,1   06:06   9,4   0,0  45,6   8,6  46,7   10:37   ESE
19  10,0  13,2   15:58   6,9   23:35   8,3   0,0   0,8   9,6  43,5   13:02   NNW
20   5,5   7,3   00:00   3,6   09:00  12,8   0,0   4,6   1,2  14,5   13:44    NE
21   8,3  13,5   14:33   3,3   08:00   9,9   0,0   0,8   5,1  32,2   14:36     W
22   9,5  14,8   15:30   5,5   09:06   8,7   0,0   0,0   6,7  32,2   17:02   WNW
23  10,5  14,9   15:25   6,6   07:25   7,7   0,0   0,0   7,4  29,0   13:18   NNW
24   8,7  13,7   15:39   3,9   06:55   9,6   0,0   0,0   3,6  16,1   00:06   NNE
25  11,0  16,9   17:55   5,5   07:09   7,3   0,0   0,0   4,3  22,5   09:00   NNE
26  10,9  18,1   17:02   4,6   08:10   7,4   0,0   0,0   1,9  11,3   09:12   NNE
27  11,1  18,2   16:41   4,5   08:15   7,1   0,0   0,0   2,1  19,3   22:31     N
28  10,9  16,9   16:51   4,8   07:25   7,3   0,0   0,0   2,7  19,3   01:10     W
29  11,0  16,7   16:19   4,7   07:50   7,3   0,0   0,0   4,6  25,7   16:12   WSW
30  14,7  17,6   15:27  11,5   05:54   3,6   0,0   0,0  11,6  43,5   17:15   WSW
31  13,0  15,9   14:16   7,9   23:58   5,3   0,0   0,8  15,6  49,9   15:18     W
----------------------------------------------------------------------------------
    10,2  19,1    12     1,8     1   249,2   0,0  65,0   4,5  49,9    31     NNW

Max >=  30,0:  0
Max <=  15,0: 10
Min <=  22,0: 31
Min <=   0,0:  0
Max Rain: 45,6 on day 18
Days of Rain: 4 (>= 2,0 mm)  1 (>= 10,0 mm)  1 (>= 40,0 mm)
Heat Base: 18,3  Cool Base: 18,3  Method: Integration