No es requerida especial atención con respecto al clima.   -   No hay avisos meteorológicos

Informes Estilo NOAA

Seleccione un año o mes para ver el informe
2018: Ene Feb Mar Abr May Jun Jul Ago Sep Oct Nov Dic
2017: Ene Feb Mar Abr May Jun Jul Ago Sep Oct Nov Dic
2016: Ene Feb Mar Abr May Jun Jul Ago Sep Oct Nov Dic
2015: Ene Feb Mar Abr May Jun Jul Ago Sep Oct Nov Dic
2014: Ene Feb Mar Abr May Jun Jul Ago Sep Oct Nov Dic
2013: Ene Feb Mar Abr May Jun Jul Ago Sep Oct Nov Dic
2012: Ene Feb Mar Abr May Jun Jul Ago Sep Oct Nov Dic
2011: Ene Feb Mar Abr May Jun Jul Ago Sep Oct Nov Dic

Informe 2015 Marzo
                   Monthly Climatological Summary for mar 2015

Name: MeteoGerena   City: Gerena (Sevilla)   State: España
Elevation: 120 m  Lat: N 37° 31' 28"   Lon: W 006° 09' 29"

                  Temperature (°C), Rain (mm), Wind Speed (km/h)

                                      Heat  Cool        Avg
    Mean                              Deg   Deg         Wind                 Dom
Day Temp  High   Time   Low    Time   Days  Days  Rain  Speed High   Time    Dir
----------------------------------------------------------------------------------
 1  15,2  21,0   16:41   9,7   07:40   3,5   0,4   0,0   2,4  17,7   15:02    SW
 2  16,8  24,9   18:22   9,7   07:35   3,0   1,5   0,0   1,9  14,5   13:35     N
 3  15,4  21,6   17:46   9,0   08:15   3,5   0,6   0,0   3,1  17,7   03:25   WSW
 4  15,7  22,4   15:40   9,3   08:41   3,5   0,9   0,0   5,6  32,2   13:01    NE
 5  13,8  17,9   00:00   9,6   08:10   4,5   0,0   0,0  19,3  57,9   10:05    NE
 6  14,4  21,2   16:22  10,3   07:23   4,3   0,4   0,0  17,7  46,7   11:33    NE
 7  15,8  22,4   17:10  11,2   07:45   3,3   0,8   0,0  11,8  40,2   02:35    NE
 8  15,8  26,1   16:50   6,2   07:42   4,1   1,6   0,0   2,0  16,1   00:08    NE
 9  15,9  24,9   16:36   8,3   07:50   3,7   1,3   0,0   3,9  17,7   17:27    SW
10  16,7  26,1   17:17   8,1   07:40   3,4   1,9   0,0   2,7  14,5   12:14   ENE
11  17,8  26,7   17:20   8,3   07:55   2,7   2,3   0,0   2,6  16,1   23:36    NE
12  16,1  23,5   16:23   9,4   06:37   3,1   1,0   0,0   4,3  27,4   17:24   SSW
13  13,4  20,4   17:18   7,2   07:45   5,1   0,2   0,0   3,2  16,1   12:06     E
14  14,3  21,5   17:27   6,7   07:55   4,5   0,5   0,0   4,7  20,9   22:07    NE
15  13,8  20,7   18:03   6,3   07:24   4,8   0,3   0,0   4,8  25,7   11:07   SSW
16  12,7  20,2   15:26   5,9   07:30   5,7   0,1   0,0   4,4  25,7   17:19   SSW
17  10,7  13,3   13:21   8,7   01:55   7,6   0,0  21,4   5,2  38,6   13:30     E
18  11,3  15,4   13:43   8,5   07:37   6,9   0,0   0,2   6,7  24,1   15:07    NE
19  13,8  19,1   15:07  10,3   08:27   4,5   0,0   3,8   7,5  27,4   19:33    NE
20  13,0  16,7   14:51  10,7   07:42   5,3   0,0   1,4   4,4  20,9   11:16     N
21  12,6  14,9   16:15  10,9   07:45   5,7   0,0   0,0   3,4  17,7   17:10   ESE
22  12,6  17,9   14:18   9,1   07:45   5,7   0,0   2,8   2,9  32,2   16:26   ENE
23  13,3  18,2   14:27   9,4   23:45   5,0   0,0   4,0   6,3  37,0   17:36   WSW
24  10,2  14,8   16:32   5,8   04:05   8,0   0,0   1,0   5,8  30,6   17:24   NNE
25  13,0  16,5   17:14  10,0   07:20   5,3   0,0   0,0  13,7  41,8   11:50     N
26  16,6  20,7   17:39   9,8   07:49   1,3   0,4   0,0  ----  25,7   16:56    NW
27  19,3  23,7   18:02   9,9   07:46   0,7   1,4   0,0  ----  22,5   17:07   WSW
28  20,2  28,9   17:34  12,5   05:23   1,1   3,3   0,0  ----  14,5   16:37    NW
29  21,3  28,3   17:10  14,4   07:25   0,8   3,8   0,0   6,0  29,0   14:02   NNW
30  21,6  29,3   18:23  12,9   07:42   0,9   4,2   0,0   3,9  20,9   17:00   NNE
31  27,2  32,3   18:13  17,0   10:00   0,0   5,2   0,0   2,7  16,1   19:30     N
----------------------------------------------------------------------------------
    15,5  32,3    31     0,0    27   121,5  32,1  34,6   5,8  57,9     5      NE

Max >=  30,0:  1
Max <=  15,0:  3
Min <=  22,0: 31
Min <=   0,0:  1
Max Rain: 21,4 on day 17
Days of Rain: 4 (>= 2,0 mm)  1 (>= 10,0 mm)  0 (>= 40,0 mm)
Heat Base: 18,3  Cool Base: 18,3  Method: Integration