No es requerida especial atención con respecto al clima.   -   No hay avisos meteorológicos

Informes Estilo NOAA

Seleccione un año o mes para ver el informe
2018: Ene Feb Mar Abr May Jun Jul Ago Sep Oct Nov Dic
2017: Ene Feb Mar Abr May Jun Jul Ago Sep Oct Nov Dic
2016: Ene Feb Mar Abr May Jun Jul Ago Sep Oct Nov Dic
2015: Ene Feb Mar Abr May Jun Jul Ago Sep Oct Nov Dic
2014: Ene Feb Mar Abr May Jun Jul Ago Sep Oct Nov Dic
2013: Ene Feb Mar Abr May Jun Jul Ago Sep Oct Nov Dic
2012: Ene Feb Mar Abr May Jun Jul Ago Sep Oct Nov Dic
2011: Ene Feb Mar Abr May Jun Jul Ago Sep Oct Nov Dic

Informe 2015 Abril
                   Monthly Climatological Summary for abr 2015

Name: MeteoGerena   City: Gerena (Sevilla)   State: España
Elevation: 120 m  Lat: N 37° 31' 28"   Lon: W 006° 09' 29"

                  Temperature (°C), Rain (mm), Wind Speed (km/h)

                                      Heat  Cool        Avg
    Mean                              Deg   Deg         Wind                 Dom
Day Temp  High   Time   Low    Time   Days  Days  Rain  Speed High   Time    Dir
----------------------------------------------------------------------------------
 1  24,1  32,1   18:44  16,5   09:16   0,1   5,9   0,0   4,2  29,0   12:30   ENE
 2  21,1  28,1   18:23  13,9   08:25   0,6   3,4   0,0   6,6  30,6   11:33    NE
 3  19,1  26,0   18:30  13,1   06:20   1,5   2,3   0,0   3,9  22,5   11:07     E
 4  20,3  28,8   17:41  12,8   07:55   1,3   3,3   0,0   3,1  32,2   23:02   SSW
 5  18,7  24,7   17:19  14,4   08:15   1,0   1,4   0,0   7,6  33,8   17:37   WSW
 6  17,8  23,1   17:03  15,0   08:31   1,5   1,0   7,6   5,6  29,0   16:35     E
 7  16,9  20,9   18:10  13,3   07:51   1,9   0,5   0,0  12,0  37,0   16:22   ENE
 8  14,8  17,8   18:21  12,2   15:11   3,5   0,0   3,6  13,3  41,8   10:29   ENE
 9  14,9  17,5   15:06  12,2   08:03   3,4   0,0  14,0   3,1  30,6   16:01     N
10  16,6  23,4   18:46  11,3   05:40   2,6   1,0   0,0   3,9  17,7   09:49   NNE
11  15,1  20,7   15:56  11,4   06:45   3,4   0,2   2,2   3,9  25,7   17:16   NNE
12  16,9  22,8   18:02  11,4   07:00   2,5   1,1   0,2   6,6  30,6   16:35   ENE
13  19,3  27,2   18:55  13,1   08:20   1,7   2,7   0,0   4,5  24,1   11:14   ENE
14  19,6  24,1   18:06  15,6   00:00   0,4   1,7   0,0  10,4  33,8   09:19    NE
15  15,1  18,9   13:46  12,9   06:00   3,2   0,0  21,4   2,2  22,5   14:46    SW
16  16,9  21,9   18:19  12,9   07:30   2,1   0,7   0,8   4,4  29,0   20:05    SW
17  17,5  24,6   17:45  10,9   07:42   2,4   1,7   0,0   3,4  19,3   14:39   WSW
18  18,0  23,6   17:32  12,7   08:15   1,7   1,4   0,0   5,6  27,4   17:51   WNW
19  17,5  24,1   19:04  10,8   08:05   2,3   1,5   0,0   4,1  25,7   03:20     N
20  19,1  26,9   19:39  12,8   08:10   1,7   2,5   0,0   4,2  24,1   21:39    NE
21  19,9  26,9   19:10  13,9   04:50   1,1   2,7   0,0   7,5  35,4   09:58   ENE
22  18,8  23,8   18:41  14,6   08:09   1,1   1,5   0,0   5,1  27,4   14:02   SSW
23  19,0  27,7   18:37  11,4   07:46   2,0   2,7   0,0   3,9  24,1   20:17    SW
24  17,5  22,3   14:30  12,2   08:13   1,9   1,1   0,0   5,3  22,5   16:16    SW
25  17,1  21,4   18:13  14,4   02:25   1,7   0,4   2,2   5,3  29,0   14:02    SW
26  17,1  22,3   17:47  14,8   06:19   1,6   0,4   3,2   7,7  43,5   17:27    SW
27  16,4  21,3   17:09  11,8   04:35   2,5   0,7   0,0   6,5  29,0   18:31   WSW
28  18,2  25,1   17:16  12,2   07:00   2,0   1,8   0,0   3,9  29,0   20:04   SSW
29  18,8  26,2   17:25  12,1   07:20   1,8   2,3   0,0   4,0  22,5   18:08    NW
30  21,1  27,9   18:16  14,1   07:50   0,9   3,7   0,0   5,8  29,0   13:18     N
----------------------------------------------------------------------------------
    18,1  32,1     1    10,8    19    55,4  49,6  55,2   5,6  43,5    26      NE

Max >=  30,0:  1
Max <=  15,0:  0
Min <=  22,0: 30
Min <=   0,0:  0
Max Rain: 21,4 on day 15
Days of Rain: 7 (>= 2,0 mm)  2 (>= 10,0 mm)  0 (>= 40,0 mm)
Heat Base: 18,3  Cool Base: 18,3  Method: Integration