No es requerida especial atención con respecto al clima.   -   No hay avisos meteorológicos

Informes Estilo NOAA

Seleccione un año o mes para ver el informe
2018: Ene Feb Mar Abr May Jun Jul Ago Sep Oct Nov Dic
2017: Ene Feb Mar Abr May Jun Jul Ago Sep Oct Nov Dic
2016: Ene Feb Mar Abr May Jun Jul Ago Sep Oct Nov Dic
2015: Ene Feb Mar Abr May Jun Jul Ago Sep Oct Nov Dic
2014: Ene Feb Mar Abr May Jun Jul Ago Sep Oct Nov Dic
2013: Ene Feb Mar Abr May Jun Jul Ago Sep Oct Nov Dic
2012: Ene Feb Mar Abr May Jun Jul Ago Sep Oct Nov Dic
2011: Ene Feb Mar Abr May Jun Jul Ago Sep Oct Nov Dic

Informe 2015 Septiembre
                   Monthly Climatological Summary for sep 2015

Name: MeteoGerena   City: Gerena (Sevilla)   State: España
Elevation: 120 m  Lat: N 37° 31' 28"   Lon: W 006° 09' 29"

                  Temperature (°C), Rain (mm), Wind Speed (km/h)

                                      Heat  Cool        Avg
    Mean                              Deg   Deg         Wind                 Dom
Day Temp  High   Time   Low    Time   Days  Days  Rain  Speed High   Time    Dir
----------------------------------------------------------------------------------
 1  25,7  31,2   16:50  19,0   08:40   0,0   4,7   0,0   7,9  35,4   16:40   SSW
 2  22,6  29,0   18:29  19,2   03:40   0,0   4,3   0,0   5,4  29,0   20:13   SSW
 3  21,2  27,0   18:39  15,6   08:14   0,3   3,2   0,0   6,3  30,6   19:23    SW
 4  20,9  28,2   18:20  15,5   05:20   0,5   3,2   0,0   5,6  33,8   19:40    SW
 5  19,6  23,9   15:43  16,1   08:12   0,5   1,8   1,4   2,6  14,5   21:29   ENE
 6  23,8  31,8   18:04  16,3   07:30   0,1   5,6   0,0   6,8  35,4   19:23    NW
 7  24,3  31,4   17:07  21,4   23:20   0,0   6,0   2,2   5,0  67,6   18:08    NW
 8  23,8  30,8   16:53  18,8   08:15   0,0   5,5   0,0   3,5  25,7   18:08   WSW
 9  25,4  32,9   17:46  18,4   06:40   0,0   7,1   0,0   4,8  29,0   19:58   WSW
10  25,9  32,8   16:15  19,3   08:05   0,0   7,5   0,0   5,6  32,2   20:14    SW
11  23,9  30,3   16:52  18,1   08:05   0,0   5,6   0,0   4,4  24,1   14:42   SSW
12  22,5  31,0   18:14  16,7   07:20   0,2   4,4   0,0   5,0  32,2   19:29    SW
13  21,4  27,9   16:59  15,0   08:09   0,4   3,5   0,0   6,9  38,6   17:26   WSW
14  22,0  28,0   18:46  18,4   07:45   0,0   3,7   0,0   8,0  38,6   20:15   WSW
15  20,0  25,5   15:56  14,8   07:25   0,6   2,3   0,0   7,3  35,4   18:51    SW
16  20,3  22,3   13:34  17,4   22:34   0,1   2,0   3,7  13,0  46,7   17:33    SW
17  19,7  25,7   17:44  13,6   07:05   1,2   2,5   0,2   4,9  40,2   15:45     N
18  22,6  29,2   18:50  14,3   08:08   0,4   4,7   0,0   7,4  33,8   13:11    NE
19  25,0  31,4   17:30  19,3   03:40   0,0   6,7   0,0   9,4  32,2   10:41    NE
20  26,0  32,8   18:57  20,5   08:20   0,0   7,7   0,0   6,3  24,1   21:29   NNE
21  25,7  33,4   18:20  21,3   06:50   0,0   7,4   0,0   5,8  32,2   19:06    SW
22  24,9  33,6   17:00  17,7   08:00   0,0   6,7   0,0   5,5  30,6   15:05   WSW
23  23,3  32,3   18:17  16,0   08:25   0,2   5,2   0,0   4,3  27,4   19:38   SSW
24  22,3  29,2   16:54  17,7   03:55   0,0   4,0   0,0   4,3  24,1   19:41   SSW
25  22,7  29,6   18:03  18,1   06:10   0,0   4,4   0,0   3,1  20,9   13:05   WSW
26  23,6  31,7   18:27  17,1   06:45   0,1   5,4   0,0   4,4  24,1   19:59    SW
27  25,3  33,3   18:47  17,8   09:05   0,0   6,9   0,0   3,5  17,7   14:07   ENE
28  23,9  29,8   17:49  18,4   05:50   0,0   5,6   0,6   6,3  32,2   14:37    NE
29  21,7  28,2   15:52  17,4   22:45   0,0   3,4   0,2  10,7  35,4   18:24    NE
30  20,7  28,1   18:06  14,3   05:30   0,9   3,3   0,0   3,6  19,3   16:44   SSW
----------------------------------------------------------------------------------
    23,0  33,6    22    13,6    17     5,5 144,3   8,3   5,9  67,6     7     WSW

Max >=  40,0:  0
Max <=  15,0:  0
Min <=  20,0: 27
Min <=   0,0:  0
Max Rain: 3,7 on day 16
Days of Rain: 2 (>= 2,0 mm)  0 (>= 10,0 mm)  0 (>= 40,0 mm)
Heat Base: 18,3  Cool Base: 18,3  Method: Integration