No es requerida especial atención con respecto al clima.   -   No hay avisos meteorológicos

Informes Estilo NOAA

Seleccione un año o mes para ver el informe
2018: Ene Feb Mar Abr May Jun Jul Ago Sep Oct Nov Dic
2017: Ene Feb Mar Abr May Jun Jul Ago Sep Oct Nov Dic
2016: Ene Feb Mar Abr May Jun Jul Ago Sep Oct Nov Dic
2015: Ene Feb Mar Abr May Jun Jul Ago Sep Oct Nov Dic
2014: Ene Feb Mar Abr May Jun Jul Ago Sep Oct Nov Dic
2013: Ene Feb Mar Abr May Jun Jul Ago Sep Oct Nov Dic
2012: Ene Feb Mar Abr May Jun Jul Ago Sep Oct Nov Dic
2011: Ene Feb Mar Abr May Jun Jul Ago Sep Oct Nov Dic

Informe 2015 Noviembre
                   Monthly Climatological Summary for nov 2015

Name: MeteoGerena   City: Gerena (Sevilla)   State: España
Elevation: 120 m  Lat: N 37° 31' 28"   Lon: W 006° 09' 29"

                  Temperature (°C), Rain (mm), Wind Speed (km/h)

                                      Heat  Cool        Avg
    Mean                              Deg   Deg         Wind                 Dom
Day Temp  High   Time   Low    Time   Days  Days  Rain  Speed High   Time    Dir
----------------------------------------------------------------------------------
 1  17,6  22,8   15:34  14,6   20:24   1,4   0,7  18,6  12,4  40,2   10:09    NE
 2  14,3  17,5   14:33  12,3   08:22   4,0   0,0  31,0   7,5  41,8   14:41    SE
 3  16,9  19,8   13:53  14,4   00:00   1,5   0,1  17,2   3,8  29,0   01:38    SW
 4  18,0  21,7   15:56  15,7   06:49   0,9   0,6   2,4   2,9  22,5   16:28     S
 5  18,7  22,7   15:28  16,2   09:04   0,6   1,0   0,0   1,7  12,9   16:53   NNE
 6  19,7  24,9   16:54  14,3   06:56   0,9   2,3   0,0   4,6  30,6   11:08    NE
 7  20,5  25,3   16:54  16,8   06:52   0,2   2,4   0,0  11,1  38,6   10:28    NE
 8  20,1  24,9   16:16  16,9   23:08   0,2   2,0   0,0  12,4  37,0   05:41    NE
 9  19,1  23,7   16:18  13,3   08:01   0,9   1,7   0,0   7,1  22,5   13:06    NE
10  18,3  24,1   16:38  12,1   07:56   1,6   1,6   0,0   3,7  27,4   11:53    NE
11  17,1  23,7   16:52  11,5   07:59   2,3   1,2   0,0   1,0  14,5   14:09   ENE
12  16,3  22,7   17:09  10,7   07:34   2,7   0,8   0,0   1,7  17,7   13:38    NE
13  16,0  22,3   17:28  10,7   07:21   2,9   0,6   0,0   2,0  14,5   12:38   NNE
14  16,8  22,3   16:10  11,7   07:17   2,4   0,8   0,0   6,1  30,6   10:55    NE
15  17,1  23,1   16:57  13,5   07:39   2,0   0,8   0,0   5,8  22,5   11:02   NNE
16  15,9  22,4   16:48  11,1   08:25   3,0   0,6   0,0   1,5  16,1   23:33   NNE
17  16,3  22,3   16:49  11,1   08:05   2,7   0,7   0,0   2,4  20,9   23:17   NNE
18  15,5  21,3   16:22   9,8   06:33   3,3   0,5   0,0   2,8  19,3   13:12   NNE
19  14,9  22,1   17:28   8,2   07:56   4,0   0,6   0,0   1,5  16,1   12:10   NNE
20  16,7  24,9   16:18  10,2   07:56   3,0   1,4   0,0   0,6  11,3   11:52     E
21  15,3  21,1   14:56  10,6   06:24   3,3   0,3   0,0   8,7  41,8   23:12   WNW
22  11,7  16,5   16:37   8,7   08:41   6,6   0,0   0,0   9,4  40,2   01:51   NNW
23  11,3  16,2   15:36   7,7   04:58   6,9   0,0   0,0   6,6  32,2   16:28   NNE
24  11,0  17,1   15:56   5,8   08:36   7,3   0,0   0,0   3,5  20,9   00:51     N
25  12,5  20,6   16:09   5,8   07:55   5,9   0,2   0,0   1,7  16,1   17:18   WNW
26  12,7  19,9   16:51   6,4   06:51   5,8   0,1   0,0   2,0  12,9   06:57   NNE
27  14,6  20,8   17:55   8,1   07:46   4,0   0,4   0,0   2,2  16,1   12:53    NE
28  14,2  20,3   16:18   7,8   07:01   4,4   0,3   0,0   4,5  27,4   13:44   NNE
29  15,1  20,2   15:47   8,5   08:24   3,5   0,3   0,0   8,1  30,6   12:46    NE
30  14,1  19,0   15:32   7,3   08:30   4,3   0,0   0,0   5,4  29,0   01:26    NE
----------------------------------------------------------------------------------
    15,9  25,3     7     5,8    24    92,5  22,0  69,2   4,8  41,8     2      NE

Max >=  40,0:  0
Max <=  15,0:  0
Min <=  20,0: 30
Min <=   0,0:  0
Max Rain: 31,0 on day 2
Days of Rain: 4 (>= 2,0 mm)  3 (>= 10,0 mm)  0 (>= 40,0 mm)
Heat Base: 18,3  Cool Base: 18,3  Method: Integration