No es requerida especial atención con respecto al clima.   -   No hay avisos meteorológicos

Informes Estilo NOAA

Seleccione un año o mes para ver el informe
2018: Ene Feb Mar Abr May Jun Jul Ago Sep Oct Nov Dic
2017: Ene Feb Mar Abr May Jun Jul Ago Sep Oct Nov Dic
2016: Ene Feb Mar Abr May Jun Jul Ago Sep Oct Nov Dic
2015: Ene Feb Mar Abr May Jun Jul Ago Sep Oct Nov Dic
2014: Ene Feb Mar Abr May Jun Jul Ago Sep Oct Nov Dic
2013: Ene Feb Mar Abr May Jun Jul Ago Sep Oct Nov Dic
2012: Ene Feb Mar Abr May Jun Jul Ago Sep Oct Nov Dic
2011: Ene Feb Mar Abr May Jun Jul Ago Sep Oct Nov Dic

Informe 2015 Diciembre
                   Monthly Climatological Summary for dic 2015

Name: MeteoGerena   City: Gerena (Sevilla)   State: España
Elevation: 120 m  Lat: N 37° 31' 28"   Lon: W 006° 09' 29"

                  Temperature (°C), Rain (mm), Wind Speed (km/h)

                                      Heat  Cool        Avg
    Mean                              Deg   Deg         Wind                 Dom
Day Temp  High   Time   Low    Time   Days  Days  Rain  Speed High   Time    Dir
----------------------------------------------------------------------------------
 1  12,8  18,7   16:11   7,0   08:13   5,5   0,0   0,0   2,1  17,7   11:34   NNE
 2  12,8  19,1   16:41   7,7   08:31   5,5   0,0   0,0   1,2  16,1   12:30    NE
 3  14,6  21,7   16:11   9,0   04:49   4,3   0,6   0,0   3,2  22,5   13:42    NE
 4  15,0  21,0   16:36   8,1   07:20   3,7   0,4   0,0   4,2  22,5   21:50    NE
 5  15,6  20,3   16:21  10,7   07:00   2,9   0,2   0,0   5,1  19,3   02:19    NE
 6  13,3  19,2   16:09   7,2   08:01   5,0   0,0   0,0   1,5  12,9   04:20   NNE
 7  13,8  17,2   15:46  10,7   01:51   4,5   0,0   0,0   5,0  25,7   11:11   NNE
 8  14,7  18,9   14:24  10,9   05:28   3,6   0,0   0,0   4,5  25,7   13:09    NE
 9  16,3  20,2   15:50   9,9   05:22   2,3   0,3   0,0  11,7  37,0   07:14    NE
10  16,6  19,7   15:14  14,4   23:59   1,9   0,2   0,0  10,8  30,6   10:56    NE
11  14,9  18,8   14:50  10,8   07:00   3,4   0,0   0,0   6,4  27,4   12:07    NE
12  13,8  17,8   14:56   9,1   08:21   4,5   0,0   1,2   3,7  24,1   18:37    NE
13  12,6  14,5   15:44  11,4   06:25   5,7   0,0   2,0   2,8  16,1   11:16   ENE
14  14,0  17,7   16:37  11,2   08:59   4,3   0,0   0,0   1,8  12,9   01:50   ENE
15  14,3  21,1   16:36   8,5   08:51   4,3   0,4   0,0   1,8  17,7   12:42    NE
16  14,6  21,5   16:35   8,6   06:19   4,2   0,5   0,0   3,0  22,5   12:48    NE
17  14,2  20,6   16:31   9,1   09:44   4,4   0,3   0,0   0,9  11,3   13:52   ENE
18  13,0  19,4   16:54   7,8   08:48   5,4   0,1   0,0   1,6  16,1   12:52    NE
19  12,9  21,1   16:13   6,5   08:15   5,6   0,2   0,0   1,0  16,1   13:01   ENE
20  13,9  18,8   14:53  10,3   01:49   4,5   0,0   0,0   3,6  24,1   13:15     N
21  15,1  19,9   15:43  10,8   08:33   3,4   0,2   0,0   5,3  24,1   00:15     N
22  14,5  20,5   17:11   8,6   07:26   4,0   0,2   0,0   4,2  20,9   11:24   NNE
23  12,0  18,0   16:54   6,9   08:52   6,3   0,0   0,0   1,2  12,9   12:07   NNE
24  12,8  18,6   16:33   9,1   09:03   5,4   0,0   0,0   1,9  17,7   10:37   ENE
25  11,6  17,2   16:37   6,2   08:01   6,7   0,0   0,0   1,9  20,9   12:46    NE
26  13,0  18,0   15:35   7,6   07:08   5,3   0,0   0,0   5,7  30,6   22:36    NE
27  15,2  20,3   16:24  12,9   06:28   3,3   0,2   0,0   9,8  37,0   08:51   ENE
28  13,9  17,6   16:55  10,2   06:40   4,4   0,0   1,0   3,7  24,1   16:27   SSE
29  14,1  18,3   16:00   9,8   09:27   4,2   0,0   9,0   2,7  20,9   01:09   WNW
30  11,1  14,4   16:03   7,2   08:52   7,2   0,0   0,0   1,3  14,5   12:21    NE
31  14,8  17,2   17:10  12,8   04:41   3,5   0,0  10,0   1,4  12,9   12:48     S
----------------------------------------------------------------------------------
    13,9  21,7     3     6,2    25   139,2   3,8  23,2   3,7  37,0     9      NE

Max >=  40,0:  0
Max <=  15,0:  2
Min <=  20,0: 31
Min <=   0,0:  0
Max Rain: 10,0 on day 31
Days of Rain: 3 (>= 2,0 mm)  1 (>= 10,0 mm)  0 (>= 40,0 mm)
Heat Base: 18,3  Cool Base: 18,3  Method: Integration