No es requerida especial atención con respecto al clima.   -   No hay avisos meteorológicos

Informes Estilo NOAA

Seleccione un año o mes para ver el informe
2018: Ene Feb Mar Abr May Jun Jul Ago Sep Oct Nov Dic
2017: Ene Feb Mar Abr May Jun Jul Ago Sep Oct Nov Dic
2016: Ene Feb Mar Abr May Jun Jul Ago Sep Oct Nov Dic
2015: Ene Feb Mar Abr May Jun Jul Ago Sep Oct Nov Dic
2014: Ene Feb Mar Abr May Jun Jul Ago Sep Oct Nov Dic
2013: Ene Feb Mar Abr May Jun Jul Ago Sep Oct Nov Dic
2012: Ene Feb Mar Abr May Jun Jul Ago Sep Oct Nov Dic
2011: Ene Feb Mar Abr May Jun Jul Ago Sep Oct Nov Dic

Informe 2016 Mayo
                   Monthly Climatological Summary for may 2016

Name: MeteoGerena   City: Gerena (Sevilla)   State: España
Elevation: 120 m  Lat: N 37° 31' 28"   Lon: W 006° 09' 29"

                  Temperature (°C), Rain (mm), Wind Speed (km/h)

                                      Heat  Cool        Avg
    Mean                              Deg   Deg         Wind                 Dom
Day Temp  High   Time   Low    Time   Days  Days  Rain  Speed High   Time    Dir
----------------------------------------------------------------------------------
 1  21,0  26,0   16:58  14,9   07:36   0,6   3,9   0,4  14,8  33,8   13:49   NNE
 2  20,0  27,3   19:19  11,2   06:59   1,3   3,0   0,0  12,1  48,3   10:57    NE
 3  23,1  30,0   17:37  16,8   03:37   0,2   5,0   0,0  14,6  45,1   11:49    NE
 4  22,2  29,7   17:49  17,1   09:08   0,0   4,0   0,0   7,5  41,8   18:16    NE
 5  17,2  20,5   00:00  14,9   07:37   1,3   0,2   5,4   3,9  20,9   08:03     N
 6  16,3  19,4   16:07  13,6   02:50   2,0   0,1  20,0   5,3  30,6   16:30    SW
 7  15,9  19,5   14:47  12,4   07:43   2,5   0,1   2,0   7,2  32,2   15:25     S
 8  15,2  18,8   16:22  12,4   08:36   3,1   0,0  36,0  10,4  51,5   04:58     S
 9  15,3  19,4   17:23  12,8   05:29   3,1   0,1  23,8   9,0  49,9   15:32     S
10  13,9  16,9   17:47  12,1   04:45   4,4   0,0  17,2   6,3  32,2   18:51   SSE
11  13,2  15,3   11:01  11,2   05:54   5,1   0,0  24,2   5,6  33,8   11:25   ESE
12  13,4  17,9   14:00  10,9   06:57   4,9   0,0   3,8   4,3  40,2   15:45   WSW
13  14,3  19,7   19:24   9,6   07:23   4,1   0,1   1,0   5,1  33,8   16:17     W
14  16,6  22,7   16:41  10,1   07:27   2,7   1,1   0,0   3,6  20,9   15:53   WSW
15  19,9  27,2   19:41  13,0   06:50   1,3   3,0   0,0   3,0  19,3   14:29    NW
16  22,4  29,1   18:48  14,8   06:33   0,5   4,5   0,0   3,4  19,3   11:22    NE
17  23,1  29,8   19:18  16,8   05:25   0,2   4,9   0,0   5,2  22,5   11:43    NE
18  22,4  28,2   15:44  15,9   06:54   0,2   4,2   0,0   6,3  38,6   17:51   WSW
20  23,9  31,9   18:04  15,6   07:42   0,4  10,9   0,0   4,4  29,0   20:27    NW
21  23,3  30,3   17:01  17,5   08:05   0,0   5,0  80,5   7,0  30,6   18:41    SW
22  21,0  27,4   17:40  15,3   07:06   0,5   3,3   0,0   5,9  30,6   12:30    NW
23  22,9  30,3   17:59  15,9   05:01   0,4   5,0   0,0   7,0  27,4   20:01     N
24  21,4  26,9   16:51  16,9   08:07   0,2   3,3   0,0   7,6  32,2   14:09    SW
25  19,6  25,8   18:52  13,4   06:51   1,1   2,4   0,0   5,6  27,4   21:21   WSW
26  18,8  24,8   18:25  13,1   07:19   1,5   2,0   0,0   6,0  30,6   15:47   WSW
27  19,5  25,1   17:04  13,3   06:47   1,2   2,3   0,0   6,4  32,2   18:51    SW
28  18,2  23,2   16:57  14,0   06:00   1,3   1,2   3,6   9,2  46,7   16:59    SW
29  17,9  23,4   15:46  12,2   07:10   1,8   1,4   0,0   6,3  30,6   19:57   WSW
30  20,3  26,9   18:20  14,2   07:51   1,2   3,2   0,0   3,9  32,2   14:40     N
31  23,2  30,3   19:10  15,7   06:48   0,3   5,2   0,0   4,7  29,0   23:29   NNE
----------------------------------------------------------------------------------
    19,2  31,9    20     9,6    13    47,4  79,4 217,9   6,6  51,5     8     WSW

Max >=  40,0:  0
Max <=  15,0:  0
Min <=  20,0: 30
Min <=   0,0:  0
Max Rain: 80,5 on day 21
Days of Rain: 10 (>= 2,0 mm)  6 (>= 10,0 mm)  1 (>= 40,0 mm)
Heat Base: 18,3  Cool Base: 18,3  Method: Integration