No es requerida especial atención con respecto al clima.   -   No hay avisos meteorológicos

Informes Estilo NOAA


Informe 2016 Junio
                   Monthly Climatological Summary for jun 2016

Name: MeteoGerena   City: Gerena (Sevilla)   State: España
Elevation: 120 m  Lat: N 37° 31' 28"   Lon: W 006° 09' 29"

                  Temperature (°C), Rain (mm), Wind Speed (km/h)

                                      Heat  Cool        Avg
    Mean                              Deg   Deg         Wind                 Dom
Day Temp  High   Time   Low    Time   Days  Days  Rain  Speed High   Time    Dir
----------------------------------------------------------------------------------
 1  25,5  32,1   18:29  17,1   06:34   0,0   7,2   0,0   6,1  27,4   10:21    NE
 2  24,7  32,2   17:33  17,4   06:20   0,0   6,4   0,0   5,6  35,4   18:01    SW
 3  21,6  27,4   16:14  17,7   07:13   0,1   3,4   0,0   6,7  33,8   16:56    SW
 4  20,6  28,6   17:12  13,7   07:07   1,1   3,3   0,0   6,2  37,0   18:44   WSW
 5  23,2  30,7   18:31  15,9   07:07   0,3   5,2   0,0   3,7  24,1   19:30   WSW
 6  25,2  33,1   18:13  17,0   07:19   0,1   6,9   0,0   3,3  24,1   20:28   WSW
 7  28,3  36,2   18:20  21,4   06:57   0,0  10,0   0,0   4,9  25,7   12:03   ENE
 8  29,2  37,4   16:41  21,1   07:00   0,0  10,9   0,0   4,7  17,7   14:38    NE
 9  29,0  37,1   15:50  21,3   07:07   0,0  10,6   0,0   5,1  30,6   16:28   SSW
10  25,9  31,2   17:19  19,4   07:29   0,0   7,6   0,0   6,5  29,0   19:48   WNW
11  25,1  32,7   18:48  16,7   07:47   0,1   6,9   0,0   5,6  25,7   00:34     W
12  27,9  35,9   17:55  19,6   06:25   0,0   9,6   0,0   4,8  25,7   19:58    NW
13  29,5  35,2   18:59  22,7   07:07   0,0  11,1   0,0   9,3  32,2   03:58    NW
14  26,1  33,2   17:29  20,5   07:25   0,0   6,3   0,0   7,1  33,8   17:50   WNW
15  21,9  25,5   18:16  18,1   07:04   0,0   3,6   0,0  10,2  38,6   16:09     W
16  19,6  24,6   17:48  13,9   07:11   0,9   2,2   0,0   5,1  30,6   19:21     W
17  21,6  29,1   19:11  15,3   06:25   0,5   3,8   0,0  ----  25,7   20:10    SW
18  25,0  32,3   18:22  17,7   07:08   0,0   6,8   0,0  ----  33,8   16:53   NNW
19  27,1  34,7   19:33  20,5   08:00   0,0   8,8   0,0  ----  33,8   10:51   NNE
20  27,2  36,2   18:26  18,4   07:12   0,0   8,9   0,0  ----  32,2   12:44     E
21  27,6  34,7   18:13  18,8   07:05   0,0   9,3   0,0  ----  35,4   12:29   ENE
22  28,1  35,3   16:31  21,3   06:31   0,0   9,8   0,0  ----  30,6   08:57     E
23  26,8  34,4   19:31  19,6   06:45   0,0   8,5   0,0  ----  24,1   15:32   WSW
24  27,8  35,8   17:06  20,3   07:27   0,0   9,5   0,0  ----  33,8   20:27    SW
25  26,9  34,2   17:47  20,2   07:37   0,0   8,6   0,0  ----  32,2   19:04    SW
26  23,3  29,6   17:46  18,9   04:39   0,0   5,0   0,0  ----  25,7   17:26   SSW
27  26,0  36,2   18:30  16,7   06:44   0,2   7,8   0,0  ----  33,8   23:18   ENE
28  28,7  36,8   16:11  23,3   06:45   0,0  10,4   0,0  ----  35,4   15:01    NE
29  27,6  34,5   16:15  22,2   06:31   0,0   9,3   0,0  ----  38,6   17:55    SW
30  26,5  34,3   17:47  20,3   05:29   0,0   8,2   0,0  ----  33,8   19:06   SSW
----------------------------------------------------------------------------------
    25,8  37,4     8    13,7     4     3,3 225,9   0,0   6,0  38,6    15       W

Max >=  40,0:  0
Max <=  15,0:  0
Min <=  20,0: 18
Min <=   0,0:  0
Max Rain: 0,0 on day 0
Days of Rain: 0 (>= 2,0 mm)  0 (>= 10,0 mm)  0 (>= 40,0 mm)
Heat Base: 18,3  Cool Base: 18,3  Method: Integration