No es requerida especial atención con respecto al clima.   -   No hay avisos meteorológicos

Informes Estilo NOAA

Seleccione un año o mes para ver el informe
2018: Ene Feb Mar Abr May Jun Jul Ago Sep Oct Nov Dic
2017: Ene Feb Mar Abr May Jun Jul Ago Sep Oct Nov Dic
2016: Ene Feb Mar Abr May Jun Jul Ago Sep Oct Nov Dic
2015: Ene Feb Mar Abr May Jun Jul Ago Sep Oct Nov Dic
2014: Ene Feb Mar Abr May Jun Jul Ago Sep Oct Nov Dic
2013: Ene Feb Mar Abr May Jun Jul Ago Sep Oct Nov Dic
2012: Ene Feb Mar Abr May Jun Jul Ago Sep Oct Nov Dic
2011: Ene Feb Mar Abr May Jun Jul Ago Sep Oct Nov Dic

Informe 2016 Julio
                   Monthly Climatological Summary for jul 2016

Name: MeteoGerena   City: Gerena (Sevilla)   State: España
Elevation: 120 m  Lat: N 37° 31' 28"   Lon: W 006° 09' 29"

                  Temperature (°C), Rain (mm), Wind Speed (km/h)

                                      Heat  Cool        Avg
    Mean                              Deg   Deg         Wind                 Dom
Day Temp  High   Time   Low    Time   Days  Days  Rain  Speed High   Time    Dir
----------------------------------------------------------------------------------
 1  27,0  35,3   18:51  19,1   07:16   0,0   8,7   0,0   5,4  30,6   14:28    SW
 2  28,7  38,1   18:42  19,2   07:27   0,0  10,4   0,0   3,2  17,7   14:07   ENE
 3  30,8  39,9   16:02  24,8   08:30   0,0  12,5   0,0   9,5  41,8   19:24   WSW
 4  27,1  32,6   17:17  22,4   07:38   0,0   8,8   0,0   8,4  33,8   18:39    SW
 5  26,7  34,9   17:07  20,6   06:17   0,0   8,4   0,0   6,4  30,6   19:48    SW
 6  26,7  33,8   16:34  20,6   07:18   0,0   8,3   0,0   5,6  30,6   19:39    SW
 7  26,4  30,7   13:36  23,1   07:00   0,0   8,1   0,0   7,1  33,8   15:36   WSW
 8  28,2  37,2   18:38  19,9   06:02   0,0   9,9   0,0   4,7  30,6   15:55   ENE
 9  32,0  40,3   18:53  25,3   04:28   0,0  13,7   0,0   7,1  33,8   21:05     W
10  31,2  39,9   18:18  23,2   07:29   0,0  12,9   0,0   6,5  30,6   20:52   WSW
11  31,8  40,2   18:58  22,7   07:11   0,0  13,4   0,0   6,4  35,4   17:17   WSW
12  30,5  37,1   18:05  22,6   07:50   0,0  12,1   0,0   6,3  29,0   13:20    NW
13  30,3  38,1   17:57  23,4   07:18   0,0  11,9   0,0   6,5  37,0   18:21    SW
14  29,0  36,8   18:46  21,3   07:50   0,0  10,7   0,0   5,6  22,5   17:38   ENE
15  29,7  36,7   18:12  22,2   07:31   0,0  11,4   0,0   9,2  37,0   12:18   ENE
16  29,8  37,3   18:25  23,1   07:16   0,0  11,4   0,0   9,2  32,2   18:56    NE
17  29,7  38,2   18:58  22,3   06:30   0,0  11,4   0,0   7,7  33,8   13:34     E
18  29,9  38,2   16:01  23,2   06:34   0,0  11,6   0,0   9,3  32,2   09:15     E
19  30,8  39,8   18:05  24,4   06:31   0,0  12,5   0,0   6,8  35,4   11:22   ENE
20  30,6  36,0   16:45  23,8   08:13   0,0  12,3   1,2   8,0  32,2   14:52    SW
21  29,8  39,2   18:24  19,9   07:23   0,0  11,5   0,0   5,7  32,2   18:21   WSW
22  28,8  37,4   19:10  20,3   07:23   0,0  10,4   0,0   6,4  33,8   00:17   WNW
23  28,4  37,4   18:26  20,8   07:19   0,0  10,1   0,0   4,5  29,0   20:12   SSW
24  30,2  38,8   19:31  23,2   07:59   0,0  11,8   0,0   7,8  27,4   20:59     S
25  31,5  39,9   18:45  22,9   06:59   0,0  13,2   0,0   6,2  25,7   12:27    NE
26  31,4  39,5   17:42  23,3   07:03   0,0  13,1   0,0   6,9  33,8   20:18    SW
27  29,4  36,8   18:22  22,2   06:49   0,0  11,1   0,0   6,9  30,6   18:51    SW
28  28,5  37,2   19:16  20,1   07:32   0,0  10,1   0,0   4,8  22,5   16:55    SW
29  29,0  36,3   16:49  22,5   07:08   0,0  10,7   0,0   6,6  32,2   17:30   SSW
30  25,9  32,1   16:53  21,6   06:29   0,0   7,5   0,0   7,8  35,4   17:57    SW
31  27,7  37,7   18:46  19,9   06:38   0,0   9,4   0,0   4,7  29,0   19:21   SSW
----------------------------------------------------------------------------------
    29,3  40,3     9    19,1     1     0,0 339,3   1,2   6,7  41,8     3      SW

Max >=  40,0:  2
Max <=  15,0:  0
Min <=  20,0:  5
Min <=   0,0:  0
Max Rain: 1,2 on day 20
Days of Rain: 0 (>= 2,0 mm)  0 (>= 10,0 mm)  0 (>= 40,0 mm)
Heat Base: 18,3  Cool Base: 18,3  Method: Integration