No es requerida especial atención con respecto al clima.   -   No hay avisos meteorológicos

Informes Estilo NOAA


Informe 2016 Noviembre
                   Monthly Climatological Summary for nov 2016

Name: MeteoGerena   City: Gerena (Sevilla)   State: España
Elevation: 120 m  Lat: N 37° 31' 28"   Lon: W 006° 09' 29"

                  Temperature (°C), Rain (mm), Wind Speed (km/h)

                                      Heat  Cool        Avg
    Mean                              Deg   Deg         Wind                 Dom
Day Temp  High   Time   Low    Time   Days  Days  Rain  Speed High   Time    Dir
----------------------------------------------------------------------------------
 1  19,6  24,4   16:05  16,3   03:43   0,7   1,9   0,0   4,3  25,7   11:33    NE
 2  19,3  25,2   16:04  14,7   06:47   0,9   1,9   0,0   2,1  19,3   16:41     S
 3  19,5  25,9   16:43  14,4   08:29   1,2   2,3   0,2   1,6  19,3   23:43   SSE
 4  18,5  20,8   14:21  17,3   07:02   0,4   0,5   5,6   4,8  25,7   05:22   ENE
 5  17,7  21,6   14:43  14,5   23:46   1,1   0,5   9,8   6,6  37,0   14:53   WSW
 6  13,6  18,4   16:30   9,4   08:25   4,7   0,0   0,0   3,9  20,9   14:10     W
 7  12,7  17,0   15:22   7,8   08:31   4,7   0,0   0,0   6,0  27,4   15:36    NW
 8  12,4  17,4   16:32   7,3   08:47   5,0   0,0   0,0   4,8  19,3   14:56     W
 9   0,7  18,7   16:06   7,0   04:50  17,6   0,0   0,2   1,8  27,4   14:45   WSW
10  14,5  18,5   16:27  10,8   08:25   3,8   0,0   0,0  ----  25,7   13:45   NNW
11  12,9  18,5   15:43   7,2   07:40   5,4   0,0   0,0  ----  16,1   02:15     N
12  13,7  18,9   14:45   8,1   07:44   4,6   0,0   0,0  ----  11,3   00:29   ENE
13  15,2  20,7   16:29  11,8   04:37   3,4   0,3   0,0  ----  24,1   14:33   NNE
14  16,2  21,8   15:27  10,7   06:57   2,7   0,7   0,0  ----  32,2   13:31    NE
15  15,5  19,4   16:10   9,4   07:14   2,9   0,1   0,0  ----  33,8   10:46    NE
16  14,3  20,1   16:28   8,9   08:02   4,2   0,2   0,2  ----  30,6   13:09    NE
17  13,7  20,8   16:38   7,1   08:10   4,9   0,3   0,0  ----  14,5   22:10    NW
18  13,8  20,6   16:36   6,9   08:08   4,7   0,2   0,0  ----  14,5   17:08    NW
19  14,9  19,7   16:58  11,5   08:12   3,5   0,1   0,0  ----  12,9   14:17    NW
20  12,7  17,3   16:42   9,3   05:13   5,6   0,0  25,2  ----  29,0   18:10     W
21  15,9  17,8   16:23  11,5   23:50   2,4   0,0  16,2  ----  53,1   05:27    SW
22  12,5  17,1   13:59  10,1   06:30   5,8   0,0   0,0  ----  19,3   23:32    NE
23  11,3  16,4   15:52   7,1   08:39   7,0   0,0   0,0  ----  30,6   15:29    NE
24   9,2  14,5   16:15   4,6   08:41   9,1   0,0   0,0  ----  25,7   15:39   NNE
25  11,4  14,7   12:49   8,6   06:30   6,9   0,0  45,2  ----  27,4   12:49    NE
26  13,1  15,6   15:18  11,8   02:35   5,2   0,0  11,4  ----  22,5   00:22    NE
27  11,8  13,2   12:19  10,7   23:27   6,5   0,0  25,8  ----  27,4   10:33   NNE
28  11,5  15,5   16:32   7,7   08:16   6,8   0,0   0,2  ----  12,9   00:23    NE
29  11,8  16,6   16:36   8,0   07:31   6,4   0,0   0,2  ----  29,0   22:44   NNE
30  14,9  17,7   16:09  11,0   08:47   3,4   0,0   0,0  ----  33,8   11:48   NNE
----------------------------------------------------------------------------------
    13,8  25,9     3     4,6    24   141,5   9,0 140,2   4,2  53,1    21       W

Max >=  40,0:  0
Max <=  15,0:  3
Min <=  20,0: 30
Min <=   0,0:  0
Max Rain: 45,2 on day 25
Days of Rain: 7 (>= 2,0 mm)  5 (>= 10,0 mm)  1 (>= 40,0 mm)
Heat Base: 18,3  Cool Base: 18,3  Method: Integration