No es requerida especial atención con respecto al clima.   -   No hay avisos meteorológicos

Informes Estilo NOAA

Seleccione un año o mes para ver el informe
2018: Ene Feb Mar Abr May Jun Jul Ago Sep Oct Nov Dic
2017: Ene Feb Mar Abr May Jun Jul Ago Sep Oct Nov Dic
2016: Ene Feb Mar Abr May Jun Jul Ago Sep Oct Nov Dic
2015: Ene Feb Mar Abr May Jun Jul Ago Sep Oct Nov Dic
2014: Ene Feb Mar Abr May Jun Jul Ago Sep Oct Nov Dic
2013: Ene Feb Mar Abr May Jun Jul Ago Sep Oct Nov Dic
2012: Ene Feb Mar Abr May Jun Jul Ago Sep Oct Nov Dic
2011: Ene Feb Mar Abr May Jun Jul Ago Sep Oct Nov Dic

Informe 2016 Diciembre
                   Monthly Climatological Summary for dic 2016

Name: MeteoGerena   City: Gerena (Sevilla)   State: España
Elevation: 120 m  Lat: N 37° 31' 28"   Lon: W 006° 09' 29"

                  Temperature (°C), Rain (mm), Wind Speed (km/h)

                                      Heat  Cool        Avg
    Mean                              Deg   Deg         Wind                 Dom
Day Temp  High   Time   Low    Time   Days  Days  Rain  Speed High   Time    Dir
----------------------------------------------------------------------------------
 1  13,6  15,6   00:00  12,7   22:48   4,7   0,0   8,6   3,1  22,5   21:30   NNE
 2  14,2  17,2   15:09  11,3   08:38   4,1   0,0   1,2   3,4  19,3   13:09    NE
 3  14,2  15,8   15:50  12,8   06:39   4,1   0,0  14,0   9,3  33,8   11:54   NNE
 4  14,2  15,7   13:42  12,8   08:06   4,0   0,0  41,2   7,9  29,0   13:19    NE
 5  16,1  20,1   15:36  13,8   03:02   2,4   0,3   7,4   8,4  30,6   04:12   NNE
 6  15,6  20,1   16:47  11,9   05:51   2,9   0,2   0,0   2,7  19,3   13:14     N
 7  14,5  18,1   15:21  11,3   09:05   3,8   0,0   0,0   3,7  17,7   15:02   NNE
 8  14,8  17,5   16:08  12,9   08:33   3,5   0,0   0,0  12,3  32,2   10:06   NNE
 9  15,7  19,6   16:17  13,3   07:31   2,7   0,1   0,0  11,8  32,2   07:14   NNE
10  14,6  19,1   16:30  11,0   09:05   3,8   0,1   0,0   3,8  20,9   11:35     N
11  13,4  18,3   16:28   8,8   08:34   4,9   0,0   0,0   2,6  12,9   00:59   NNW
12  12,3  17,6   17:08   7,9   08:20   6,0   0,0   0,0   0,9   9,7   12:29    NE
13  11,4  16,7   16:30   6,3   07:53   6,9   0,0   0,4   1,2  11,3   12:14    NE
14  10,8  12,3   17:51   9,1   22:42   7,5   0,0  16,0   3,0  24,1   15:39   NNE
15  10,2  13,9   13:15   6,7   08:25   8,1   0,0   0,2   2,7  17,7   11:32     N
16  10,4  12,9   15:38   8,6   08:53   7,8   0,0  22,2   4,4  29,0   02:29   NNE
17  12,2  16,9   14:56   7,1   09:12   6,0   0,0   0,0  10,2  37,0   21:22   NNE
18  13,7  16,6   14:00  11,6   08:41   4,6   0,0   0,0  13,1  38,6   11:46   NNE
19  12,8  16,1   14:29  10,2   00:00   5,5   0,0   0,0   7,5  25,7   05:55   NNE
20   9,7  14,3   17:17   5,4   08:07   8,6   0,0   0,0   2,2  16,1   05:58   NNE
21  10,1  15,6   15:57   5,1   07:02   8,2   0,0   0,0   2,0  17,7   20:05    NE
22  11,6  16,6   16:40   5,5   08:11   6,7   0,0   0,0   3,5  19,3   12:46     N
23  12,1  18,3   16:18   6,7   07:23   6,2   0,0   0,0   1,9  16,1   01:28     N
24  12,2  17,7   15:12   6,4   08:41   6,1   0,0   0,0   4,8  24,1   15:33   NNE
25  13,9  17,7   16:00  10,6   07:56   4,4   0,0   0,0  10,4  32,2   12:19   NNE
26  11,1  16,7   16:20   5,3   08:41   7,2   0,0   0,0   1,9  14,5   22:36   NNW
27  10,7  17,6   16:45   5,2   07:29   7,6   0,0   0,0   2,1  17,7   20:38   NNE
28  12,7  17,9   16:05   7,2   07:59   5,5   0,0   0,0   7,0  33,8   12:17   NNE
29  13,8  17,3   15:53   9,1   09:07   4,5   0,0   0,0   8,5  30,6   14:16   NNE
30  12,3  17,3   16:12   6,2   08:32   6,0   0,0   0,0   6,3  32,2   11:42   NNE
31  10,1  15,3   16:26   4,6   08:29   8,2   0,0   0,0   2,3  17,7   11:32   NNE
----------------------------------------------------------------------------------
    12,7  20,1     5     4,6    31   172,5   0,7 111,2   5,3  38,6    18     NNE

Max >=  40,0:  0
Max <=  15,0:  4
Min <=  20,0: 31
Min <=   0,0:  0
Max Rain: 41,2 on day 4
Days of Rain: 6 (>= 2,0 mm)  4 (>= 10,0 mm)  1 (>= 40,0 mm)
Heat Base: 18,3  Cool Base: 18,3  Method: Integration