No es requerida especial atención con respecto al clima.   -   No hay avisos meteorológicos

Informes Estilo NOAA

Seleccione un año o mes para ver el informe
2018: Ene Feb Mar Abr May Jun Jul Ago Sep Oct Nov Dic
2017: Ene Feb Mar Abr May Jun Jul Ago Sep Oct Nov Dic
2016: Ene Feb Mar Abr May Jun Jul Ago Sep Oct Nov Dic
2015: Ene Feb Mar Abr May Jun Jul Ago Sep Oct Nov Dic
2014: Ene Feb Mar Abr May Jun Jul Ago Sep Oct Nov Dic
2013: Ene Feb Mar Abr May Jun Jul Ago Sep Oct Nov Dic
2012: Ene Feb Mar Abr May Jun Jul Ago Sep Oct Nov Dic
2011: Ene Feb Mar Abr May Jun Jul Ago Sep Oct Nov Dic

Informe 2017 Febrero
                   Monthly Climatological Summary for feb. 2017

Name: MeteoGerena   City: Gerena (Sevilla)   State: España
Elevation: 120 m  Lat: N 37° 31' 28"   Lon: W 006° 09' 29"

                  Temperature (°C), Rain (mm), Wind Speed (km/h)

                                      Heat  Cool        Avg
    Mean                              Deg   Deg         Wind                 Dom
Day Temp  High   Time   Low    Time   Days  Days  Rain  Speed High   Time    Dir
----------------------------------------------------------------------------------
 1  13,1  17,4   16:00  10,9   06:07   5,1   0,0   0,4   3,0  19,3   12:39    NE
 2  13,5  18,1   17:05  10,8   02:09   4,8   0,0   4,2   5,5  32,2   10:39    NE
 3  13,1  17,4   15:13   8,9   04:18   5,1   0,0   0,0   5,9  35,4   15:48    NE
 4  14,9  17,6   14:03  12,8   05:23   3,4   0,0   0,0  10,4  41,8   14:09    NE
 5  14,7  17,6   14:26   8,8   23:26   3,5   0,0   1,4   9,9  38,6   13:13   NNE
 6  12,1  19,3   17:29   5,6   06:23   6,2   0,1   0,0   2,6  19,3   17:01    NE
 7  12,8  18,8   16:39   7,0   08:41   5,5   0,0   0,0   1,0  11,3   00:00    NE
 8  12,0  17,9   17:10   6,3   08:39   6,2   0,0   0,0   4,5  29,0   10:42   NNE
 9   9,8  15,9   15:29   2,7   07:34   8,5   0,0   0,0   3,3  24,1   13:01   NNE
10   9,3  12,0   15:50   6,7   08:30   9,0   0,0   8,2   3,3  24,1   15:44    NE
11  10,2  12,8   17:07   7,8   06:44   8,1   0,0   9,4   9,7  33,8   18:23   NNE
12  12,6  14,3   23:48  11,0   03:00   5,6   0,0  25,4  12,4  45,1   12:39   WSW
13  13,3  17,0   16:04  10,4   23:59   5,0   0,0   3,6   8,1  54,7   00:33    SW
14  12,4  16,3   17:53  10,0   08:35   5,8   0,0   6,2   4,3  17,7   10:05    SW
15  14,5  18,6   15:50  10,3   01:48   3,8   0,0   0,0  12,3  40,2   11:58    SW
16  14,6  18,5   15:55  12,2   07:49   3,7   0,0   0,0  11,7  30,6   03:59    SW
17  14,0  18,9   17:34   9,3   08:32   4,3   0,0   0,0   5,4  19,3   00:57    SW
18  13,3  18,7   15:18   8,5   07:40   5,0   0,0   0,0   3,3  17,7   15:32    SW
19  13,4  17,3   15:22  10,7   07:58   4,9   0,0   0,0   7,3  32,2   09:20    SW
20  13,5  16,1   13:46  10,6   08:24   4,8   0,0   0,0  10,6  32,2   14:41    SW
21  14,6  20,0   16:20   9,2   07:22   4,0   0,2   0,0   5,2  37,0   12:14    SW
22  16,0  21,9   16:40  10,5   03:10   3,0   0,7   0,0   3,9  20,9   12:21    SW
23  14,2  16,8   00:20  11,9   00:00   4,1   0,0   5,2   1,8  35,4   12:15   NNW
24  13,3  19,2   17:01  10,4   09:14   5,0   0,0   0,0   2,0  16,1   17:50    NE
25  13,8  17,3   16:42  10,7   03:40   4,5   0,0   0,2   1,6  14,5   16:59   NNE
26  14,0  16,8   16:33  11,8   08:03   4,3   0,0   0,0   1,9  14,5   16:53    NE
27  13,0  17,8   18:01   7,9   07:44   5,2   0,0   0,0   4,1  25,7   16:00    NE
28  12,8  16,3   15:10   8,0   05:17   5,5   0,0   0,0   2,5  22,5   10:19     W
----------------------------------------------------------------------------------
    13,2  21,9    22     2,7     9   143,9   1,0  64,2   5,6  54,7    13       W

Max >=  40,0:  0
Max <=  15,0:  3
Min <=  20,0: 28
Min <=   0,0:  0
Max Rain: 25,4 on day 12
Days of Rain: 7 (>= 2,0 mm)  1 (>= 10,0 mm)  0 (>= 40,0 mm)
Heat Base: 18,3  Cool Base: 18,3  Method: Integration