No es requerida especial atención con respecto al clima.   -   No hay avisos meteorológicos

Informes Estilo NOAA

Seleccione un año o mes para ver el informe
2018: Ene Feb Mar Abr May Jun Jul Ago Sep Oct Nov Dic
2017: Ene Feb Mar Abr May Jun Jul Ago Sep Oct Nov Dic
2016: Ene Feb Mar Abr May Jun Jul Ago Sep Oct Nov Dic
2015: Ene Feb Mar Abr May Jun Jul Ago Sep Oct Nov Dic
2014: Ene Feb Mar Abr May Jun Jul Ago Sep Oct Nov Dic
2013: Ene Feb Mar Abr May Jun Jul Ago Sep Oct Nov Dic
2012: Ene Feb Mar Abr May Jun Jul Ago Sep Oct Nov Dic
2011: Ene Feb Mar Abr May Jun Jul Ago Sep Oct Nov Dic

Informe 2017 Marzo
                   Monthly Climatological Summary for mar. 2017

Name: MeteoGerena   City: Gerena (Sevilla)   State: España
Elevation: 120 m  Lat: N 37° 31' 28"   Lon: W 006° 09' 29"

                  Temperature (°C), Rain (mm), Wind Speed (km/h)

                                      Heat  Cool        Avg
    Mean                              Deg   Deg         Wind                 Dom
Day Temp  High   Time   Low    Time   Days  Days  Rain  Speed High   Time    Dir
----------------------------------------------------------------------------------
 1  14,6  20,3   16:52   8,8   06:00   4,0   0,3   0,0   3,5  19,3   12:51    NE
 2  14,3  20,9   17:51   8,2   07:54   4,3   0,4   0,0   2,2  16,1   01:08    NE
 3  10,6  13,8   11:54   7,6   22:09   7,7   0,0   5,4   6,9  51,5   16:42    NE
 4  11,8  17,6   17:16   7,6   06:21   6,5   0,0  35,2   5,9  38,6   12:31    NE
 5  12,3  17,3   17:59   9,3   02:46   5,9   0,0   0,8   1,1   8,0   10:06    NE
 6  15,7  21,8   16:32   9,7   08:43   3,3   0,7   0,2   3,0  17,7   13:25   NNE
 7  17,0  24,1   18:15  11,5   07:06   2,4   1,1   0,0   3,2  17,7   01:20    NE
 8  19,3  25,9   16:55  11,8   05:16   1,7   2,7   0,0   7,0  35,4   13:19   NNE
 9  20,0  26,8   16:57  13,8   08:00   1,1   2,8   0,0   8,2  29,0   05:02   NNE
10  20,7  28,3   16:18  12,8   07:22   0,9   3,2   0,0   4,9  20,9   04:05   NNE
11  19,0  27,7   17:17  11,1   07:43   1,7   2,3   0,0   3,7  24,1   16:13    NE
12  17,6  23,3   16:03  12,9   07:33   1,8   1,2   0,0   6,8  40,2   18:15   WNW
13  13,2  16,3   16:31   9,7   08:04   5,1   0,0   0,0  18,2  54,7   13:55   NNE
14  12,0  15,0   00:00  10,2   06:15   6,3   0,0   3,4  12,6  53,1   00:23   NNE
15  15,7  21,5   17:09  11,4   04:44   3,1   0,5   0,0   3,8  22,5   12:20    NE
16  15,3  19,7   16:35  12,2   03:54   3,1   0,1   0,0  10,4  37,0   11:53   NNE
17  15,6  20,4   17:17  11,4   08:23   2,9   0,3   0,0  ----  38,6   08:58   NNE
18  17,4  24,0   16:26   9,4   05:23   2,3   1,4   0,0  ----  20,9   11:53   NNE
19  17,2  25,7   17:31   9,7   06:45   2,8   1,8   0,0  ----  14,5   11:02    NE
20  16,1  23,1   14:08  11,2   07:33   3,1   0,9   0,0  ----  32,2   15:07    NE
21  13,3  18,1   14:58   7,2   07:05   5,0   0,0   0,0  ----  27,4   15:21    NE
22  11,7  16,8   15:26   6,0   07:35   6,6   0,0   0,4  ----  37,0   16:31    NE
23   9,0  15,1   17:24   2,8   07:23   9,2   0,0   0,0  ----  32,2   12:37    NE
24   9,1  15,4   17:05   3,7   04:14   9,2   0,0   0,0  ----  25,7   16:48    NE
25  11,0  15,5   14:38   7,7   00:00   7,2   0,0  24,8  ----  41,8   12:17    NE
26  12,2  17,9   16:36  10,1   03:51   5,9   0,0  12,0  ----  49,9   16:52    NE
27  13,3  18,9   16:42   9,6   07:00   5,0   0,0  10,8  ----  25,7   16:50    NE
28  15,3  21,6   18:41   9,6   06:51   3,6   0,6   0,0  ----  19,3   12:05   NNE
29  17,3  25,0   18:47  10,1   08:28   2,6   1,6   0,0  ----  25,7   12:26   NNE
30  17,9  24,1   16:55  12,1   06:18   1,9   1,5   0,0  ----  25,7   10:35   NNE
31  17,2  23,2   15:56  11,0   08:24   2,3   1,2   0,0  ----  29,0   18:38    NE
----------------------------------------------------------------------------------
    14,9  28,3    10     2,8    23   128,5  24,6  93,0   6,2  54,7    13     NNE

Max >=  40,0:  0
Max <=  15,0:  2
Min <=  20,0: 31
Min <=   0,0:  0
Max Rain: 35,2 on day 4
Days of Rain: 6 (>= 2,0 mm)  4 (>= 10,0 mm)  0 (>= 40,0 mm)
Heat Base: 18,3  Cool Base: 18,3  Method: Integration