No es requerida especial atención con respecto al clima.   -   No hay avisos meteorológicos

Informes Estilo NOAA

Seleccione un año o mes para ver el informe
2018: Ene Feb Mar Abr May Jun Jul Ago Sep Oct Nov Dic
2017: Ene Feb Mar Abr May Jun Jul Ago Sep Oct Nov Dic
2016: Ene Feb Mar Abr May Jun Jul Ago Sep Oct Nov Dic
2015: Ene Feb Mar Abr May Jun Jul Ago Sep Oct Nov Dic
2014: Ene Feb Mar Abr May Jun Jul Ago Sep Oct Nov Dic
2013: Ene Feb Mar Abr May Jun Jul Ago Sep Oct Nov Dic
2012: Ene Feb Mar Abr May Jun Jul Ago Sep Oct Nov Dic
2011: Ene Feb Mar Abr May Jun Jul Ago Sep Oct Nov Dic

Informe 2017 Abril
                   Monthly Climatological Summary for abr. 2017

Name: MeteoGerena   City: Gerena (Sevilla)   State: España
Elevation: 120 m  Lat: N 37° 31' 28"   Lon: W 006° 09' 29"

                  Temperature (°C), Rain (mm), Wind Speed (km/h)

                                      Heat  Cool        Avg
    Mean                              Deg   Deg         Wind                 Dom
Day Temp  High   Time   Low    Time   Days  Days  Rain  Speed High   Time    Dir
----------------------------------------------------------------------------------
 1  16,8  23,3   17:58  11,5   07:50   2,5   1,0   0,0   8,2  33,8   03:28     N
 2  17,2  24,4   18:08   9,8   07:22   2,6   1,6   0,0   5,0  20,9   05:46    NE
 3  18,9  25,3   18:41  10,9   08:17   1,5   2,1   0,0   5,6  32,2   11:56   NNE
 4  18,3  25,5   17:46  10,3   07:39   2,1   2,1   0,0   3,8  25,7   15:44   NNE
 5  18,3  26,6   18:37  11,2   07:36   2,2   2,3   0,0   4,9  25,7   18:58   NNE
 6  18,7  24,2   18:21  13,3   08:10   1,3   1,7   0,0   9,6  33,8   10:29   NNE
 7  18,1  24,5   16:53  11,8   06:39   1,9   1,7   0,0   7,5  32,2   11:19   NNE
 8  18,4  24,3   17:06  13,7   06:22   1,6   1,7   0,0  12,4  37,0   11:12   NNE
 9  18,9  25,2   16:56  13,8   08:14   1,4   2,1   0,0  11,7  33,8   13:35   NNE
10  19,9  26,9   18:28  14,7   07:32   1,1   2,7   0,0  11,3  45,1   10:26   NNE
11  20,4  30,3   18:57  13,1   07:28   1,5   3,6   0,0   3,3  17,7   12:54   NNE
12  21,2  30,5   17:17  11,6   07:57   1,2   4,0   0,0   3,2  19,3   20:48    NE
13  18,6  24,3   15:29  12,3   07:08   1,4   1,8   0,0   4,8  24,1   17:09    NE
14  18,5  26,4   18:51  14,7   01:37   1,7   1,9   0,0   4,1  27,4   20:25    NE
15  19,5  27,4   18:20  13,0   08:07   1,5   2,7   0,0   4,0  29,0   20:44    NE
16  20,4  27,7   18:45  14,3   06:02   1,0   3,2   0,0   3,6  20,9   19:15    NE
17  21,3  30,2   18:45  13,2   07:48   1,2   4,1   0,0   3,2  22,5   19:01    NE
18  24,0  31,8   18:10  15,6   06:46   0,3   5,9   0,0   5,5  27,4   13:08   NNE
19  22,2  29,8   17:24  15,6   06:59   0,3   4,3   0,0   4,6  27,4   15:34    NE
20  19,6  24,7   16:48  15,9   06:37   0,7   2,0   0,0  18,8  49,9   09:41   NNE
21  18,1  23,0   16:05  13,9   07:57   1,4   1,2   0,0  13,7  38,6   06:13   NNE
22  18,8  24,4   17:29  14,1   04:11   1,4   1,9   0,0   9,5  33,8   15:40   NNE
23  20,1  27,0   18:02  15,2   06:56   1,0   2,8   0,0   4,9  24,1   19:35    NE
24  19,3  26,2   17:30  13,2   08:19   1,2   2,3   0,0   4,1  27,4   17:36    NE
25  17,9  22,9   15:41  14,0   05:42   1,4   1,0   0,0   5,0  30,6   17:16   WSW
26  16,9  22,8   16:23  12,5   06:29   2,2   0,8   0,0   5,8  30,6   19:21    NE
27  17,0  21,2   15:29  14,4   07:28   1,7   0,5   3,4   1,2  22,5   15:29    NE
28  13,9  15,6   00:15  13,0   11:45   4,4   0,0  89,0  ----  43,5   12:03   NNE
29  16,1  21,3   16:09  12,8   07:41   2,8   0,6  14,4  ----  35,4   18:41   NNE
30  15,0  19,5   16:55  10,2   07:22   3,4   0,0   0,0  ----  43,5   18:39    NE
----------------------------------------------------------------------------------
    18,7  31,8    18     9,8     2    49,9  63,6 106,8   6,8  49,9    20     NNE

Max >=  40,0:  0
Max <=  15,0:  0
Min <=  20,0: 30
Min <=   0,0:  0
Max Rain: 89,0 on day 28
Days of Rain: 3 (>= 2,0 mm)  2 (>= 10,0 mm)  1 (>= 40,0 mm)
Heat Base: 18,3  Cool Base: 18,3  Method: Integration