No es requerida especial atención con respecto al clima.   -   No hay avisos meteorológicos

Informes Estilo NOAA

Seleccione un año o mes para ver el informe
2018: Ene Feb Mar Abr May Jun Jul Ago Sep Oct Nov Dic
2017: Ene Feb Mar Abr May Jun Jul Ago Sep Oct Nov Dic
2016: Ene Feb Mar Abr May Jun Jul Ago Sep Oct Nov Dic
2015: Ene Feb Mar Abr May Jun Jul Ago Sep Oct Nov Dic
2014: Ene Feb Mar Abr May Jun Jul Ago Sep Oct Nov Dic
2013: Ene Feb Mar Abr May Jun Jul Ago Sep Oct Nov Dic
2012: Ene Feb Mar Abr May Jun Jul Ago Sep Oct Nov Dic
2011: Ene Feb Mar Abr May Jun Jul Ago Sep Oct Nov Dic

Informe 2017 Mayo
                   Monthly Climatological Summary for may. 2017

Name: MeteoGerena   City: Gerena (Sevilla)   State: España
Elevation: 120 m  Lat: N 37° 31' 28"   Lon: W 006° 09' 29"

                  Temperature (°C), Rain (mm), Wind Speed (km/h)

                                      Heat  Cool        Avg
    Mean                              Deg   Deg         Wind                 Dom
Day Temp  High   Time   Low    Time   Days  Days  Rain  Speed High   Time    Dir
----------------------------------------------------------------------------------
 1  16,1  23,5   19:06   8,5   07:20   3,3   1,1   0,0   3,0  19,3   10:10    NE
 2  19,6  26,9   17:59  11,1   07:27   1,6   2,9   0,0   5,6  25,7   10:32   NNE
 3  22,2  30,6   19:16  14,6   05:08   0,6   4,5   0,0   6,8  27,4   11:02   NNE
 4  20,3  26,1   15:54  15,3   07:03   0,4   2,4   0,0   7,0  35,4   17:31    NE
 5  18,2  22,6   16:03  15,4   23:58   0,8   0,8   2,2   9,4  40,2   17:48    NE
 6  17,8  24,7   19:50  11,8   07:45   2,3   1,8   0,0   2,2  24,1   15:41     N
 7  22,1  29,9   18:55  14,6   06:13   0,6   4,4   0,0   5,8  25,7   10:28   NNE
 8  22,8  30,9   18:02  14,6   06:57   0,5   5,0   0,0   5,0  24,1   09:50   NNE
 9  19,6  24,3   14:31  13,5   07:15   0,6   1,9   0,0   7,7  40,2   15:38    NE
10  18,3  22,6   14:35  15,8   05:44   0,9   0,9   2,6   7,4  38,6   17:54    NE
11  17,3  21,9   17:55  14,7   01:33   1,6   0,6  12,0   9,9  57,9   13:05    NE
12  17,6  21,7   16:41  13,9   07:34   1,4   0,7  22,0   2,9  49,9   14:41    SW
13  18,5  23,9   17:32  13,1   07:20   1,5   1,6   0,0  ----  24,1   15:29    SW
14  20,6  28,0   18:53  13,5   06:14   1,3   3,6   0,0  ----  19,3   16:41    SW
15  24,2  30,9   17:22  16,9   06:39   0,1   6,0   0,0  ----  25,7   10:18    SW
16  25,2  31,2   19:05  18,3   06:33   0,0   6,9   0,0  ----  29,0   10:43    SW
17  24,1  31,5   19:19  17,7   07:15   0,0   5,8   0,0  ----  27,4   19:57    SW
18  21,2  26,2   18:22  16,8   07:43   0,1   3,0   0,0  ----  37,0   14:54    SW
19  21,5  28,7   18:32  12,6   06:52   0,9   4,1   0,0  ----  22,5   16:16    SW
20  23,7  31,7   18:21  13,7   07:28   0,3   5,7   0,0  ----  33,8   12:34    SW
21  24,3  28,8   16:42  19,7   23:47   0,0   6,0   0,0  ----  38,6   07:17    SW
22  23,1  30,4   18:54  17,4   06:40   0,1   4,8   0,0  ----  22,5   00:08    SW
23  24,8  32,9   17:06  15,1   07:17   0,2   6,7   0,0  ----  24,1   23:05    SW
24  26,4  34,5   19:02  18,6   04:42   0,0   8,0   0,0  ----  37,0   12:11    SW
25  24,8  32,7   16:35  18,4   07:52   0,0   6,5   0,0  ----  35,4   19:16    SW
26  21,4  25,2   19:22  18,1   06:04   0,0   3,1   0,0  ----  19,3   15:08    SW
27  22,0  28,4   16:16  16,4   06:40   0,2   3,9   0,0  ----  25,7   14:39    SW
28  21,5  26,3   15:59  18,4   05:27   0,0   3,2   0,0  ----  29,0   16:30    SW
29  20,7  26,7   16:44  16,3   07:12   0,4   2,8   0,0  ----  29,0   18:08    SW
30  22,9  30,8   18:09  15,4   08:16   0,4   5,0   0,0  ----  29,0   20:28    SW
31  25,1  33,3   19:22  17,7   05:37   0,0   6,7   0,0  ----  32,2   21:19    SW
----------------------------------------------------------------------------------
    21,5  34,5    24     8,5     1    20,1 120,4  38,8   6,2  57,9    11     NNE

Max >=  40,0:  0
Max <=  15,0:  0
Min <=  20,0: 31
Min <=   0,0:  0
Max Rain: 22,0 on day 12
Days of Rain: 4 (>= 2,0 mm)  2 (>= 10,0 mm)  0 (>= 40,0 mm)
Heat Base: 18,3  Cool Base: 18,3  Method: Integration