No es requerida especial atención con respecto al clima.   -   No hay avisos meteorológicos

Informes Estilo NOAA

Seleccione un año o mes para ver el informe
2018: Ene Feb Mar Abr May Jun Jul Ago Sep Oct Nov Dic
2017: Ene Feb Mar Abr May Jun Jul Ago Sep Oct Nov Dic
2016: Ene Feb Mar Abr May Jun Jul Ago Sep Oct Nov Dic
2015: Ene Feb Mar Abr May Jun Jul Ago Sep Oct Nov Dic
2014: Ene Feb Mar Abr May Jun Jul Ago Sep Oct Nov Dic
2013: Ene Feb Mar Abr May Jun Jul Ago Sep Oct Nov Dic
2012: Ene Feb Mar Abr May Jun Jul Ago Sep Oct Nov Dic
2011: Ene Feb Mar Abr May Jun Jul Ago Sep Oct Nov Dic

Informe 2017 Junio
                   Monthly Climatological Summary for jun. 2017

Name: MeteoGerena   City: Gerena (Sevilla)   State: España
Elevation: 120 m  Lat: N 37° 31' 28"   Lon: W 006° 09' 29"

                  Temperature (°C), Rain (mm), Wind Speed (km/h)

                                      Heat  Cool        Avg
    Mean                              Deg   Deg         Wind                 Dom
Day Temp  High   Time   Low    Time   Days  Days  Rain  Speed High   Time    Dir
----------------------------------------------------------------------------------
 1  26,1  33,9   17:25  18,1   05:08   0,0   7,8   0,0   4,1  25,7   22:48    SW
 2  26,4  33,5   17:04  18,9   06:29   0,0   8,0   0,0   6,4  32,2   19:04    SW
 3  26,2  32,9   17:31  19,2   07:35   0,0   7,8   0,0   6,6  33,8   18:36    SW
 4  24,6  31,3   16:45  16,7   07:42   0,1   6,3   0,0   6,6  35,4   17:17    SW
 5  24,8  32,1   17:47  17,6   07:41   0,0   6,5   0,0   7,0  35,4   20:22    SW
 6  24,9  32,1   18:32  17,8   07:14   0,0   6,6   0,0   5,9  30,6   19:40    SW
 7  27,6  36,6   19:21  18,9   05:50   0,0   9,2   0,0   3,8  22,5   21:05    SW
 8  27,9  35,4   18:21  19,2   06:43   0,0   9,5   0,0   6,5  30,6   19:52    SW
 9  26,7  34,9   18:18  19,3   06:13   0,0   8,4   0,0   5,7  27,4   20:00    SW
10  27,4  37,1   18:32  19,8   06:32   0,0   9,0   0,0   4,8  33,8   20:04    SW
11  29,1  38,4   19:45  20,4   05:16   0,0  10,7   0,0   4,5  24,1   21:03    SW
12  30,3  38,7   17:15  21,1   07:41   0,0  12,0   0,0   7,1  29,0   21:25    SW
13  27,5  33,2   15:52  22,3   07:33   0,0   9,1   0,0   8,4  27,4   17:45    SW
14  26,0  33,6   17:55  19,6   06:39   0,0   7,6   0,0   5,9  29,0   18:40    SW
15  28,5  38,8   18:59  19,9   07:33   0,0  10,1   0,0   4,6  24,1   20:21    SW
16  32,7  41,8   18:46  23,0   07:44   0,0  14,4   0,0   4,1  27,4   20:31    SW
17  33,6  41,3   18:03  25,9   04:10   0,0  15,3   0,0   7,5  30,6   11:33    SW
18  32,6  40,7   18:00  25,5   07:14   0,0  14,2   0,0   6,7  30,6   18:55    SW
19  30,7  38,1   14:50  23,7   07:23   0,0  12,4   0,0   4,7  24,1   21:01    SW
20  31,2  38,9   16:21  25,3   07:19   0,0  12,8   0,0   8,7  35,4   18:56    SW
21  27,5  32,9   16:31  22,3   07:42   0,0   9,1   0,0   8,9  27,4   15:49    SW
22  26,6  34,9   17:51  18,8   07:27   0,0   8,2   0,0   6,0  29,0   18:36    SW
23  27,2  37,4   18:55  18,4   05:13   0,0   8,9   0,0   3,9  30,6   19:16    SW
24  32,2  40,8   17:19  25,4   07:23   0,0  13,9   0,0   7,9  53,1   18:38    SW
25  30,4  37,4   15:50  26,1   23:53   0,0  12,1   0,0   9,4  51,5   17:26    SW
26  27,2  33,9   16:22  20,4   06:33   0,0   8,9   0,0   6,0  29,0   16:21    SW
27  25,0  32,3   17:15  18,8   07:19   0,0   6,7   0,0   6,3  40,2   19:32    SW
28  23,7  28,2   19:24  18,8   07:08   0,0   5,4   0,0   9,9  37,0   15:53    SW
29  22,1  27,4   16:47  15,8   06:51   0,3   4,1   0,0   9,6  40,2   18:08    SW
30  22,1  28,3   18:15  15,1   07:18   0,5   4,2   0,0   8,0  51,5   16:27    SW
----------------------------------------------------------------------------------
    27,6  41,8    16    15,1    30     0,9 279,2   0,0   6,5  53,1    24      SW

Max >=  40,0:  4
Max <=  15,0:  0
Min <=  20,0: 18
Min <=   0,0:  0
Max Rain: 0,0 on day 0
Days of Rain: 0 (>= 2,0 mm)  0 (>= 10,0 mm)  0 (>= 40,0 mm)
Heat Base: 18,3  Cool Base: 18,3  Method: Integration