No es requerida especial atención con respecto al clima.   -   No hay avisos meteorológicos

Informes Estilo NOAA

Seleccione un año o mes para ver el informe
2018: Ene Feb Mar Abr May Jun Jul Ago Sep Oct Nov Dic
2017: Ene Feb Mar Abr May Jun Jul Ago Sep Oct Nov Dic
2016: Ene Feb Mar Abr May Jun Jul Ago Sep Oct Nov Dic
2015: Ene Feb Mar Abr May Jun Jul Ago Sep Oct Nov Dic
2014: Ene Feb Mar Abr May Jun Jul Ago Sep Oct Nov Dic
2013: Ene Feb Mar Abr May Jun Jul Ago Sep Oct Nov Dic
2012: Ene Feb Mar Abr May Jun Jul Ago Sep Oct Nov Dic
2011: Ene Feb Mar Abr May Jun Jul Ago Sep Oct Nov Dic

Informe 2017 Agosto
                   Monthly Climatological Summary for ago. 2017

Name: MeteoGerena   City: Gerena (Sevilla)   State: España
Elevation: 120 m  Lat: N 37° 31' 28"   Lon: W 006° 09' 29"

                  Temperature (°C), Rain (mm), Wind Speed (km/h)

                                      Heat  Cool        Avg
    Mean                              Deg   Deg         Wind                 Dom
Day Temp  High   Time   Low    Time   Days  Days  Rain  Speed High   Time    Dir
----------------------------------------------------------------------------------
 1  26,9  33,8   19:13  22,3   07:29   0,0   8,5   0,0   5,2  29,0   20:25    SW
 2  28,6  37,7   18:19  19,9   06:09   0,0  10,2   0,0   3,8  29,0   21:36    SW
 3  30,9  40,3   18:28  20,9   07:28   0,0  12,5   0,0   3,9  27,4   13:35    SW
 4  34,7  42,7   17:01  26,3   07:30   0,0  16,3   0,0   5,2  29,0   19:46    SW
 5  33,8  41,9   16:21  25,5   07:26   0,0  15,4   0,0   5,8  37,0   19:00    SW
 6  32,1  41,2   18:46  24,7   07:45   0,0  13,7   0,0   6,5  35,4   20:19    SW
 7  31,3  40,2   18:14  23,5   08:43   0,0  12,9   0,0   6,7  32,2   19:21    SW
 8  29,4  36,6   17:30  21,2   08:13   0,0  11,1   0,0   5,9  27,4   15:42     S
11  27,3  36,4   19:37  19,9   08:24   0,0   8,7   0,0   6,6  24,1   21:40    SW
12  29,2  36,6   17:57  21,7   07:11   0,0  10,9   0,0   7,2  27,4   14:23   SSW
13  29,1  37,8   19:24  20,6   07:45   0,0  10,6   0,0   6,4  29,0   14:36    SW
14  28,9  37,2   18:47  22,1   06:48   0,0  10,5   0,0   6,3  32,2   21:01    SW
15  29,0  38,2   18:36  21,2   08:08   0,0  10,7   0,0   4,9  29,0   19:08    SW
16  30,7  39,3   18:17  21,8   08:00   0,0  12,3   0,0   3,3  24,1   16:02    SW
17  30,3  39,1   17:47  22,6   07:18   0,0  11,9   0,0   4,1  27,4   19:27    SW
18  29,7  40,0   17:30  22,4   05:09   0,0  11,4   0,0   4,7  30,6   19:28    SW
19  30,4  40,2   17:32  22,0   08:03   0,0  12,1   0,0   4,1  29,0   19:35    SW
20  30,7  39,5   18:16  22,7   07:12   0,0  12,4   0,0   5,2  25,7   21:03    SW
21  30,3  38,2   18:55  23,5   07:37   0,0  12,0   0,0   6,4  27,4   20:21    SW
22  29,5  37,8   17:34  21,7   07:58   0,0  11,1   0,0   5,2  29,0   19:35    SW
23  29,6  38,8   17:43  22,1   07:25   0,0  11,2   0,0   5,0  30,6   18:51    SW
24  29,2  37,6   18:28  21,0   08:19   0,0  10,9   0,0   5,3  25,7   18:50    SW
25  29,2  36,9   18:08  21,7   07:58   0,0  10,7   0,0   4,7  25,7   14:06    SW
26  29,7  35,4   16:44  23,5   08:08   0,0  11,4   0,0   3,5  24,1   17:23   SSW
27  27,4  30,5   16:26  23,1   09:49   0,0   9,0   1,4   7,4  33,8   15:28    SW
28  23,5  28,9   16:35  18,7   07:22   0,0   5,1   0,0   7,2  32,2   17:33    SW
29  21,1  26,6   14:19  19,0   16:41   0,0   2,8   0,2   4,0  29,0   14:30    SW
30  23,1  30,5   18:52  16,2   07:45   0,3   5,0   0,0   3,0  19,3   19:13    SW
31  26,3  33,8   17:51  18,6   08:19   0,0   7,9   0,0   4,0  20,9   12:17   SSW
----------------------------------------------------------------------------------
    29,0  42,7     4    16,2    30     0,3 309,2   1,6   5,2  37,0     5      SW

Max >=  40,0:  7
Max <=  15,0:  0
Min <=  20,0:  6
Min <=   0,0:  0
Max Rain: 1,4 on day 27
Days of Rain: 0 (>= 2,0 mm)  0 (>= 10,0 mm)  0 (>= 40,0 mm)
Heat Base: 18,3  Cool Base: 18,3  Method: Integration