No es requerida especial atención con respecto al clima.   -   No hay avisos meteorológicos

Informes Estilo NOAA

Seleccione un año o mes para ver el informe
2018: Ene Feb Mar Abr May Jun Jul Ago Sep Oct Nov Dic
2017: Ene Feb Mar Abr May Jun Jul Ago Sep Oct Nov Dic
2016: Ene Feb Mar Abr May Jun Jul Ago Sep Oct Nov Dic
2015: Ene Feb Mar Abr May Jun Jul Ago Sep Oct Nov Dic
2014: Ene Feb Mar Abr May Jun Jul Ago Sep Oct Nov Dic
2013: Ene Feb Mar Abr May Jun Jul Ago Sep Oct Nov Dic
2012: Ene Feb Mar Abr May Jun Jul Ago Sep Oct Nov Dic
2011: Ene Feb Mar Abr May Jun Jul Ago Sep Oct Nov Dic

Informe 2017 Diciembre
                   Monthly Climatological Summary for dic. 2017

Name: MeteoGerena   City: Gerena (Sevilla)   State: España
Elevation: 120 m  Lat: N 37° 31' 28"   Lon: W 006° 09' 29"

                  Temperature (°C), Rain (mm), Wind Speed (km/h)

                                      Heat  Cool        Avg
    Mean                              Deg   Deg         Wind                 Dom
Day Temp  High   Time   Low    Time   Days  Days  Rain  Speed High   Time    Dir
----------------------------------------------------------------------------------
 1   9,7  15,8   15:29   4,0   08:21   8,5   0,0   0,0   6,0  22,5   04:12     N
 2   8,9  13,1   16:40   4,4   07:49   9,4   0,0   0,0   5,0  24,1   22:38   NNE
 3   8,2  12,8   15:48   3,9   05:52  10,1   0,0   0,0   6,2  29,0   08:37   NNE
 4   8,8  14,9   15:45   1,2   08:15   9,5   0,0   0,0   8,3  37,0   12:43   NNE
 5  10,0  15,0   16:49   3,3   08:21   8,3   0,0   0,0   4,9  25,7   12:16   NNE
 6   9,2  14,7   16:02   3,2   07:20   9,1   0,0   0,0   3,8  20,9   12:04   NNE
 7   9,1  15,1   16:24   3,1   08:29   9,2   0,0   0,0   2,8  17,7   14:15   NNE
 8  10,3  18,4   17:01   3,9   07:00   8,0   0,0   0,0   0,6  11,3   15:29    NE
 9  12,3  16,8   15:46   7,7   08:10   6,0   0,0   0,0   0,8  12,9   23:59     N
10  14,2  18,3   15:28   8,9   09:07   4,1   0,0   0,0   8,2  35,4   23:22    NE
11  12,5  16,8   01:12   8,2   23:59   5,8   0,0  17,6  11,2  56,3   03:00    NE
12   9,8  15,3   16:02   6,2   03:39   8,5   0,0   0,0   3,5  25,7   07:44     N
13   8,7  14,6   16:51   3,7   07:59   9,5   0,0   0,0   1,1  14,5   14:18   NNE
14   9,8  15,1   15:14   4,7   08:24   8,5   0,0   0,0   1,4  22,5   17:21    NE
16  12,7  15,8   14:45   9,4   00:00   2,9   0,0   0,0   9,7  27,4   15:28     N
17  10,2  14,2   16:25   4,9   08:44   8,1   0,0   0,0   7,7  33,8   10:59     N
18   9,3  14,6   16:02   3,2   08:18   8,8   0,0   0,2   5,1  29,0   14:29     N
19  10,8  17,4   15:59   4,7   04:41   7,6   0,0   0,0   4,3  32,2   13:43   NNE
20  10,4  16,8   16:47   4,6   08:27   7,9   0,0   0,0   0,9  12,9   01:54    SW
21  10,0  16,2   16:19   4,1   07:02   8,3   0,0   0,0   1,2  14,5   14:13     S
22   9,8  16,1   16:24   3,8   08:44   8,5   0,0   0,0   0,4   8,0   11:58   SSW
23  10,0  15,6   16:33   4,3   08:42   8,3   0,0   0,0   0,8  16,1   13:16   SSW
24  12,3  17,2   16:19   6,2   08:37   6,0   0,0   0,0   4,3  30,6   11:35   SSW
25  10,2  13,5   16:36   7,6   07:10   8,0   0,0   6,8   0,4  11,3   11:20   SSW
26  11,6  13,9   14:05   9,7   09:16   6,7   0,0   0,2   2,8  25,7   23:48   WSW
27  13,4  15,6   14:34  10,9   23:44   4,9   0,0   1,2   8,6  43,5   04:59    SW
----------------------------------------------------------------------------------
    10,5  18,4     8     1,2     4   200,5   0,0  26,0   4,1  56,3    11     NNE

Max >=  40,0:  0
Max <=  15,0: 10
Min <=  20,0: 26
Min <=   0,0:  0
Max Rain: 17,6 on day 11
Days of Rain: 2 (>= 2,0 mm)  1 (>= 10,0 mm)  0 (>= 40,0 mm)
Heat Base: 18,3  Cool Base: 18,3  Method: Integration