No es requerida especial atención con respecto al clima.   -   No hay avisos meteorológicos

Informes Estilo NOAA

Seleccione un año o mes para ver el informe
2019: Ene Feb Mar Abr May Jun Jul Ago Sep Oct Nov Dic
2018: Ene Feb Mar Abr May Jun Jul Ago Sep Oct Nov Dic
2017: Ene Feb Mar Abr May Jun Jul Ago Sep Oct Nov Dic
2016: Ene Feb Mar Abr May Jun Jul Ago Sep Oct Nov Dic
2015: Ene Feb Mar Abr May Jun Jul Ago Sep Oct Nov Dic
2014: Ene Feb Mar Abr May Jun Jul Ago Sep Oct Nov Dic
2013: Ene Feb Mar Abr May Jun Jul Ago Sep Oct Nov Dic
2012: Ene Feb Mar Abr May Jun Jul Ago Sep Oct Nov Dic
2011: Ene Feb Mar Abr May Jun Jul Ago Sep Oct Nov Dic

Informe 2018 Noviembre
                   Monthly Climatological Summary for nov. 2018

Name: MeteoGerena   City: Gerena (Sevilla)   State: España
Elevation: 120 m  Lat: N 37° 31' 28"   Lon: W 006° 09' 29"

                  Temperature (°C), Rain (mm), Wind Speed (km/h)

                                      Heat  Cool        Avg
    Mean                              Deg   Deg         Wind                 Dom
Day Temp  High   Time   Low    Time   Days  Days  Rain  Speed High   Time    Dir
----------------------------------------------------------------------------------
 1  13,4  19,1   16:40   9,1   02:55   4,9   0,0   0,0   5,6  22,5   16:53    SW
 2  14,6  19,4   14:01   8,8   07:25   3,9   0,1   0,0   3,6  24,1   13:32    SW
 3  15,0  20,2   17:49  10,8   06:41   3,4   0,1   0,2   1,3  14,5   12:36   SSW
 4  13,9  17,1   16:06  10,5   06:24   4,4   0,0   0,0   2,4  16,1   15:01    SW
 5  13,6  16,8   16:41   9,8   23:28   4,7   0,0   8,6   7,4  38,6   02:50    SW
 6  12,2  17,9   16:08   7,3   07:56   6,1   0,0   0,0   2,4  19,3   14:17    SW
 7  14,3  18,2   16:35  12,2   07:02   4,0   0,0   3,4   1,3  11,3   19:41    SW
 8  14,6  18,2   16:29  12,1   23:58   3,7   0,0   4,2   4,2  29,0   21:06    SW
 9  13,0  18,0   15:48   7,8   06:55   5,3   0,0   0,0   2,6  20,9   17:01    SW
10  14,1  17,9   17:30  10,7   02:03   4,2   0,0   0,0   2,2  17,7   17:56    SW
11  17,0  21,2   14:56  14,6   22:47   1,7   0,4   1,6   3,4  22,5   17:56    SW
12  14,2  15,0   00:32  13,4   07:56   4,1   0,0  41,0   3,6  19,3   09:48    SW
13  16,1  20,3   15:18  11,8   08:39   2,5   0,3   0,0   3,6  17,7   11:48   SSW
14  17,6  21,9   16:34  13,1   08:26   1,4   0,7   0,0   6,2  33,8   11:57   SSW
15  17,1  21,2   14:42  13,3   08:13   1,7   0,5   0,0   1,2  14,5   05:09   SSW
16  16,7  21,2   16:16  12,6   07:29   2,0   0,5   0,0   5,2  22,5   10:47    SW
17  16,3  20,5   16:45  12,9   07:53   2,3   0,3   0,0   4,6  17,7   05:45    SW
18  14,3  15,6   00:00  12,8   22:39   4,0   0,0  25,4   7,6  29,0   06:34    SW
19  13,8  17,2   16:13  11,9   08:42   4,4   0,0   1,6   4,7  25,7   00:40    SW
20  13,6  17,2   12:58  11,7   22:47   4,7   0,0   9,8   6,5  38,6   13:02    SW
21  12,9  18,3   15:59  10,1   06:27   5,4   0,0   0,2   2,0  22,5   16:00    SW
22  12,5  13,9   13:36  11,3   00:00   5,8   0,0   8,8   2,0  14,5   23:26    SW
23  12,9  17,4   16:38  10,2   09:27   5,4   0,0   0,2   2,8  12,9   23:16    SW
24  11,7  16,0   16:14   7,5   07:41   6,5   0,0   1,2   2,8  16,1   02:21    SW
25  15,9  18,6   14:36  13,4   00:00   2,4   0,0  10,4   9,0  38,6   23:22    SW
26  12,9  16,3   13:33   9,2   08:37   5,4   0,0   0,0   6,1  29,0   02:05    SW
27  12,0  17,1   16:36   7,6   08:50   6,3   0,0   0,0   3,5  20,9   01:24    SW
28  11,6  17,4   16:21   6,0   08:22   6,7   0,0   0,0   2,7  17,7   02:29    SW
29  11,2  15,7   14:27   5,4   07:46   7,1   0,0   0,0   1,1  11,3   10:38    SW
30  13,8  17,6   16:00  11,1   08:12   4,5   0,0   2,0   3,5  27,4   14:09    SW
----------------------------------------------------------------------------------
    14,1  21,9    14     5,4    29   128,9   2,9 118,6   3,8  38,6     5      SW

Max >=  40,0:  0
Max <=  15,0:  2
Min <=  20,0: 30
Min <=   0,0:  0
Max Rain: 41,0 on day 12
Days of Rain: 9 (>= 2,0 mm)  3 (>= 10,0 mm)  1 (>= 40,0 mm)
Heat Base: 18,3  Cool Base: 18,3  Method: Integration