No es requerida especial atención con respecto al clima.   -   No hay avisos meteorológicos

Informes Estilo NOAA

Seleccione un año o mes para ver el informe
2018: Ene Feb Mar Abr May Jun Jul Ago Sep Oct Nov Dic
2017: Ene Feb Mar Abr May Jun Jul Ago Sep Oct Nov Dic
2016: Ene Feb Mar Abr May Jun Jul Ago Sep Oct Nov Dic
2015: Ene Feb Mar Abr May Jun Jul Ago Sep Oct Nov Dic
2014: Ene Feb Mar Abr May Jun Jul Ago Sep Oct Nov Dic
2013: Ene Feb Mar Abr May Jun Jul Ago Sep Oct Nov Dic
2012: Ene Feb Mar Abr May Jun Jul Ago Sep Oct Nov Dic
2011: Ene Feb Mar Abr May Jun Jul Ago Sep Oct Nov Dic

Informe 2012 Abril
                   Monthly Climatological Summary for abr 2012

Name: MeteoGerena   City: Gerena (Sevilla)   State: España
Elevation: 120 m  Lat: N 37° 31' 28"   Lon: W 006° 09' 29"

                  Temperature (°C), Rain (mm), Wind Speed (km/h)

                                      Heat  Cool        Avg
    Mean                              Deg   Deg         Wind                 Dom
Day Temp  High   Time   Low    Time   Days  Days  Rain  Speed High   Time    Dir
----------------------------------------------------------------------------------
 1  15,2  18,3   16:45  13,3   08:59   3,1   0,0  11,1   4,3  25,6   13:49   ESE
 2  13,8  17,5   16:45  12,6   08:07   4,5   0,0  15,9   2,7  22,0   17:38     S
 3  14,5  19,2   16:18  12,6   01:56   3,8   0,0   2,1   4,7  36,7   15:49    SW
 4  13,9  16,3   19:00  11,8   08:45   4,4   0,0   0,3   7,5  31,7   17:05   WSW
 5  13,1  18,0   15:41   9,9   23:57   5,2   0,0   1,2   8,5  37,8   12:29    SW
 6   9,9  16,1   16:28   4,9   07:49   8,5   0,0   3,9   6,0  45,4   19:38    SW
 7  12,3  19,8   18:49   6,0   08:45   6,1   0,1   0,0   4,8  23,4   17:28   WSW
 8  15,7  23,6   17:54   7,8   06:09   4,0   1,4   0,0   4,9  29,5   13:48   ENE
 9  19,1  28,0   17:55  10,5   08:49   2,3   3,1   0,0   5,3  20,9   00:37     S
10  16,5  20,8   17:43  11,0   08:28   2,2   0,4   0,0   8,8  39,2   16:28     W
11  16,1  21,7   17:06  11,1   08:05   2,8   0,6   0,0   6,6  24,5   15:00     W
12  15,0  19,6   17:27  10,9   06:37   3,4   0,1   0,3   7,8  40,3   14:51    NW
13  15,0  19,9   16:52  10,1   08:05   3,4   0,1   0,0  11,9  39,2   15:58   WNW
14  14,7  19,6   16:57  11,3   06:37   3,6   0,1   0,0  15,7  52,6   19:25   WSW
15  13,9  18,9   18:48   9,1   07:54   4,5   0,0   0,0  13,2  45,4   16:37    NW
16  15,3  20,5   18:06   9,1   08:31   3,4   0,4   0,0   9,6  41,8   18:13     N
17  17,8  25,9   18:19   9,5   07:36   2,5   2,1   0,0   7,3  33,1   17:18     W
18  15,4  20,0   14:53  10,9   07:43   3,0   0,1   0,0   9,2  36,7   10:39   WNW
19  15,7  20,8   18:18  11,9   08:22   2,9   0,3   0,0  13,3  45,4   15:26   WSW
20  16,3  20,8   17:03  12,1   07:56   2,5   0,5   0,0   8,9  31,7   20:05   WSW
21  17,7  24,9   16:44  11,2   07:59   2,3   1,8   0,0   6,5  28,1   14:34   WNW
22  18,6  24,8   17:34  12,9   07:55   1,5   1,8   0,0   7,9  34,2   17:47    NW
23  17,3  24,5   15:48  10,7   07:24   2,4   1,5   0,0   6,9  35,6   16:32   WNW
24  17,9  25,2   18:14  11,2   07:59   2,1   1,7   0,0   5,9  25,6   13:48    NW
25  16,1  21,7   15:39  10,2   07:22   2,9   0,6   0,0   8,9  41,8   18:54    SW
26  17,1  20,6   12:30  13,2   01:29   1,7   0,4   0,0  12,3  39,2   12:39   SSW
27  16,8  20,9   16:44  15,0   23:16   1,9   0,4   3,0   9,3  34,2   11:30   SSW
28  13,9  17,9   15:25  10,6   23:16   4,4   0,0   5,4  10,2  58,7   19:15    SW
29  11,7  15,5   14:49   9,5   05:57   6,6   0,0  14,4   6,5  43,9   17:15    SW
30  13,2  19,3   16:08   7,0   07:53   5,1   0,0   1,2   6,5  45,4   16:38    SW
----------------------------------------------------------------------------------
    15,3  28,0     9     4,9     6   107,0  17,5  58,8   8,1  58,7    28       W

Max >=  30,0:  0
Max <=  15,0:  0
Min <=  22,0: 30
Min <=   0,0:  0
Max Rain: 15,9 on day 2
Days of Rain: 7 (>= 2,0 mm)  3 (>= 10,0 mm)  0 (>= 40,0 mm)
Heat Base: 18,3  Cool Base: 18,3  Method: Integration