No es requerida especial atención con respecto al clima.   -   No hay avisos meteorológicos

Informes Estilo NOAA

Seleccione un año o mes para ver el informe
2017: Ene Feb Mar Abr May Jun Jul Ago Sep Oct Nov Dic
2016: Ene Feb Mar Abr May Jun Jul Ago Sep Oct Nov Dic
2015: Ene Feb Mar Abr May Jun Jul Ago Sep Oct Nov Dic
2014: Ene Feb Mar Abr May Jun Jul Ago Sep Oct Nov Dic
2013: Ene Feb Mar Abr May Jun Jul Ago Sep Oct Nov Dic
2012: Ene Feb Mar Abr May Jun Jul Ago Sep Oct Nov Dic
2011: Ene Feb Mar Abr May Jun Jul Ago Sep Oct Nov Dic

Informe 2017 Noviembre
                   Monthly Climatological Summary for nov. 2017

Name: MeteoGerena   City: Gerena (Sevilla)   State: España
Elevation: 120 m  Lat: N 37° 31' 28"   Lon: W 006° 09' 29"

                  Temperature (°C), Rain (mm), Wind Speed (km/h)

                                      Heat  Cool        Avg
    Mean                              Deg   Deg         Wind                 Dom
Day Temp  High   Time   Low    Time   Days  Days  Rain  Speed High   Time    Dir
----------------------------------------------------------------------------------
 1  19,5  25,5   16:30  14,4   07:24   0,9   2,1   0,0   4,1  22,5   10:26    SW
 2  18,7  22,6   15:17  15,2   07:05   0,7   1,1   0,0   3,3  24,1   13:59    SW
 3  17,7  19,9   15:56  15,7   23:47   0,8   0,2   7,4   2,7  17,7   17:31    SW
 4  17,0  21,2   14:44  14,4   00:00   1,8   0,5   8,4   4,7  33,8   15:14    NE
 5  16,3  22,0   15:46  11,6   08:08   2,6   0,6   0,0   1,8  19,3   23:24     N
 6  16,7  20,4   16:17  14,3   23:59   1,9   0,3   0,0  12,3  41,8   12:08   NNE
 7  15,9  20,8   16:08  12,1   08:02   2,8   0,4   0,0   5,3  29,0   10:10     N
 8  15,2  22,6   17:36   8,8   07:13   3,7   0,7   0,0   3,0  25,7   23:51     N
 9  15,1  19,0   16:21  11,6   08:04   3,2   0,1   0,0  11,1  37,0   09:20     N
10  14,8  20,1   16:24  10,2   05:25   3,7   0,2   0,0   6,4  27,4   01:54   NNE
11  15,2  21,7   15:30   8,8   08:00   3,6   0,5   0,0   3,5  20,9   02:30     N
12  15,7  24,3   16:18   8,4   06:43   3,7   1,1   0,0   1,9  17,7   16:06    NE
13  15,6  22,2   16:43   9,3   08:06   3,3   0,6   0,0   1,9  20,9   22:38     N
14  14,2  20,6   16:10   8,0   07:58   4,4   0,2   0,0   4,5  24,1   14:14   NNE
15  13,6  20,6   16:31   6,5   06:49   4,9   0,2   0,0   2,5  20,9   11:22   NNE
16  13,6  20,4   16:55   6,6   07:41   4,9   0,3   0,0   2,0  17,7   14:51   NNE
17  13,8  21,3   16:42   7,1   07:17   4,8   0,4   0,0   1,0  17,7   11:42   NNE
18  13,9  21,6   17:40   7,1   07:58   4,8   0,5   0,0   1,7  16,1   13:41   NNE
19  14,7  21,7   16:11   6,7   08:09   4,2   0,6   0,0   3,7  22,5   12:35   NNE
20  15,2  22,8   16:07   8,6   07:41   3,9   0,8   0,0   2,7  20,9   12:42     N
21  14,8  23,6   16:09   7,6   06:50   4,3   0,8   0,0   1,5  17,7   12:38     N
----------------------------------------------------------------------------------
    15,6  25,5     1     6,5    15    68,9  12,2  15,8   3,9  41,8     6       N

Max >=  40,0:  0
Max <=  15,0:  0
Min <=  20,0: 21
Min <=   0,0:  0
Max Rain: 8,4 on day 4
Days of Rain: 2 (>= 2,0 mm)  0 (>= 10,0 mm)  0 (>= 40,0 mm)
Heat Base: 18,3  Cool Base: 18,3  Method: Integration