No es requerida especial atención con respecto al clima.   -   No hay avisos meteorológicos

Informes Estilo NOAA

Seleccione un año o mes para ver el informe
2017: Ene Feb Mar Abr May Jun Jul Ago Sep Oct Nov Dic
2016: Ene Feb Mar Abr May Jun Jul Ago Sep Oct Nov Dic
2015: Ene Feb Mar Abr May Jun Jul Ago Sep Oct Nov Dic
2014: Ene Feb Mar Abr May Jun Jul Ago Sep Oct Nov Dic
2013: Ene Feb Mar Abr May Jun Jul Ago Sep Oct Nov Dic
2012: Ene Feb Mar Abr May Jun Jul Ago Sep Oct Nov Dic
2011: Ene Feb Mar Abr May Jun Jul Ago Sep Oct Nov Dic

Informe 2017 Septiembre
                   Monthly Climatological Summary for sep. 2017

Name: MeteoGerena   City: Gerena (Sevilla)   State: España
Elevation: 120 m  Lat: N 37° 31' 28"   Lon: W 006° 09' 29"

                  Temperature (°C), Rain (mm), Wind Speed (km/h)

                                      Heat  Cool        Avg
    Mean                              Deg   Deg         Wind                 Dom
Day Temp  High   Time   Low    Time   Days  Days  Rain  Speed High   Time    Dir
----------------------------------------------------------------------------------
 1  27,9  35,4   18:35  20,4   08:17   0,0   9,5   0,0   4,8  29,0   20:13   SSW
 2  27,8  34,6   18:38  21,3   08:05   0,0   9,6   0,0   6,1  32,2   20:59   SSW
 3  27,9  35,3   17:03  21,9   08:06   0,0   9,5   0,0   5,7  32,2   19:18   SSW
 4  27,5  35,3   17:29  20,3   05:51   0,0   9,2   0,0   5,1  25,7   15:32    SW
 5  26,5  27,5   23:17   0,0   17:56   0,0   0,3   0,0   2,8  12,9   23:55    SW
 6  27,0  28,1   00:00  26,7   00:25   0,0   0,3   0,0   4,1   8,0   00:02    SW
 7  28,6  36,6   16:59  21,6   07:22   0,0  10,1   0,0   5,7  30,6   18:22    SW
 8  27,0  36,2   16:58  18,9   08:07   0,0   8,7   0,0   5,4  30,6   16:44   SSW
 9  23,5  29,9   17:06  16,2   07:35   0,1   5,2   0,0   8,0  33,8   19:40    SW
11  24,0  35,8   17:57  16,2   07:34   0,4   7,8   0,0   3,5  37,0   01:39    SW
12  29,6  36,5   18:01  22,2   08:03   0,0  11,1   0,0   5,3  33,8   02:17   SSW
13  28,2  36,2   17:42  20,3   08:26   0,0   9,8   0,0   5,7  30,6   19:56    SW
14  25,3  33,1   16:32  18,2   07:46   0,0   7,0   0,0   5,3  33,8   18:23    SW
15  23,6  30,3   15:56  17,3   08:27   0,0   5,3   0,0   5,9  30,6   17:16    SW
16  21,0  28,2   16:55  13,8   08:16   0,7   3,4   0,0   5,5  35,4   18:03    SW
17  20,7  29,5   18:06  14,2   09:05   1,0   3,4   0,0   4,3  29,0   20:21    SW
18  22,1  30,8   17:26  13,7   07:53   0,8   4,5   0,0   4,4  41,8   16:35     S
19  24,1  31,9   17:32  18,4   04:50   0,0   5,8   0,0   4,3  24,1   20:13   SSW
20  23,5  31,7   17:34  16,1   08:15   0,2   5,4   0,0   3,2  17,7   13:58    SW
----------------------------------------------------------------------------------
    25,6  36,6     7     0,0     5     3,2 125,9   0,0   5,1  41,8    18      SW

Max >=  40,0:  0
Max <=  15,0:  0
Min <=  20,0: 11
Min <=   0,0:  1
Max Rain: 0,0 on day 0
Days of Rain: 0 (>= 2,0 mm)  0 (>= 10,0 mm)  0 (>= 40,0 mm)
Heat Base: 18,3  Cool Base: 18,3  Method: Integration