No es requerida especial atención con respecto al clima.   -   No hay avisos meteorológicos

Informes Estilo NOAA

Seleccione un año o mes para ver el informe
2018: Ene Feb Mar Abr May Jun Jul Ago Sep Oct Nov Dic
2017: Ene Feb Mar Abr May Jun Jul Ago Sep Oct Nov Dic
2016: Ene Feb Mar Abr May Jun Jul Ago Sep Oct Nov Dic
2015: Ene Feb Mar Abr May Jun Jul Ago Sep Oct Nov Dic
2014: Ene Feb Mar Abr May Jun Jul Ago Sep Oct Nov Dic
2013: Ene Feb Mar Abr May Jun Jul Ago Sep Oct Nov Dic
2012: Ene Feb Mar Abr May Jun Jul Ago Sep Oct Nov Dic
2011: Ene Feb Mar Abr May Jun Jul Ago Sep Oct Nov Dic

Informe 2015
                   Annual Climatological Summary for 2015

Name: MeteoGerena   City: Gerena (Sevilla)   State: España
Elevation: 120 m  Lat: N 37° 31' 28"   Lon: W 006° 09' 29"

                  Temperature (°C), Heat Base: 18,3  Cool Base: 18,3
                          Dep.  Heat  Cool                       Max  Max  Min  Min
        Mean  Mean        From  Deg   Deg                        >=   <=   <=   <=
 YR MO  Max   Min   Mean  Norm  Days  Days  Hi  Date  Low  Date 40,0 15,0 20,0   0,0
------------------------------------------------------------------------------------
 15  1  15,7   4,8  10,2  -0,7   249     0  19,1  12   1,8    1    0   10   31    0
 15  2  16,5   6,7  11,4  -1,1   192     1  23,1  26   2,4    5    0    9   28    0
 15  3  21,7   9,5  15,5   0,6   121    32  32,3  31   5,8   24    0    3   31    0
 15  4  24,1  13,0  18,1   1,6    55    49  32,1   1  10,8   19    0    0   30    0
 15  5  31,2  16,3  23,6   3,9    10   172  39,2  13  12,7    6    0    0   30    0
 15  6  32,7  19,1  25,9   2,1     3   229  41,4  28  12,1   14    2    0   16    0
 15  7  38,3  22,6  30,2   3,0     0   366  42,2   7  18,1    1    9    0    4    0
 15  8  34,8  21,6  27,7   0,7     0   290  40,5   7  18,0   24    1    0   11    0
 15  9  29,7  17,4  23,0  -1,5     5   144  33,6  22  13,6   17    0    0   27    0
 15 10  24,2  15,8  19,6  -0,1    21    61  31,2   2  12,1   30    0    0   31    0
 15 11  21,5  11,1  15,9   1,0    92    22  25,3   7   5,8   24    0    0   30    0
 15 12  18,9   9,4  13,9   2,0   139     3  21,7   3   6,2   25    0    2   31    0
------------------------------------------------------------------------------------
        25,8  14,0  19,6   1,0   891  1374  42,2 jul   1,8  ene   12   24  300    0

                                Precipitation (mm)

              Dep.   Max        Days of Rain
              From   Obs.           >=
 YR MO Total  Norm   Day Date  2,0 10,0 40,0
---------------------------------------------
 15  1  65,0   0,0  45,6  18     4    1    1
 15  2   3,0 -51,0   1,0   2     0    0    0
 15  3  34,6  -3,4  21,4  17     4    1    0
 15  4  55,2  -1,8  21,4  15     7    2    0
 15  5   1,2 -32,8   1,0  24     0    0    0
 15  6   5,8  -7,2   4,2  15     1    0    0
 15  7   0,0  -2,0   0,0   0     0    0    0
 15  8   0,8  -5,2   0,4   9     0    0    0
 15  9   8,3 -14,7   3,7  16     2    0    0
 15 10 138,8  76,8  58,2  18    10    5    1
 15 11  69,2 -14,8  31,0   2     4    3    0
 15 12  23,2 -71,8  10,0  31     3    1    0
---------------------------------------------
       405,1-127,9  58,2  oct   35   13    2

                                Wind Speed (km/h)
                          Dom
 YR MO   Avg.  Hi   Date  Dir
------------------------------
 15  1   4,5  49,9   31    NW
 15  2   7,1  69,2   17   NNW
 15  3   5,8  57,9    5    NE
 15  4   5,6  43,5   26     N
 15  5   6,1  51,5   24   WSW
 15  6   6,9  41,8   23    SW
 15  7   6,0  45,1   30    SW
 15  8   6,0  41,8   23    SW
 15  9   5,9  67,6    7    SW
 15 10   4,3  45,1   17   SSE
 15 11   4,8  41,8   21    NE
 15 12   3,7  37,0    9    NE
------------------------------
         5,6  69,2  feb     W