No es requerida especial atención con respecto al clima.   -   No hay avisos meteorológicos

Informes Estilo NOAA


Informe 2013
                   Annual Climatological Summary for 2013

Name: MeteoGerena   City: Gerena (Sevilla)   State: España
Elevation: 120 m  Lat: N 37° 31' 28"   Lon: W 006° 09' 29"

                  Temperature (°C), Heat Base: 18,3  Cool Base: 18,3
                          Dep.  Heat  Cool                       Max  Max  Min  Min
        Mean  Mean        From  Deg   Deg                        >=   <=   <=   <=
 YR MO  Max   Min   Mean  Norm  Days  Days  Hi  Date  Low  Date 30,0 15,0 22,0   0,0
------------------------------------------------------------------------------------
 13  1  16,0   6,8  11,0   0,1   226     0  21,2  31   3,8   15    0   14   31    0
 13  2  16,1   6,4  11,0  -1,5   204     0  21,1  14   2,4   10    0   10   28    0
 13  3  17,9   9,7  13,4  -1,4   160     4  27,3  15   2,2    1    0    4   32    0
 13  4  22,9  11,6  17,0   0,5    86    48  32,3  17   5,3    6    3    1   29    0
 13  5  26,2  13,1  19,4  -0,3    53    88  32,2   9   7,1   18    9    0   31    0
 13  6  31,9  17,9  24,7   0,9     9   203  37,4  30  11,1    8   21    0   27    0
 13  7  35,7  21,0  28,0   0,8     0   300  40,7   9  18,1   16   30    0   25    0
 13  8  36,9  22,0  29,2   2,2     0   339  41,3  20  19,8   27   29    0   16    0
 13  9  31,4  19,9  25,1   0,6     0   204  35,1  21  16,4   26   21    0   28    0
 13 10  26,3  16,3  20,8   1,1    19    96  31,2  16  10,0   31    6    0   31    0
 13 11  19,5   9,2  14,4  -0,5   137    18  25,7   2   3,9   30    0    3   30    0
 13 12  16,9   6,5  11,7  -0,2   205     0  19,9   6   2,5   30    0    4   31    0
------------------------------------------------------------------------------------
        24,8  13,4  18,8   0,2  1102  1306  41,3 ago   2,2  mar  119   36  339    0

                                Precipitation (mm)

              Dep.   Max        Days of Rain
              From   Obs.           >=
 YR MO Total  Norm   Day Date  2,0 10,0 40,0
---------------------------------------------
 13  1  57,9  -7,1  21,3  19     6    2    0
 13  2 118,5  64,5  46,5  19     6    3    1
 13  3 255,0 217,0  29,7   5    17    9    0
 13  4  32,1 -24,9  12,6   1     4    1    0
 13  5   7,5 -26,5   6,0  15     1    0    0
 13  6   0,0 -13,0   0,0  24     0    0    0
 13  7   3,0   1,0   3,0  27     1    0    0
 13  8   0,0  -6,0   0,0   0     0    0    0
 13  9  21,6  -1,4   8,1  27     4    0    0
 13 10 172,1 110,1  81,3  22     4    3    2
 13 11   0,3 -83,7   0,3  22     0    0    0
 13 12  54,0 -41,0  31,5  25     5    1    0
---------------------------------------------
       722,0 189,0  81,3  oct   48   19    3

                                Wind Speed (km/h)
                          Dom
 YR MO   Avg.  Hi   Date  Dir
------------------------------
 13  1   6,0  76,0   19     W
 13  2  ----  63,7   22   ---
 13  3   8,6  64,8    7    SW
 13  4   6,6  62,3   28   WNW
 13  5   7,1  52,6   18   WSW
 13  6   7,8  43,9   18   SSW
 13  7   7,7  41,8    5   SSW
 13  8   6,7  41,8   16   SSW
 13  9   7,5  45,4    4   SSW
 13 10   5,3  54,0   22     S
 13 11   6,4  41,8   15   NNE
 13 12   6,6  61,2   25   NNE
------------------------------
         6,9  76,0  ene     S