No es requerida especial atención con respecto al clima.   -   No hay avisos meteorológicos

Informes Estilo NOAA


Informe 2014
                   Annual Climatological Summary for 2014

Name: MeteoGerena   City: Gerena (Sevilla)   State: España
Elevation: 120 m  Lat: N 37° 31' 28"   Lon: W 006° 09' 29"

                  Temperature (°C), Heat Base: 18,3  Cool Base: 18,3
                          Dep.  Heat  Cool                       Max  Max  Min  Min
        Mean  Mean        From  Deg   Deg                        >=   <=   <=   <=
 YR MO  Max   Min   Mean  Norm  Days  Days  Hi  Date  Low  Date 30,0 15,0 22,0   0,0
------------------------------------------------------------------------------------
 14  1  16,3   7,9  11,9   1,0   201     1  22,3  26   3,6   20    0    9   31    0
 14  2  16,3   7,7  11,9  -0,6   180     0  20,6  28   3,7    2    0    8   28    0
 14  3  20,9   9,2  14,7  -0,2   130    17  26,6  17   4,8   27    0    1   31    0
 14  4  25,2  12,9  18,7   2,2    59    68  31,7  17   7,1    4    5    0   30    0
 14  5  29,4  15,5  22,3   2,6    19   144  35,4  11  10,7   22   16    0   31    0
 14  6  31,1  17,7  24,2   0,4     5   181  40,1  14  14,3    2   19    0   29    0
 14  7  34,3  19,3  26,3  -0,9     0   249  39,8  16  16,6    1   26    0   27    0
 14  8  35,8  20,3  27,6   0,6     0   277  39,6  27  17,3    2   30    0   24    0
 14  9  30,4  19,1  24,1  -0,4     1   194  38,2   1  16,3   29   19    0   33    0
 14 10  27,5  16,8  21,7   2,0    13   119  32,6  22  12,6   14    7    0   31    0
 14 11  19,7  12,0  15,7   0,8    89    11  24,8   1   7,2    6    0    1   30    0
 14 12  15,5   6,1  10,5  -1,4   240     0  20,3   1   0,7   30    0   13   31    0
------------------------------------------------------------------------------------
        25,2  13,7  19,1   0,5   942  1267  40,1 jun   0,7  dic  122   32  356    0

                                Precipitation (mm)

              Dep.   Max        Days of Rain
              From   Obs.           >=
 YR MO Total  Norm   Day Date  2,0 10,0 40,0
---------------------------------------------
 14  1  69,3   4,3  12,9  19     8    2    0
 14  2 104,4  50,4  23,1   9     9    4    0
 14  3  26,7 -11,3  16,8  28     4    1    0
 14  4  40,8 -16,2  20,7  20     3    2    0
 14  5  12,6 -21,4  12,6  21     1    1    0
 14  6  26,4  13,4  21,0  24     2    1    0
 14  7   0,0  -2,0   0,0   0     0    0    0
 14  8   0,0  -6,0   0,0   0     0    0    0
 14  9  48,2  25,2  17,8  19     6    2    0
 14 10  77,6  15,6  35,8  10     6    3    0
 14 11 132,4  48,4  27,8  28    12    5    0
 14 12  78,2 -16,8  63,2  13     2    2    1
---------------------------------------------
       616,6  83,6  63,2  dic   53   23    1

                                Wind Speed (km/h)
                          Dom
 YR MO   Avg.  Hi   Date  Dir
------------------------------
 14  1   5,7  63,7    4     W
 14  2   7,3  69,8    9   WSW
 14  3   8,8  54,0   31   WNW
 14  4   7,2  66,2   24    SW
 14  5   9,2  57,6   21    SW
 14  6   9,2  47,9    4    SW
 14  7   8,8  46,4   24    SW
 14  8   8,3  45,4    4    SW
 14  9   5,1  46,7   16   SSW
 14 10   5,0  41,8   13    NE
 14 11   5,4  62,8   28    NW
 14 12   3,8  54,7   13   NNE
------------------------------
         7,0  69,8  feb   WSW