No es requerida especial atención con respecto al clima.   -   No hay avisos meteorológicos

Informes Estilo NOAA

Seleccione un año o mes para ver el informe
2018: Ene Feb Mar Abr May Jun Jul Ago Sep Oct Nov Dic
2017: Ene Feb Mar Abr May Jun Jul Ago Sep Oct Nov Dic
2016: Ene Feb Mar Abr May Jun Jul Ago Sep Oct Nov Dic
2015: Ene Feb Mar Abr May Jun Jul Ago Sep Oct Nov Dic
2014: Ene Feb Mar Abr May Jun Jul Ago Sep Oct Nov Dic
2013: Ene Feb Mar Abr May Jun Jul Ago Sep Oct Nov Dic
2012: Ene Feb Mar Abr May Jun Jul Ago Sep Oct Nov Dic
2011: Ene Feb Mar Abr May Jun Jul Ago Sep Oct Nov Dic

Informe 2016
                   Annual Climatological Summary for 2016

Name: MeteoGerena   City: Gerena (Sevilla)   State: España
Elevation: 120 m  Lat: N 37° 31' 28"   Lon: W 006° 09' 29"

                  Temperature (°C), Heat Base: 18,3  Cool Base: 18,3
                          Dep.  Heat  Cool                       Max  Max  Min  Min
        Mean  Mean        From  Deg   Deg                        >=   <=   <=   <=
 YR MO  Max   Min   Mean  Norm  Days  Days  Hi  Date  Low  Date 40,0 15,0 20,0   0,0
------------------------------------------------------------------------------------
 16  1  16,6   9,3  12,7   1,8   172     0  20,6  24   4,8   17    0    6   31    0
 16  2  17,2   8,3  12,8   0,3   158     1  21,6   1   0,0   17    0    6   29    1
 16  3  19,4   7,6  13,2  -1,7   162     7  24,3  29   4,7    1    0    1   31    0
 16  4  21,8  11,9  16,4  -0,1    82    27  27,0  26   7,1    2    0    0   30    0
 16  5  25,0  14,0  19,3  -0,4    47    84  31,9  20   9,6   13    0    0   31    0
 16  6  33,0  18,9  25,8   2,0     3   225  37,4   8  13,7    4    0    0   18    0
 16  7  37,2  22,1  29,3   2,1     0   339  40,3   9  19,1    1    2    0    5    0
 16  8  37,0  22,7  29,4   2,4     0   341  39,3  26  19,8   21    0    0    2    0
 16  9  33,0  19,2  25,8   1,3     3   226  42,9   5  14,1   15    2    0   20    0
 16 10  26,5  16,0  20,9   1,2    19    99  32,9   4  10,4   15    0    0   31    0
 16 11  18,8  10,1  13,8  -1,1   141     9  25,9   3   4,6   24    0    3   30    0
 16 12  16,9   8,9  12,7   0,8   172     0  20,1   5   4,6   31    0    4   31    0
------------------------------------------------------------------------------------
        25,2  14,1  19,3   0,7   963  1364  42,9 sep   0,0  feb    4   20  289    1

                                Precipitation (mm)

              Dep.   Max        Days of Rain
              From   Obs.           >=
 YR MO Total  Norm   Day Date  2,0 10,0 40,0
---------------------------------------------
 16  1  35,2 -29,8   8,8   5     5    0    0
 16  2  23,4 -30,6  11,6  26     3    1    0
 16  3  34,6  -3,4  18,0  21     4    1    0
 16  4  71,6  14,6  27,2   4     7    2    0
 16  5 217,9 183,9  80,5  21    10    6    1
 16  6   0,0 -13,0   0,0   0     0    0    0
 16  7   1,2  -0,8   1,2  20     0    0    0
 16  8   0,4  -5,6   0,4  16     0    0    0
 16  9   8,2 -14,8   8,2  13     1    0    0
 16 10  88,8  26,8  31,0  22     6    3    0
 16 11 140,2  56,2  45,2  25     7    5    1
 16 12 111,2  16,2  41,2   4     6    4    1
---------------------------------------------
       732,7 199,7  80,5  may   49   22    3

                                Wind Speed (km/h)
                          Dom
 YR MO   Avg.  Hi   Date  Dir
------------------------------
 16  1   4,4  46,7    4     W
 16  2   8,9  70,8   14     W
 16  3   4,8  43,5    7     W
 16  4   5,2  45,1   10   WSW
 16  5   6,5  51,5    8    SW
 16  6   6,0  38,6   29     W
 16  7   6,7  41,8    3    SW
 16  8   4,4  38,6   29    SW
 16  9   5,3  40,2   20    SW
 16 10   4,9  48,3   23     E
 16 11   4,2  53,1   21   WNW
 16 12   5,3  38,6   18   NNE
------------------------------
         5,6  70,8  feb     W