No es requerida especial atención con respecto al clima.   -   No hay avisos meteorológicos

Informes Estilo NOAA


Informe 2017
                   Annual Climatological Summary for 2017

Name: MeteoGerena   City: Gerena (Sevilla)   State: España
Elevation: 120 m  Lat: N 37° 31' 28"   Lon: W 006° 09' 29"

                  Temperature (°C), Heat Base: 18,3  Cool Base: 18,3
                          Dep.  Heat  Cool                       Max  Max  Min  Min
        Mean  Mean        From  Deg   Deg                        >=   <=   <=   <=
 YR MO  Max   Min   Mean  Norm  Days  Days  Hi  Date  Low  Date 40,0 15,0 20,0   0,0
------------------------------------------------------------------------------------
 17  1  16,0   5,1  10,2  -0,7   247     0  19,1  12   1,2   25    0    6   31    0
 17  2  17,4   9,3  13,2   0,7   143     1  21,9  22   2,7    9    0    3   28    0
 17  3  20,8   9,7  14,9   0,0   128    24  28,3  10   2,8   23    0    2   31    0
 17  4  25,2  13,1  18,7   2,2    49    63  31,8  18   9,8    2    0    0   30    0
 17  5  28,0  15,4  21,5   1,8    20   120  34,5  24   8,5    1    0    0   31    0
 17  6  35,2  20,4  27,6   3,8     0   279  41,8  16  15,1   30    4    0   18    0
 17  7  35,7  20,3  27,5   0,3     0   212  43,7  20  17,2   21    2    0    8    0
 17  8  37,0  21,7  29,0   2,0     0   309  42,7   4  16,2   30    7    0    6    0
 17  9  32,4  17,9  25,2   0,7     4   196  37,9   6   0,0    5    0    0   20    1
 17 10  29,9  17,6  23,3   3,6     6   148  34,9   6  12,3   30    0    0   24    0
 17 11  21,3   9,8  15,3   0,4   103    14  25,5   1   6,5   15    0    1   29    0
 17 12  15,5   5,4  10,5  -1,4   200     0  18,4   8   1,2    4    0   10   26    0
------------------------------------------------------------------------------------
        26,2  13,8  19,8   1,1   905  1371  43,7jul.   0,0 sep.   13   22  282    1

                                Precipitation (mm)

              Dep.   Max        Days of Rain
              From   Obs.           >=
 YR MO Total  Norm   Day Date  2,0 10,0 40,0
---------------------------------------------
 17  1  15,2 -49,8  13,0  26     2    1    0
 17  2  64,2  10,2  25,4  12     7    1    0
 17  3  93,0  55,0  35,2   4     6    4    0
 17  4 106,8  49,8  89,0  28     3    2    1
 17  5  38,8   4,8  22,0  12     4    2    0
 17  6   0,0 -13,0   0,0   0     0    0    0
 17  7   0,2  -1,8   0,2   6     0    0    0
 17  8   1,6  -4,4   1,4  27     0    0    0
 17  9   0,0 -23,0   0,0   0     0    0    0
 17 10  23,4 -38,6  11,6  17     3    1    0
 17 11  28,2 -55,8  10,6  30     3    1    0
 17 12  26,0 -69,0  17,6  11     2    1    0
---------------------------------------------
       397,4-135,6  89,0 abr.   30   13    1

                                Wind Speed (km/h)
                          Dom
 YR MO   Avg.  Hi   Date  Dir
------------------------------
 17  1   2,1  45,1   27   NNE
 17  2   5,6  54,7   13   WSW
 17  3   6,2  54,7   13   NNE
 17  4   6,8  49,9   20   NNE
 17  5   6,2  57,9   11    NE
 17  6   6,5  53,1   24    SW
 17  7   6,2  45,1    8    SW
 17  8   5,1  37,0    5    SW
 17  9   4,7  41,8   18    SW
 17 10   3,8  33,8   21   SSW
 17 11   3,5  41,8    6   NNE
 17 12   4,1  56,3   11   NNE
------------------------------
         5,1  57,9 may.   WNW