No es requerida especial atención con respecto al clima.   -   No hay avisos meteorológicos

Informes Estilo NOAA

Seleccione un año o mes para ver el informe
2018: Ene Feb Mar Abr May Jun Jul Ago Sep Oct Nov Dic
2017: Ene Feb Mar Abr May Jun Jul Ago Sep Oct Nov Dic
2016: Ene Feb Mar Abr May Jun Jul Ago Sep Oct Nov Dic
2015: Ene Feb Mar Abr May Jun Jul Ago Sep Oct Nov Dic
2014: Ene Feb Mar Abr May Jun Jul Ago Sep Oct Nov Dic
2013: Ene Feb Mar Abr May Jun Jul Ago Sep Oct Nov Dic
2012: Ene Feb Mar Abr May Jun Jul Ago Sep Oct Nov Dic
2011: Ene Feb Mar Abr May Jun Jul Ago Sep Oct Nov Dic

Informe 2012
                   Annual Climatological Summary for 2012

Name: MeteoGerena   City: Gerena (Sevilla)   State: España
Elevation: 120 m  Lat: N 37° 31' 28"   Lon: W 006° 09' 29"

                  Temperature (°C), Heat Base: 18,3  Cool Base: 18,3
                          Dep.  Heat  Cool                       Max  Max  Min  Min
        Mean  Mean        From  Deg   Deg                        >=   <=   <=   <=
 YR MO  Max   Min   Mean  Norm  Days  Days  Hi  Date  Low  Date 30,0 15,0 22,0   0,0
------------------------------------------------------------------------------------
 12  1  17,3   5,3  11,0   0,1   228     1  22,2   5   1,9   31    0    4   31    0
 12  2  17,5   3,1  10,1  -2,4   241     4  22,8  27  -0,9   12    0    7   29    1
 12  3  22,2   9,4  15,4   0,5   114    24  28,0  14   4,6   21    0    0   31    0
 12  4  20,7  10,6  15,3  -1,2   107    17  28,0   9   4,9    6    0    0   30    0
 12  5  30,1  16,9  23,4   3,7    29   186  38,3  15   9,4   21   18    0   26    0
 12  6  34,4  20,2  27,1   3,3     1   264  41,1  24  15,8   20   28    0   24    0
 12  7  36,2  20,6  28,4   1,2     0   312  40,9  19  17,0   28   29    0   25    0
 12  8  37,7  21,9  29,5   2,5     0   349  44,8  11  18,0    6   31    0   17    0
 12  9  31,1  19,1  24,7   0,2     4   195  38,3  12  14,6   25   22    0   29    0
 12 10  25,2  14,9  19,5  -0,2    41    80  34,4   9   8,1   31    5    0   31    0
 12 11  18,6  11,5  14,8  -0,1   112     8  23,3   3   4,5   29    0    3   30    0
 12 12  16,0   7,9  11,6  -0,3   207     0  19,6  23   3,0    3    0    9   31    0
------------------------------------------------------------------------------------
        25,6  13,4  19,2   0,6  1089  1444  44,8 ago  -0,9  feb  133   23  334    1

                                Precipitation (mm)

              Dep.   Max        Days of Rain
              From   Obs.           >=
 YR MO Total  Norm   Day Date  2,0 10,0 40,0
---------------------------------------------
 12  1  15,0 -50,0  11,4  15     2    1    0
 12  2   0,6 -53,4   0,3  17     0    0    0
 12  3  18,3 -19,7   9,9  30     2    0    0
 12  4  58,8   1,8  15,9   2     7    3    0
 12  5  37,2   3,2  17,4   5     3    2    0
 12  6   0,0 -13,0   0,0  24     0    0    0
 12  7   0,0  -2,0   0,0   0     0    0    0
 12  8   0,0  -6,0   0,0   0     0    0    0
 12  9  23,7   0,7  13,5  27     3    1    0
 12 10  86,7  24,7  31,8  25     7    3    0
 12 11 184,5 100,5  55,8   4    12    5    1
 12 12  40,2 -54,8  16,2   7     4    2    0
---------------------------------------------
       465,0 -68,0  55,8  nov   40   17    1

                                Wind Speed (km/h)
                          Dom
 YR MO   Avg.  Hi   Date  Dir
------------------------------
 12  1   5,4  46,4   17   NNE
 12  2   7,1  61,2    4   NNE
 12  3   8,4  50,0   27    NE
 12  4   8,1  58,7   28     W
 12  5   7,9  50,0    4   WSW
 12  6   7,9  45,4   15   WSW
 12  7   8,3  46,4    8    SW
 12  8   6,9  47,9    5    SW
 12  9   6,6  42,8   23     S
 12 10   5,5  50,0   18    SE
 12 11   6,8  50,0    3   NNE
 12 12   4,3  41,8   15     N
------------------------------
         6,9  61,2  feb     W