No es requerida especial atención con respecto al clima.   -   No hay avisos meteorológicos

Informes Estilo NOAA

Seleccione un año o mes para ver el informe
2018: Ene Feb Mar Abr May Jun Jul Ago Sep Oct Nov Dic
2017: Ene Feb Mar Abr May Jun Jul Ago Sep Oct Nov Dic
2016: Ene Feb Mar Abr May Jun Jul Ago Sep Oct Nov Dic
2015: Ene Feb Mar Abr May Jun Jul Ago Sep Oct Nov Dic
2014: Ene Feb Mar Abr May Jun Jul Ago Sep Oct Nov Dic
2013: Ene Feb Mar Abr May Jun Jul Ago Sep Oct Nov Dic
2012: Ene Feb Mar Abr May Jun Jul Ago Sep Oct Nov Dic
2011: Ene Feb Mar Abr May Jun Jul Ago Sep Oct Nov Dic

Informe 2018
                   Annual Climatological Summary for 2018

Name: MeteoGerena   City: Gerena (Sevilla)   State: España
Elevation: 120 m  Lat: N 37° 31' 28"   Lon: W 006° 09' 29"

                  Temperature (°C), Heat Base: 18,3  Cool Base: 18,3
                          Dep.  Heat  Cool                       Max  Max  Min  Min
        Mean  Mean        From  Deg   Deg                        >=   <=   <=   <=
 YR MO  Max   Min   Mean  Norm  Days  Days  Hi  Date  Low  Date 40,0 15,0 20,0   0,0
------------------------------------------------------------------------------------
 18  1  15,7   6,8  10,7  -0,2   150     0  19,7  22   3,1    9    0    8   20    0
 18  2  16,9   5,8  11,2  -1,3   199     1  22,2  16   1,5    9    0    7   28    0
 18  3  17,6   8,8  13,1  -1,8   166     4  26,3  28   4,2   20    0    4   31    0
 18  4  21,3  10,9  15,7  -0,8   104    29  28,6  23   6,6    9    0    2   30    0
 18  5  24,6  12,5  18,0  -1,7    28    24  28,9  15   7,6    2    0    0   14    0
 18  6  29,2  15,1  22,2  -1,6     0     4  29,2  30  15,1   30    0    0    1    0
 18  7  33,1  17,8  25,3  -1,9     1   183  38,9  31   0,0   29    0    0   24    1
 18  8  38,3  22,5  29,9   2,9     0   167  43,3   3  17,9   16    6    0    3    0
 18  9
 18 10
 18 11
 18 12
------------------------------------------------------------------------------------
        24,6  12,5  18,3  -0,8   651   416  43,3ago.   0,0 jul.    6   21  151    1

                                Precipitation (mm)

              Dep.   Max        Days of Rain
              From   Obs.           >=
 YR MO Total  Norm   Day Date  2,0 10,0 40,0
---------------------------------------------
 18  1  87,8  22,8  50,4   9     5    3    1
 18  2  50,2  -3,8  44,2  28     2    1    1
 18  3 221,4 183,4  51,0   1    17    8    1
 18  4  87,2  30,2  20,8  10     9    4    0
 18  5  21,8 -12,2  11,8   6     3    1    0
 18  6   0,0 -13,0   0,0   0     0    0    0
 18  7   0,0  -2,0   0,0   0     0    0    0
 18  8   0,0  -6,0   0,0   0     0    0    0
 18  9
 18 10
 18 11
 18 12
---------------------------------------------
       468,4 199,4  51,0 mar.   36   17    3

                                Wind Speed (km/h)
                          Dom
 YR MO   Avg.  Hi   Date  Dir
------------------------------
 18  1   2,7  45,1    5   NNE
 18  2   4,0  75,6   28   SSW
 18  3  10,8  75,6    1    NE
 18  4   7,3  54,7    8    NE
 18  5   4,3  46,7    6    NE
 18  6  11,0  30,6   30    NE
 18  7   6,6  38,6   15    NE
 18  8   5,8  43,5   13    SW
 18  9
 18 10
 18 11
 18 12
------------------------------
         6,6  75,6 feb.    NE