No es requerida especial atención con respecto al clima.   -   No hay avisos meteorológicos

NOAA-Style Climate Reports

Select a Year or Month report
2018: Jan Fev Mar Abr Mai Jun Jul Ago Set Out Nov Dez
2017: Jan Fev Mar Abr Mai Jun Jul Ago Set Out Nov Dez
2016: Jan Fev Mar Abr Mai Jun Jul Ago Set Out Nov Dez
2015: Jan Fev Mar Abr Mai Jun Jul Ago Set Out Nov Dez
2014: Jan Fev Mar Abr Mai Jun Jul Ago Set Out Nov Dez
2013: Jan Fev Mar Abr Mai Jun Jul Ago Set Out Nov Dez
2012: Jan Fev Mar Abr Mai Jun Jul Ago Set Out Nov Dez
2011: Jan Fev Mar Abr Mai Jun Jul Ago Set Out Nov Dez

Report for 2018 Maio
                   Monthly Climatological Summary for may. 2018

Name: MeteoGerena   City: Gerena (Sevilla)   State: España
Elevation: 120 m  Lat: N 37° 31' 28"   Lon: W 006° 09' 29"

                  Temperature (°C), Rain (mm), Wind Speed (km/h)

                                      Heat  Cool        Avg
    Mean                              Deg   Deg         Wind                 Dom
Day Temp  High   Time   Low    Time   Days  Days  Rain  Speed High   Time    Dir
----------------------------------------------------------------------------------
 1  12,4  17,6   14:48   7,8   07:16   5,9   0,0   4,2   4,3  32,2   17:19    NE
 2  14,2  21,0   18:33   7,6   07:24   4,5   0,4   0,0  ----  29,0   20:07    NE
 3  17,2  24,4   17:27  10,2   07:04   2,8   1,6   0,0  ----  25,7   20:30    NE
 4  18,2  25,7   18:10  12,9   07:04   1,6   1,4   0,0  ----  41,8   18:55   NNE
 5  19,3  27,8   19:28  11,4   06:54   2,0   3,0   0,0  ----  16,1   23:53   NNE
 6  20,2  26,9   17:59  14,4   03:26   0,8   2,7  11,8  ----  46,7   20:05   NNE
 7  20,2  27,1   17:36  14,7   07:57   0,5   2,4   0,0  ----  33,8   18:20   NNE
 8  18,3  25,1   15:09  13,9   08:19   1,5   1,4   5,6  ----  22,5   15:14    NE
 9  18,1  22,6   17:57  16,3   08:54   0,9   0,7   0,2  ----  25,7   20:14    NE
10  18,2  23,4   16:22  14,4   08:18   1,4   1,3   0,0  ----  25,7   18:19    NE
11  17,6  24,7   17:53  11,9   07:19   2,2   1,5   0,0  ----  24,1   18:10    NE
12  17,6  22,6   16:37  13,1   07:22   1,8   1,1   0,0  ----  35,4   19:26    NE
14  18,2  26,4   18:10  10,4   06:19   2,6   2,5   0,0  ----  32,2   17:59   NNE
15  22,6  28,9   19:43  15,8   07:27   0,2   4,5   0,0  ----  32,2   10:29   NNE
----------------------------------------------------------------------------------
    18,0  28,9    15     7,6     2    28,7  24,5  21,8   4,3  46,7     6      NE

Max >=  40,0:  0
Max <=  15,0:  0
Min <=  20,0: 14
Min <=   0,0:  0
Max Rain: 11,8 on day 6
Days of Rain: 3 (>= 2,0 mm)  1 (>= 10,0 mm)  0 (>= 40,0 mm)
Heat Base: 18,3  Cool Base: 18,3  Method: Integration