No es requerida especial atención con respecto al clima.   -   No hay avisos meteorológicos

NOAA-Style Climate Reports

Select a Year or Month report
2018: Jan Fev Mar Abr Mai Jun Jul Ago Set Out Nov Dez
2017: Jan Fev Mar Abr Mai Jun Jul Ago Set Out Nov Dez
2016: Jan Fev Mar Abr Mai Jun Jul Ago Set Out Nov Dez
2015: Jan Fev Mar Abr Mai Jun Jul Ago Set Out Nov Dez
2014: Jan Fev Mar Abr Mai Jun Jul Ago Set Out Nov Dez
2013: Jan Fev Mar Abr Mai Jun Jul Ago Set Out Nov Dez
2012: Jan Fev Mar Abr Mai Jun Jul Ago Set Out Nov Dez
2011: Jan Fev Mar Abr Mai Jun Jul Ago Set Out Nov Dez

Report for 2018 Agosto
                   Monthly Climatological Summary for ago. 2018

Name: MeteoGerena   City: Gerena (Sevilla)   State: España
Elevation: 120 m  Lat: N 37° 31' 28"   Lon: W 006° 09' 29"

                  Temperature (°C), Rain (mm), Wind Speed (km/h)

                                      Heat  Cool        Avg
    Mean                              Deg   Deg         Wind                 Dom
Day Temp  High   Time   Low    Time   Days  Days  Rain  Speed High   Time    Dir
----------------------------------------------------------------------------------
 1  31,8  40,4   17:28  23,3   06:50   0,0  13,5   0,0   6,0  30,6   19:08   SSW
 2  33,9  40,6   18:30  28,4   05:38   0,0  15,6   0,0  10,7  40,2   14:10   SSW
 3  34,1  43,3   18:47  26,3   06:27   0,0  15,7   0,0   5,8  33,8   19:37   SSW
 4  33,1  42,4   15:57  26,0   08:05   0,0  14,8   0,0   7,2  32,2   18:41    SW
 5  31,6  41,7   16:48  23,3   06:25   0,0  13,2   0,0   5,4  32,2   19:12   WNW
 6  32,1  41,6   18:03  23,7   07:43   0,0  13,8   0,0   5,2  32,2   18:59    NW
 7  31,7  39,7   18:20  23,9   07:07   0,0  13,4   0,0   5,7  30,6   18:28   WSW
 8  28,9  35,2   16:28  21,9   08:35   0,0  10,5   0,0   7,0  35,4   14:28   WSW
 9  26,8  34,2   19:22  20,1   07:44   0,0   8,4   0,0   4,7  32,2   16:44     W
10  28,7  37,0   18:32  20,4   07:06   0,0  10,5   0,0   3,7  22,5   20:05   SSW
13  29,8  37,6   18:08  21,6   05:51   0,0  14,0   0,0  15,4  43,5   19:14    SW
14  26,5  35,2   17:25  19,3   07:35   0,0   8,2   0,0   5,1  30,6   18:59   NNW
16  23,5  31,4   18:13  17,9   06:41   0,0   8,4   0,0   5,6  30,6   18:59    SW
17  26,4  36,2   18:48  18,9   07:07   0,0   8,0   0,0   4,0  24,1   21:47   WSW
18  29,5  37,1   18:55  21,1   07:05   0,0  11,2   0,0   5,2  27,4   23:15   SSW
19  30,1  37,2   17:41  24,1   07:11   0,0  11,6   0,0   7,6  30,6   17:44   SSW
20  29,2  35,6   17:54  23,9   06:12   0,0  10,9   0,0   7,1  29,0   15:06   SSW
----------------------------------------------------------------------------------
    29,9  43,3     3    17,9    16     0,0 201,7   0,0   6,2  43,5    13      SW

Max >=  40,0:  6
Max <=  15,0:  0
Min <=  20,0:  3
Min <=   0,0:  0
Max Rain: 0,0 on day 0
Days of Rain: 0 (>= 2,0 mm)  0 (>= 10,0 mm)  0 (>= 40,0 mm)
Heat Base: 18,3  Cool Base: 18,3  Method: Integration