No es requerida especial atención con respecto al clima.   -   No hay avisos meteorológicos

NOAA-Style Climate Reports

Select a Year or Month report
2018: Jan Fev Mar Abr Mai Jun Jul Ago Set Out Nov Dez
2017: Jan Fev Mar Abr Mai Jun Jul Ago Set Out Nov Dez
2016: Jan Fev Mar Abr Mai Jun Jul Ago Set Out Nov Dez
2015: Jan Fev Mar Abr Mai Jun Jul Ago Set Out Nov Dez
2014: Jan Fev Mar Abr Mai Jun Jul Ago Set Out Nov Dez
2013: Jan Fev Mar Abr Mai Jun Jul Ago Set Out Nov Dez
2012: Jan Fev Mar Abr Mai Jun Jul Ago Set Out Nov Dez
2011: Jan Fev Mar Abr Mai Jun Jul Ago Set Out Nov Dez

Report for 2018 Abril
                   Monthly Climatological Summary for abr. 2018

Name: MeteoGerena   City: Gerena (Sevilla)   State: España
Elevation: 120 m  Lat: N 37° 31' 28"   Lon: W 006° 09' 29"

                  Temperature (°C), Rain (mm), Wind Speed (km/h)

                                      Heat  Cool        Avg
    Mean                              Deg   Deg         Wind                 Dom
Day Temp  High   Time   Low    Time   Days  Days  Rain  Speed High   Time    Dir
----------------------------------------------------------------------------------
 1  15,3  22,9   18:04   8,3   08:21   3,9   1,0   0,0   6,1  32,2   10:42   NNE
 2  15,5  20,0   16:30  10,0   07:33   3,0   0,2   0,4   6,3  32,2   15:08    NE
 3  15,7  20,4   15:52  11,6   07:15   2,8   0,3   0,0   9,7  46,7   16:34    NE
 4  15,3  21,2   17:15   9,7   08:31   3,4   0,5   0,0   6,4  29,0   16:13    NE
 5  16,8  24,4   18:54   8,7   08:05   3,1   1,6   0,0   5,7  32,2   11:20   NNE
 6  16,3  21,1   14:59  12,0   08:25   2,4   0,5   1,6   8,4  38,6   18:34   NNE
 7  12,3  16,3   14:52   9,9   07:02   6,0   0,0  12,2   6,7  38,6   15:51    NE
 8  12,5  18,1   15:59   7,8   08:03   5,7   0,0   0,4   8,8  54,7   21:44    NE
 9  11,0  15,8   16:24   6,6   08:18   7,3   0,0   0,2   8,4  38,6   17:10    NE
10  10,7  14,7   17:57   7,1   06:22   7,5   0,0  20,8   9,3  45,1   12:59    NE
11  12,3  17,8   18:33   7,4   04:56   5,9   0,0   0,4  10,2  38,6   16:08    NE
12  10,8  13,4   20:10   9,2   05:38   7,4   0,0  17,8   4,7  40,2   14:11    NE
13  11,0  16,5   18:25   6,7   04:22   7,3   0,0  11,0   7,1  33,8   13:59   NNE
14  14,1  20,6   16:28   7,5   07:01   4,5   0,4   0,0   6,0  33,8   19:56    NE
15  13,3  18,0   13:24   9,5   07:51   5,0   0,0   1,0   4,6  25,7   20:07    NE
16  14,3  20,6   19:25   8,0   07:37   4,3   0,3   3,0   5,3  24,1   17:10    NE
17  17,1  25,1   18:11   9,4   07:47   3,1   2,0   0,0   3,5  24,1   13:04   NNE
18  20,2  27,7   18:56  13,4   07:27   1,3   3,2   0,0   6,3  29,0   10:58   NNE
19  20,1  26,0   17:50  15,4   04:33   0,8   2,6   0,0  11,2  37,0   14:14   NNE
20  18,8  23,9   17:19  15,1   06:18   1,0   1,5   0,0  15,1  48,3   12:27   NNE
21  18,4  23,2   18:24  15,2   05:55   0,7   0,9   5,2   9,1  40,2   07:48   NNE
22  19,3  23,9   15:47  15,2   07:22   0,8   1,8   0,4   7,0  30,6   00:15    NE
23  21,9  28,6   17:29  16,9   02:50   0,2   3,8   3,4   8,7  37,0   04:16   NNE
----------------------------------------------------------------------------------
    15,3  28,6    23     6,6     9    87,4  20,6  77,8   7,6  54,7     8      NE

Max >=  40,0:  0
Max <=  15,0:  2
Min <=  20,0: 23
Min <=   0,0:  0
Max Rain: 20,8 on day 10
Days of Rain: 7 (>= 2,0 mm)  4 (>= 10,0 mm)  0 (>= 40,0 mm)
Heat Base: 18,3  Cool Base: 18,3  Method: Integration