No es requerida especial atención con respecto al clima.   -   No hay avisos meteorológicos

NOAA-Style Climate Reports


Report for 2018 Dezembro
                   Monthly Climatological Summary for dic. 2018

Name: MeteoGerena   City: Gerena (Sevilla)   State: España
Elevation: 120 m  Lat: N 37° 31' 28"   Lon: W 006° 09' 29"

                  Temperature (°C), Rain (mm), Wind Speed (km/h)

                                      Heat  Cool        Avg
    Mean                              Deg   Deg         Wind                 Dom
Day Temp  High   Time   Low    Time   Days  Days  Rain  Speed High   Time    Dir
----------------------------------------------------------------------------------
 1  12,2  17,1   16:16   7,3   08:09   6,1   0,0   0,0   2,5  17,7   00:13    SW
 2  12,8  19,9   17:13   8,2   06:11   5,5   0,0   0,0   1,2  17,7   00:29    SW
 3  14,2  20,1   15:35   8,7   05:08   4,3   0,1   0,0   2,8  16,1   02:41    SW
 4  15,1  21,4   16:37  10,1   05:12   3,6   0,4   0,0   1,8  16,1   00:17   SSW
 5  15,7  23,7   16:30   9,3   08:16   3,5   0,9   0,0   1,5  14,5   21:52    SW
 6  16,2  23,6   16:05  10,2   08:09   3,1   1,0   0,0   2,0  17,7   02:31    SW
 7  15,1  21,4   17:00   9,3   08:25   3,7   0,4   0,0   1,7  22,5   22:06    SW
 8  14,1  19,0   15:35   9,3   06:36   4,2   0,0   0,0   4,1  24,1   17:24    SW
 9  14,6  21,3   16:37   8,1   08:25   4,1   0,4   0,0   2,4  20,9   00:04    SW
10  15,9  22,9   14:44  10,4   04:59   3,2   0,8   0,0   2,8  17,7   13:10     S
11  13,5  15,2   14:59  10,2   09:08   4,8   0,0   0,0   1,6  16,1   02:30   ENE
12  14,4  17,5   16:16  11,6   23:57   3,9   0,0   0,0   1,8  11,3   10:34    SW
13  12,7  15,3   15:06   8,3   23:13   5,6   0,0   5,0   9,4  41,8   09:15    SW
14  11,5  15,9   14:47   6,7   01:22   6,8   0,0   0,0   5,5  29,0   12:21    SW
15  10,5  16,4   17:17   6,2   08:12   7,8   0,0   0,0   1,4  14,5   09:51    SW
16   9,6  11,8   16:31   7,4   04:30   8,7   0,0   2,2   0,6  11,3   05:03    SW
17  10,0  15,1   16:16   6,8   10:21   8,3   0,0   0,2   3,8  19,3   13:13    SW
----------------------------------------------------------------------------------
    13,4  23,7     5     6,2    15    87,2   4,0   7,4   2,8  41,8    13      SW

Max >=  40,0:  0
Max <=  15,0:  1
Min <=  20,0: 17
Min <=   0,0:  0
Max Rain: 5,0 on day 13
Days of Rain: 2 (>= 2,0 mm)  0 (>= 10,0 mm)  0 (>= 40,0 mm)
Heat Base: 18,3  Cool Base: 18,3  Method: Integration