No es requerida especial atención con respecto al clima.   -   No hay avisos meteorológicos

Informes Estilo NOAA

Seleccione un año o mes para ver el informe
2018: Ene Feb Mar Abr May Jun Jul Ago Sep Oct Nov Dic
2017: Ene Feb Mar Abr May Jun Jul Ago Sep Oct Nov Dic
2016: Ene Feb Mar Abr May Jun Jul Ago Sep Oct Nov Dic
2015: Ene Feb Mar Abr May Jun Jul Ago Sep Oct Nov Dic
2014: Ene Feb Mar Abr May Jun Jul Ago Sep Oct Nov Dic
2013: Ene Feb Mar Abr May Jun Jul Ago Sep Oct Nov Dic
2012: Ene Feb Mar Abr May Jun Jul Ago Sep Oct Nov Dic
2011: Ene Feb Mar Abr May Jun Jul Ago Sep Oct Nov Dic

Informe 2011 Noviembre
                   Monthly Climatological Summary for nov 2011

Name: MeteoGerena   City: Gerena (Sevilla)   State: España
Elevation: 120 m  Lat: N 37° 31' 28"   Lon: W 006° 09' 29"

                  Temperature (°C), Rain (mm), Wind Speed (km/h)

                                      Heat  Cool        Avg
    Mean                              Deg   Deg         Wind                 Dom
Day Temp  High   Time   Low    Time   Days  Days  Rain  Speed High   Time    Dir
----------------------------------------------------------------------------------
 2  18,1  21,4   15:19  16,2   08:19   1,0   0,0  57,0  ----  61,0   12:48   SSW
 3  16,0  19,2   17:07  14,0   23:14   1,0   0,0  22,5  ----  29,5   18:58   SSW
 4  13,7  16,7   15:09  10,8   23:55   4,8   0,0   7,8  ----  33,1   13:49    SW
 5  13,2  18,4   14:14   8,9   07:18   5,3   0,0   0,0  ----  34,2   12:48     W
 6  13,2  19,5   15:01   8,7   04:23   5,3   0,1   0,0  ----  27,0   16:11    SW
 7  12,6  19,2   15:42   7,8   06:47   5,8   0,1   0,0  ----  24,5   16:22   SSW
 8  13,1  17,5   15:06   7,6   08:09   5,2   0,0   0,0  ----  19,4   15:48   SSW
 9  14,9  17,3   16:37  12,8   07:55   3,4   0,0   0,0  ----  25,6   09:53    NE
10  16,8  22,8   16:16  12,3   08:02   2,4   0,9   0,0  ----  20,9   14:46     E
11  17,2  23,6   16:30  11,9   07:51   2,3   1,2   0,0  ----  15,8   11:12   ENE
12  19,2  25,1   17:10  15,5   06:26   0,7   1,7   0,0  ----  33,1   11:52    NE
13  19,0  19,7   20:29  18,4   23:58   0,0   0,1   0,0  13,4  35,6   23:06    NE
14  16,1  18,5   16:31  12,7   22:53   2,3   0,0  12,0   6,6  40,3   09:31     S
15  12,6  17,9   16:37   8,5   08:40   5,7   0,0   0,3   2,5  17,3   18:44     W
16  13,3  18,7   16:22   8,6   08:29   5,0   0,0   0,0   3,9  15,8   23:34    NE
17  13,8  19,2   16:45   8,8   08:13   4,6   0,0   0,0   4,7  23,4   11:56   NNE
18  15,1  20,3   15:17  10,3   08:39   3,4   0,2   0,0   4,6  23,4   11:58   ENE
19  13,9  15,1   00:00  13,0   23:41   4,4   0,0  25,5   5,7  42,8   14:09     E
20  13,0  14,2   13:14  11,6   05:35   5,4   0,0   6,3   7,5  27,0   03:02   NNE
21  14,2  18,2   16:09  10,8   07:30   4,1   0,0   0,0   4,1  18,4   16:43   WNW
22  12,3  15,7   14:46   9,4   08:43   6,0   0,0   0,0   5,2  27,0   14:47   WNW
23  11,8  16,8   15:34   7,5   05:45   6,6   0,0   0,0   5,6  23,4   12:49    NE
24  15,7  19,8   14:38  12,6   06:10   2,8   0,2   0,0  12,8  35,6   15:55    NE
25  15,6  21,2   15:51   9,8   07:06   3,1   0,4   0,0   7,3  33,1   13:43    NE
26  14,7  21,3   15:34   8,6   07:59   4,0   0,4   0,0   5,9  24,5   14:11   NNE
27  12,9  19,4   15:18   7,7   07:03   5,5   0,0   0,0   3,4  20,9   11:06   NNE
28  11,6  18,4   16:34   6,2   08:38   6,7   0,0   0,0   3,0  15,8   02:15   NNE
29  11,7  18,3   16:39   6,2   08:58   6,7   0,0   0,0   2,3  19,4   15:54   ENE
30  11,6  18,5   16:35   6,2   08:14   6,7   0,0   0,0   2,7  20,9   12:01    NE
----------------------------------------------------------------------------------
    14,4  25,1    12     6,2    28   120,2   5,3 131,4   5,2  61,0     2      NE

Max >=  30,0:  0
Max <=  15,0:  1
Min <=  22,0: 29
Min <=   0,0:  0
Max Rain: 57,0 on day 2
Days of Rain: 6 (>= 2,0 mm)  4 (>= 10,0 mm)  1 (>= 40,0 mm)
Heat Base: 18,3  Cool Base: 18,3  Method: Integration