No es requerida especial atención con respecto al clima.   -   No hay avisos meteorológicos

Informes Estilo NOAA

Seleccione un año o mes para ver el informe
2018: Ene Feb Mar Abr May Jun Jul Ago Sep Oct Nov Dic
2017: Ene Feb Mar Abr May Jun Jul Ago Sep Oct Nov Dic
2016: Ene Feb Mar Abr May Jun Jul Ago Sep Oct Nov Dic
2015: Ene Feb Mar Abr May Jun Jul Ago Sep Oct Nov Dic
2014: Ene Feb Mar Abr May Jun Jul Ago Sep Oct Nov Dic
2013: Ene Feb Mar Abr May Jun Jul Ago Sep Oct Nov Dic
2012: Ene Feb Mar Abr May Jun Jul Ago Sep Oct Nov Dic
2011: Ene Feb Mar Abr May Jun Jul Ago Sep Oct Nov Dic

Informe 2012 Febrero
                   Monthly Climatological Summary for feb 2012

Name: MeteoGerena   City: Gerena (Sevilla)   State: España
Elevation: 120 m  Lat: N 37° 31' 28"   Lon: W 006° 09' 29"

                  Temperature (°C), Rain (mm), Wind Speed (km/h)

                                      Heat  Cool        Avg
    Mean                              Deg   Deg         Wind                 Dom
Day Temp  High   Time   Low    Time   Days  Days  Rain  Speed High   Time    Dir
----------------------------------------------------------------------------------
 1   9,2  17,1   17:27   2,1   09:08   9,1   0,0   0,0   4,7  23,4   16:08     W
 2   9,1  13,1   15:20   5,4   08:49   9,2   0,0   0,0   9,4  37,8   10:36   NNW
 3   5,7  10,6   16:20   0,8   07:44  12,6   0,0   0,0  10,9  42,8   13:53   NNE
 4   5,8  10,7   15:47   0,6   08:40  12,5   0,0   0,0  13,8  61,2   13:24   NNE
 5   8,4  16,8   17:52   0,6   07:53   9,9   0,0   0,0   8,3  36,7   16:57     W
 6  13,1  20,3   16:25   5,5   08:52   5,4   0,2   0,0   6,0  35,6   01:43    NW
 7  12,8  19,6   15:36   6,1   09:22   5,6   0,1   0,0   6,6  37,8   22:24   NNW
 8   8,6  12,4   15:32   4,2   08:19   9,7   0,0   0,0  12,0  45,4   14:22   NNE
 9   7,2  14,2   17:20   2,3   09:43  11,1   0,0   0,0   9,7  30,6   12:35   NNE
10   7,9  15,8   16:38   0,1   09:08  10,4   0,0   0,0   5,8  24,5   19:47   WSW
11   7,9  15,6   16:41   0,6   08:25  10,4   0,0   0,0   6,3  34,2   10:59    NE
12   5,7  11,3   14:32  -0,9   07:17  12,6   0,0   0,0   9,4  40,3   16:09    NE
13   7,0  13,0   15:45   1,0   06:08  11,3   0,0   0,0  11,3  45,4   07:20    NE
14   8,6  16,2   15:40   2,2   08:56   9,7   0,0   0,0   5,6  34,2   16:16   NNW
15  10,4  15,7   16:41   4,7   04:22   7,9   0,0   0,0  13,0  40,3   11:27    NE
16  10,4  17,5   16:17   2,3   07:36   7,9   0,0   0,0   9,1  46,4   12:18   NNE
17   9,6  16,4   15:35   3,0   05:07   8,7   0,0   0,3   6,6  36,7   16:36   ENE
18  11,7  19,4   17:20   5,3   08:43   6,6   0,0   0,3   5,9  28,1   11:40    NE
19  12,2  20,5   16:28   4,3   08:38   6,3   0,2   0,0   3,9  19,4   00:04   NNE
20  12,4  20,6   16:34   4,8   08:07   6,1   0,2   0,0   4,8  24,5   17:28    NE
21  11,0  19,2   16:36   2,6   08:53   7,3   0,0   0,0   4,4  24,5   00:16    NE
22  10,5  20,1   17:04   1,9   08:20   8,0   0,1   0,0   3,1  18,4   11:32   ENE
23  11,3  20,7   16:39   1,7   08:17   7,3   0,3   0,0   5,5  30,6   12:40   ENE
24  12,8  21,6   16:32   2,9   07:02   6,0   0,4   0,0   8,0  34,2   11:50    NE
25  12,3  21,8   15:38   3,7   07:45   6,5   0,5   0,0   5,1  25,6   18:18    SW
26  11,7  22,3   16:59   3,6   07:12   7,1   0,5   0,0   5,6  30,6   17:05   SSW
27  13,0  22,8   16:29   5,1   08:37   6,0   0,7   0,0   4,2  24,5   19:20   SSW
28  13,4  21,3   17:23   5,7   07:43   5,4   0,5   0,0   4,1  20,9   14:36   WNW
29  13,7  21,9   16:30   6,3   07:06   5,2   0,6   0,0   4,3  20,9   00:48   ESE
----------------------------------------------------------------------------------
    10,1  22,8    27    -0,9    12   241,8   4,3   0,6   7,1  61,2     4     NNE

Max >=  30,0:  0
Max <=  15,0:  7
Min <=  22,0: 29
Min <=   0,0:  1
Max Rain: 0,3 on day 17
Days of Rain: 0 (>= 2,0 mm)  0 (>= 10,0 mm)  0 (>= 40,0 mm)
Heat Base: 18,3  Cool Base: 18,3  Method: Integration