No es requerida especial atención con respecto al clima.   -   No hay avisos meteorológicos

Informes Estilo NOAA

Seleccione un año o mes para ver el informe
2018: Ene Feb Mar Abr May Jun Jul Ago Sep Oct Nov Dic
2017: Ene Feb Mar Abr May Jun Jul Ago Sep Oct Nov Dic
2016: Ene Feb Mar Abr May Jun Jul Ago Sep Oct Nov Dic
2015: Ene Feb Mar Abr May Jun Jul Ago Sep Oct Nov Dic
2014: Ene Feb Mar Abr May Jun Jul Ago Sep Oct Nov Dic
2013: Ene Feb Mar Abr May Jun Jul Ago Sep Oct Nov Dic
2012: Ene Feb Mar Abr May Jun Jul Ago Sep Oct Nov Dic
2011: Ene Feb Mar Abr May Jun Jul Ago Sep Oct Nov Dic

Informe 2012 Junio
                   Monthly Climatological Summary for jun 2012

Name: MeteoGerena   City: Gerena (Sevilla)   State: España
Elevation: 120 m  Lat: N 37° 31' 28"   Lon: W 006° 09' 29"

                  Temperature (°C), Rain (mm), Wind Speed (km/h)

                                      Heat  Cool        Avg
    Mean                              Deg   Deg         Wind                 Dom
Day Temp  High   Time   Low    Time   Days  Days  Rain  Speed High   Time    Dir
----------------------------------------------------------------------------------
 1  25,5  30,1   15:00  21,2   07:40   0,0   7,2   0,0   9,8  37,8   16:55    SW
 2  22,2  27,6   18:55  19,4   02:14   0,0   3,9   0,0   9,3  30,6   21:02   SSW
 3  24,7  33,1   17:44  18,1   07:03   0,0   6,4   0,0   7,1  34,2   13:15   SSW
 4  26,4  34,7   17:36  18,3   06:27   0,0   8,1   0,0   7,5  39,2   20:02   SSW
 5  29,3  37,1   18:17  22,0   06:53   0,0  11,0   0,0   8,5  31,7   20:07     W
 6  28,7  36,5   17:51  21,2   07:11   0,0  10,2   0,0   9,0  40,3   16:20     W
 7  25,7  31,4   17:11  20,2   07:30   0,0   7,5   0,0  10,0  42,8   20:14    SW
 8  23,9  29,8   18:06  18,2   07:05   0,0   5,5   0,0   7,0  28,1   17:29    NW
 9  24,6  32,3   18:19  17,4   07:10   0,0   6,4   0,0   6,5  34,2   19:22   SSW
10  27,4  34,5   17:20  21,0   07:04   0,0   9,0   0,0   7,6  29,5   17:05    NW
11  25,6  31,3   17:54  20,2   07:07   0,0   7,3   0,0  10,3  34,2   18:40    NW
12  23,7  30,5   17:29  16,3   06:54   0,2   5,5   0,0  11,5  39,2   15:42     N
13  26,5  33,3   18:29  19,7   07:13   0,0   8,3   0,0   9,8  35,6   19:10   WNW
14  25,6  33,9   18:27  16,6   07:22   0,0   7,4   0,0   8,4  36,7   19:45    SW
15  27,7  35,3   18:09  19,5   06:37   0,0   9,4   0,0   7,0  45,4   16:53   SSW
16  28,9  36,7   17:30  21,3   06:47   0,0  10,7   0,0   7,2  28,1   02:10    NW
17  30,0  37,1   18:45  22,4   07:15   0,0  11,7   0,0   9,7  36,7   16:26    NW
18  29,0  35,6   16:50  22,1   07:34   0,0  10,7   0,0   7,2  30,6   19:38     W
19  25,5  31,0   17:49  20,5   07:09   0,0   7,2   0,0   8,9  34,2   14:16    SW
20  22,4  30,0   15:36  15,8   06:15   0,5   4,5   0,0   9,1  35,6   16:53   SSW
21  23,0  31,4   18:41  16,5   05:55   0,4   5,1   0,0   8,1  34,2   19:18    SW
22  27,1  35,9   17:55  19,0   07:25   0,0   8,8   0,0   5,1  31,7   20:15   SSW
23  28,9  37,8   18:06  20,0   07:36   0,0  10,7   0,0   5,2  20,9   17:48   SSW
24  31,0  41,1   18:43  21,8   08:04   0,0  12,8   0,0   6,5  35,6   20:43     S
25  30,8  39,2   18:57  24,0   08:04   0,0  12,5   0,0   3,2  20,9   13:36     E
26  33,0  40,7   17:27  24,5   05:40   0,0  14,7   0,0   6,6  27,0   11:15     S
27  32,9  39,9   16:18  26,4   05:31   0,0  14,6   0,0   7,8  35,6   16:56    SW
28  30,1  39,1   16:42  22,4   07:12   0,0  11,8   0,0   8,4  39,2   17:40    SW
29  26,8  34,3   18:37  20,7   07:30   0,0   8,6   0,0   7,5  35,6   19:50    SW
30  25,1  30,4   16:35  19,4   07:18   0,0   6,8   0,0   7,7  36,7   18:20    NW
----------------------------------------------------------------------------------
    27,1  41,1    24    15,8    20     1,1 264,3   0,0   7,9  45,4    15     WSW

Max >=  30,0: 28
Max <=  15,0:  0
Min <=  22,0: 24
Min <=   0,0:  0
Max Rain: 0,0 on day 0
Days of Rain: 0 (>= 2,0 mm)  0 (>= 10,0 mm)  0 (>= 40,0 mm)
Heat Base: 18,3  Cool Base: 18,3  Method: Integration