No es requerida especial atención con respecto al clima.   -   No hay avisos meteorológicos

Informes Estilo NOAA

Seleccione un año o mes para ver el informe
2018: Ene Feb Mar Abr May Jun Jul Ago Sep Oct Nov Dic
2017: Ene Feb Mar Abr May Jun Jul Ago Sep Oct Nov Dic
2016: Ene Feb Mar Abr May Jun Jul Ago Sep Oct Nov Dic
2015: Ene Feb Mar Abr May Jun Jul Ago Sep Oct Nov Dic
2014: Ene Feb Mar Abr May Jun Jul Ago Sep Oct Nov Dic
2013: Ene Feb Mar Abr May Jun Jul Ago Sep Oct Nov Dic
2012: Ene Feb Mar Abr May Jun Jul Ago Sep Oct Nov Dic
2011: Ene Feb Mar Abr May Jun Jul Ago Sep Oct Nov Dic

Informe 2012 Julio
                   Monthly Climatological Summary for jul 2012

Name: MeteoGerena   City: Gerena (Sevilla)   State: España
Elevation: 120 m  Lat: N 37° 31' 28"   Lon: W 006° 09' 29"

                  Temperature (°C), Rain (mm), Wind Speed (km/h)

                                      Heat  Cool        Avg
    Mean                              Deg   Deg         Wind                 Dom
Day Temp  High   Time   Low    Time   Days  Days  Rain  Speed High   Time    Dir
----------------------------------------------------------------------------------
 1  25,1  32,6   18:10  17,4   07:12   0,1   6,9   0,0  10,0  33,1   00:27   NNW
 2  28,8  36,4   18:10  20,3   07:15   0,0  10,5   0,0   6,4  23,4   11:27   ESE
 3  29,1  37,6   18:09  21,0   07:10   0,0  10,9   0,0   8,0  39,2   20:56    SW
 4  29,5  37,0   17:52  21,9   05:56   0,0  11,2   0,0   7,3  39,2   16:43     W
 5  27,2  34,8   17:29  20,0   07:27   0,0   8,9   0,0   7,9  29,5   14:51    NW
 6  26,8  35,5   17:48  18,9   05:29   0,0   8,5   0,0   7,0  35,6   20:23   SSW
 7  29,1  37,5   18:45  21,1   07:24   0,0  10,8   0,0   6,9  36,7   17:23   WSW
 8  27,6  35,0   17:29  20,6   07:22   0,0   9,3   0,0   9,0  46,4   17:39    SW
 9  25,1  34,3   17:59  17,3   07:01   0,0   6,9   0,0   8,4  41,8   19:22    SW
10  25,6  33,9   18:29  18,1   07:05   0,0   7,4   0,0   8,8  39,2   19:31    SW
11  27,2  35,5   17:48  18,6   06:16   0,0   9,0   0,0   8,1  31,7   16:17   WSW
12  30,8  38,2   18:25  19,0   00:00   0,0  12,5   0,0   6,3  27,0   12:13    SW
13  31,3  40,1   17:52  21,7   06:34   0,0  13,0   0,0   6,4  30,6   19:49   SSW
14  30,1  37,2   17:18  21,0   05:30   0,0  11,8   0,0   7,3  35,6   01:57    NW
15  30,3  37,9   18:05  21,7   07:09   0,0  12,0   0,0   8,1  35,6   00:48   NNW
16  30,2  37,4   18:37  21,2   06:59   0,0  11,9   0,0   9,1  35,6   10:39    NE
17  31,6  39,2   19:16  25,3   07:18   0,0  13,3   0,0  13,8  45,4   10:29   ENE
18  31,9  40,2   18:45  25,4   06:52   0,0  13,6   0,0  10,1  42,8   21:16   ENE
19  31,8  40,9   17:46  23,6   06:28   0,0  13,5   0,0   8,5  35,6   18:32    SW
20  31,0  40,4   16:28  22,0   08:10   0,0  12,7   0,0   8,1  40,3   17:02    SW
21  32,1  40,7   17:58  22,8   07:24   0,0  13,8   0,0   6,3  37,8   17:24   WSW
22  30,3  36,8   17:37  23,7   06:36   0,0  12,0   0,0   8,2  34,2   19:45    SW
23  26,9  33,1   17:27  21,3   07:48   0,0   8,7   0,0  11,1  34,2   16:46    SW
24  26,9  33,2   17:08  22,4   07:10   0,0   8,6   0,0   9,0  30,6   15:40    SW
25  26,8  33,6   18:02  20,8   07:56   0,0   8,5   0,0   7,7  37,8   18:30    SW
26  23,6  29,2   16:41  18,7   07:35   0,0   5,3   0,0  10,3  35,6   19:25    SW
27  22,9  28,5   17:50  18,7   05:35   0,0   4,6   0,0  11,7  37,8   19:50   SSW
28  23,6  31,3   17:03  17,0   07:23   0,1   5,4   0,0   8,4  41,8   18:02   SSW
29  26,7  36,9   18:09  17,0   06:25   0,1   8,5   0,0   6,0  33,1   20:17   SSW
30  29,6  38,3   17:53  21,3   05:30   0,0  11,3   0,0   7,4  33,1   13:43    SW
31  29,9  39,9   18:10  20,1   07:52   0,0  11,6   0,0   7,0  35,6   20:36    SW
----------------------------------------------------------------------------------
    28,4  40,9    19    17,0    28     0,3 312,9   0,0   8,3  46,4     8      SW

Max >=  30,0: 29
Max <=  15,0:  0
Min <=  22,0: 25
Min <=   0,0:  0
Max Rain: 0,0 on day 0
Days of Rain: 0 (>= 2,0 mm)  0 (>= 10,0 mm)  0 (>= 40,0 mm)
Heat Base: 18,3  Cool Base: 18,3  Method: Integration