No es requerida especial atención con respecto al clima.   -   No hay avisos meteorológicos

Informes Estilo NOAA

Seleccione un año o mes para ver el informe
2018: Ene Feb Mar Abr May Jun Jul Ago Sep Oct Nov Dic
2017: Ene Feb Mar Abr May Jun Jul Ago Sep Oct Nov Dic
2016: Ene Feb Mar Abr May Jun Jul Ago Sep Oct Nov Dic
2015: Ene Feb Mar Abr May Jun Jul Ago Sep Oct Nov Dic
2014: Ene Feb Mar Abr May Jun Jul Ago Sep Oct Nov Dic
2013: Ene Feb Mar Abr May Jun Jul Ago Sep Oct Nov Dic
2012: Ene Feb Mar Abr May Jun Jul Ago Sep Oct Nov Dic
2011: Ene Feb Mar Abr May Jun Jul Ago Sep Oct Nov Dic

Informe 2012 Agosto
                   Monthly Climatological Summary for ago 2012

Name: MeteoGerena   City: Gerena (Sevilla)   State: España
Elevation: 120 m  Lat: N 37° 31' 28"   Lon: W 006° 09' 29"

                  Temperature (°C), Rain (mm), Wind Speed (km/h)

                                      Heat  Cool        Avg
    Mean                              Deg   Deg         Wind                 Dom
Day Temp  High   Time   Low    Time   Days  Days  Rain  Speed High   Time    Dir
----------------------------------------------------------------------------------
 1  30,8  40,6   19:07  21,5   07:41   0,0  12,5   0,0   5,6  31,7   16:39   SSW
 2  31,2  41,1   18:29  21,6   07:15   0,0  12,9   0,0   5,3  34,2   17:46    SW
 3  32,1  40,9   18:25  22,8   07:41   0,0  13,7   0,0   7,4  37,8   15:32     W
 4  30,0  38,2   16:56  20,5   07:32   0,0  11,8   0,0   8,3  42,8   19:30   SSW
 5  27,5  32,9   16:32  21,0   07:51   0,0   9,2   0,0   9,3  47,9   19:07     W
 6  25,8  33,0   19:27  18,0   07:50   0,0   7,5   0,0   6,4  24,5   00:52   NNE
 7  29,2  37,2   16:58  20,5   08:04   0,0  10,9   0,0   7,9  30,6   12:35   SSE
 8  30,1  37,5   18:54  23,7   07:23   0,0  11,8   0,0   6,3  25,6   14:56   ESE
 9  32,7  41,3   18:34  25,0   07:14   0,0  14,4   0,0   6,9  27,0   14:54   SSW
10  34,7  43,7   17:43  25,3   08:06   0,0  16,5   0,0   6,6  30,6   18:07    SW
11  36,4  44,8   16:46  28,1   08:02   0,0  18,3   0,0   7,2  35,6   17:54   WNW
12  31,0  37,7   17:34  23,3   08:30   0,0  12,7   0,0   9,1  37,8   17:01     W
13  26,4  33,5   18:06  20,1   07:53   0,0   8,2   0,0   8,2  36,7   18:25    SW
14  25,5  34,0   17:45  19,2   07:26   0,0   7,1   0,0   8,2  43,9   18:48   SSW
15  24,8  31,6   17:28  18,6   06:14   0,0   6,5   0,0   6,8  33,1   17:32    SW
16  28,7  37,1   18:58  20,8   07:23   0,0  10,4   0,0   4,6  19,4   11:22   SSE
17  30,6  39,0   17:16  22,9   08:16   0,0  12,4   0,0   6,2  32,2   11:53    SW
18  29,4  38,8   18:08  21,3   07:27   0,0  11,2   0,0   6,2  24,5   17:05   SSW
19  31,1  39,0   18:53  24,6   07:28   0,0  12,8   0,0   5,3  31,7   17:21    SW
20  32,8  41,4   17:29  24,3   07:00   0,0  14,5   0,0   6,2  29,5   20:13   SSW
21  34,0  42,6   17:23  25,6   07:36   0,0  15,7   0,0   6,4  34,2   17:01   SSW
22  33,2  41,0   18:17  25,7   06:56   0,0  14,9   0,0   6,7  35,6   15:49    SW
23  29,0  37,3   17:22  22,2   08:05   0,0  10,7   0,0   8,7  43,9   18:56    SW
24  26,6  35,7   17:32  20,2   08:06   0,0   8,4   0,0   7,9  42,8   18:42    SW
25  29,1  36,0   18:47  22,4   06:10   0,0  10,8   0,0   8,8  31,7   18:52   WNW
26  29,2  36,0   17:51  22,4   07:40   0,0  10,9   0,0   7,4  36,7   20:16   WSW
27  25,2  32,5   17:36  18,0   08:09   0,0   6,9   0,0   5,9  27,0   15:12   SSW
28  26,9  36,9   18:13  18,6   07:40   0,0   8,6   0,0   6,1  31,7   22:09    SW
29  27,8  35,4   17:39  21,2   08:43   0,0   9,5   0,0   6,8  36,7   18:31    SW
30  26,9  35,1   18:35  20,1   08:15   0,0   8,6   0,0   5,2  30,6   15:03     W
31  27,2  35,4   18:11  18,5   07:26   0,0   8,9   0,0   5,1  33,1   12:12     E
----------------------------------------------------------------------------------
    29,5  44,8    11    18,0     6     0,0 349,2   0,0   6,9  47,9     5      SW

Max >=  30,0: 31
Max <=  15,0:  0
Min <=  22,0: 17
Min <=   0,0:  0
Max Rain: 0,0 on day 0
Days of Rain: 0 (>= 2,0 mm)  0 (>= 10,0 mm)  0 (>= 40,0 mm)
Heat Base: 18,3  Cool Base: 18,3  Method: Integration