No es requerida especial atención con respecto al clima.   -   No hay avisos meteorológicos

Informes Estilo NOAA

Seleccione un año o mes para ver el informe
2018: Ene Feb Mar Abr May Jun Jul Ago Sep Oct Nov Dic
2017: Ene Feb Mar Abr May Jun Jul Ago Sep Oct Nov Dic
2016: Ene Feb Mar Abr May Jun Jul Ago Sep Oct Nov Dic
2015: Ene Feb Mar Abr May Jun Jul Ago Sep Oct Nov Dic
2014: Ene Feb Mar Abr May Jun Jul Ago Sep Oct Nov Dic
2013: Ene Feb Mar Abr May Jun Jul Ago Sep Oct Nov Dic
2012: Ene Feb Mar Abr May Jun Jul Ago Sep Oct Nov Dic
2011: Ene Feb Mar Abr May Jun Jul Ago Sep Oct Nov Dic

Informe 2012 Septiembre
                   Monthly Climatological Summary for sep 2012

Name: MeteoGerena   City: Gerena (Sevilla)   State: España
Elevation: 120 m  Lat: N 37° 31' 28"   Lon: W 006° 09' 29"

                  Temperature (°C), Rain (mm), Wind Speed (km/h)

                                      Heat  Cool        Avg
    Mean                              Deg   Deg         Wind                 Dom
Day Temp  High   Time   Low    Time   Days  Days  Rain  Speed High   Time    Dir
----------------------------------------------------------------------------------
 1  28,0  34,8   17:43  21,7   05:43   0,0   9,7   0,0   8,4  30,6   12:40    NE
 2  28,3  35,3   18:25  19,1   07:55   0,0  10,0   0,0   9,2  34,2   13:33    NE
 3  26,5  33,4   17:43  19,9   07:35   0,0   8,2   0,0   7,4  31,7   13:27   ENE
 4  26,6  34,4   16:49  19,1   08:04   0,0   8,3   0,0   8,2  33,1   17:12    NE
 5  27,6  35,3   16:22  19,6   07:42   0,0   9,3   0,0   9,6  40,3   13:35    NE
 6  28,1  35,4   17:02  21,3   07:07   0,0   9,8   0,0   9,5  36,7   13:03    NE
 7  26,9  34,0   18:02  21,5   08:39   0,0   8,5   0,0   7,1  34,2   18:15   WSW
 8  26,3  32,2   17:19  21,2   09:06   0,0   8,0   0,0   7,3  41,8   11:08    SW
 9  24,3  30,1   17:18  20,7   05:28   0,0   6,0   0,0   7,5  33,1   18:30    SW
10  24,0  31,2   17:23  18,8   08:33   0,0   5,8   0,0   5,9  36,7   19:08    SW
11  26,2  34,2   18:09  19,3   07:49   0,0   7,9   0,0   4,8  19,4   15:55     E
12  29,2  38,3   18:16  21,1   07:46   0,0  11,0   0,0   5,4  37,8   20:02     S
13  29,2  36,2   17:29  23,2   07:00   0,0  10,9   0,0   5,1  31,7   18:44     S
14  27,0  35,6   17:39  19,1   07:34   0,0   8,7   0,0   5,1  28,1   11:36    SE
15  26,6  35,6   17:33  18,4   06:33   0,0   8,3   0,0   4,8  27,0   21:13     S
16  26,2  32,9   16:33  19,9   08:13   0,0   7,9   0,0   6,7  29,5   16:58   SSW
17  25,0  33,9   17:29  17,9   06:13   0,0   6,7   0,0   4,8  28,1   20:43    SW
18  25,9  32,9   17:22  21,3   08:17   0,0   7,6   0,0   6,0  34,2   19:40   SSW
19  25,2  32,7   17:57  20,5   08:40   0,0   7,0   0,0   6,4  31,7   18:45   SSW
20  25,5  32,0   17:41  20,3   05:13   0,0   7,2   0,0   5,2  23,4   21:32     S
21  25,8  31,5   17:54  21,3   08:26   0,0   7,6   0,0   6,6  27,0   16:44   WSW
22  24,2  31,1   17:45  20,3   07:25   0,0   5,9   0,0   5,7  29,5   17:20   SSW
23  22,3  27,8   14:50  18,2   05:53   0,0   4,0   0,3   8,6  42,8   16:33    SW
24  21,1  27,4   18:40  15,0   08:02   0,6   3,4   0,0   6,2  30,6   21:26   WSW
25  19,9  25,0   17:27  14,6   08:40   0,6   2,2   0,0  10,5  39,2   19:40   WSW
26  18,8  21,8   17:22  16,5   12:02   0,3   0,8   2,1   4,3  23,4   07:12    SW
27  17,5  18,9   22:53  15,7   10:25   0,9   0,1  13,5   9,2  34,2   13:14    NE
28  18,2  21,4   16:18  16,2   08:21   0,6   0,5   7,2   4,4  22,0   19:09   SSW
29  18,7  22,7   17:16  15,8   08:19   0,9   1,3   0,6   2,6  15,8   14:01   SSW
30  20,7  26,1   17:07  15,3   08:47   0,6   2,9   0,0   4,7  27,0   11:16     E
----------------------------------------------------------------------------------
    24,7  38,3    12    14,6    25     4,5 195,5  23,7   6,6  42,8    23       S

Max >=  30,0: 22
Max <=  15,0:  0
Min <=  22,0: 29
Min <=   0,0:  0
Max Rain: 13,5 on day 27
Days of Rain: 3 (>= 2,0 mm)  1 (>= 10,0 mm)  0 (>= 40,0 mm)
Heat Base: 18,3  Cool Base: 18,3  Method: Integration