No es requerida especial atención con respecto al clima.   -   No hay avisos meteorológicos

Informes Estilo NOAA


Informe 2013 Febrero
                   Monthly Climatological Summary for feb 2013

Name: MeteoGerena   City: Gerena (Sevilla)   State: España
Elevation: 120 m  Lat: N 37° 31' 28"   Lon: W 006° 09' 29"

                  Temperature (°C), Rain (mm), Wind Speed (km/h)

                                      Heat  Cool        Avg
    Mean                              Deg   Deg         Wind                 Dom
Day Temp  High   Time   Low    Time   Days  Days  Rain  Speed High   Time    Dir
----------------------------------------------------------------------------------
 1  12,1  18,9   16:11   6,1   08:05   6,3   0,0   0,0  ----  23,4   20:44   SSW
 2  12,1  15,5   15:40   9,6   06:50   6,2   0,0   0,0  ----  37,8   13:34    NW
 3  10,8  15,9   16:31   5,4   09:13   7,5   0,0   0,0  ----  41,8   16:41   NNE
 4  11,3  17,5   16:43   6,0   09:33   7,0   0,0   0,0  ----  35,6   11:44    NE
 5  12,3  20,3   15:55   5,9   07:59   6,1   0,1   0,0  ----  30,6   17:19    SW
 6  11,0  16,0   15:23   4,4   06:59   7,3   0,0   0,0  ----  36,7   14:49    NW
 7  10,3  15,0   16:52   5,7   08:46   8,0   0,0   0,0  ----  31,7   03:50     N
 8  10,7  16,5   15:55   5,1   08:34   7,6   0,0   0,0  ----  40,3   12:06     N
 9  10,9  15,8   16:18   6,2   08:36   7,4   0,0   0,0  ----  28,1   00:34   NNE
10   9,0  15,8   16:17   2,4   07:53   9,3   0,0   0,0  ----  36,7   18:36    SW
11  10,3  13,3   16:09   5,8   23:50   8,0   0,0   0,3  ----  34,2   15:44   WNW
12  10,0  15,4   16:17   5,2   00:49   8,3   0,0   0,0  ----  33,1   13:03    NW
13  11,3  19,2   17:08   5,5   07:21   7,0   0,0   0,0  ----  17,3   13:49     S
14  13,3  21,1   16:44   6,6   08:40   5,4   0,3   0,0  ----  18,4   13:22    NE
15  14,0  21,1   16:46   7,2   08:49   4,7   0,4   0,0  ----  20,9   00:57   SSE
16  10,9  14,3   16:49   6,5   06:49   7,4   0,0   0,0  ----  13,3   13:33     S
17  12,1  14,8   15:56   9,8   06:17   6,2   0,0   0,0  ----  15,8   13:45   SSW
18  13,4  17,5   16:36  11,6   02:07   4,9   0,0  31,8  ----  35,6   19:20    NE
19  11,8  13,3   16:40   9,5   23:23   6,5   0,0  46,5  ----  49,0   13:49   ENE
20  11,3  16,3   16:16   7,0   06:08   7,0   0,0   0,0  ----  25,6   16:17    SW
21  12,5  16,8   16:10   9,7   01:55   5,8   0,0   7,8  ----  46,4   20:53    SW
22  12,8  17,3   14:46   9,3   23:55   5,5   0,0   9,9  ----  63,7   15:07   WSW
23  11,1  15,4   15:33   7,4   23:59   7,2   0,0   7,8  ----  35,6   10:15    NW
24   8,9  14,3   17:27   3,9   07:45   9,4   0,0   0,0  ----  25,6   16:08   WNW
25   8,9  13,8   16:27   3,5   05:38   9,4   0,0   0,0  ----  24,5   13:20   NNE
26   9,1  14,3   16:11   3,3   06:55   9,2   0,0   0,0  ----  49,0   11:53    NE
27   9,5  14,3   15:06   4,8   05:45   8,9   0,0   0,0  ----  28,1   03:18    NE
28   6,9  10,2   17:07   4,8   05:09  11,4   0,0  14,4  ----  34,2   18:26   NNW
----------------------------------------------------------------------------------
    11,0  21,1    14     2,4    10   204,9   0,8 118,5  ----  63,7    22     ---

Max >=  30,0:  0
Max <=  15,0: 10
Min <=  22,0: 28
Min <=   0,0:  0
Max Rain: 46,5 on day 19
Days of Rain: 6 (>= 2,0 mm)  3 (>= 10,0 mm)  1 (>= 40,0 mm)
Heat Base: 18,3  Cool Base: 18,3  Method: Integration