No es requerida especial atención con respecto al clima.   -   No hay avisos meteorológicos

Informes Estilo NOAA

Seleccione un año o mes para ver el informe
2018: Ene Feb Mar Abr May Jun Jul Ago Sep Oct Nov Dic
2017: Ene Feb Mar Abr May Jun Jul Ago Sep Oct Nov Dic
2016: Ene Feb Mar Abr May Jun Jul Ago Sep Oct Nov Dic
2015: Ene Feb Mar Abr May Jun Jul Ago Sep Oct Nov Dic
2014: Ene Feb Mar Abr May Jun Jul Ago Sep Oct Nov Dic
2013: Ene Feb Mar Abr May Jun Jul Ago Sep Oct Nov Dic
2012: Ene Feb Mar Abr May Jun Jul Ago Sep Oct Nov Dic
2011: Ene Feb Mar Abr May Jun Jul Ago Sep Oct Nov Dic

Informe 2013 Mayo
                   Monthly Climatological Summary for may 2013

Name: MeteoGerena   City: Gerena (Sevilla)   State: España
Elevation: 120 m  Lat: N 37° 31' 28"   Lon: W 006° 09' 29"

                  Temperature (°C), Rain (mm), Wind Speed (km/h)

                                      Heat  Cool        Avg
    Mean                              Deg   Deg         Wind                 Dom
Day Temp  High   Time   Low    Time   Days  Days  Rain  Speed High   Time    Dir
----------------------------------------------------------------------------------
 1  14,8  21,5   16:21   7,7   06:15   4,2   0,7   0,0   4,6  24,5   14:55    NE
 2  18,3  25,0   17:22  11,5   07:05   2,2   2,1   0,0   5,3  24,5   14:02   NNE
 3  19,1  25,9   16:07  11,9   05:22   1,7   2,5   0,0   6,0  31,7   20:18    NE
 4  20,4  27,8   17:34  12,9   07:15   1,2   3,2   0,0   5,8  27,0   22:50    SW
 5  20,7  28,8   18:34  12,3   08:06   1,5   3,8   0,0   4,3  22,0   21:07    SW
 6  22,5  29,9   17:37  15,3   06:50   0,6   4,8   0,0   5,1  25,6   20:24    SW
 7  24,7  31,7   17:43  18,6   06:00   0,0   6,5   0,0   5,7  27,0   20:47   NNW
 8  24,2  31,3   17:58  17,4   07:15   0,0   6,0   0,0   4,5  30,6   19:57     W
 9  24,1  32,2   18:05  16,4   07:30   0,1   5,9   0,0   6,7  34,2   19:41    SW
10  24,7  31,0   17:45  16,6   08:00   0,1   6,4   0,0   6,2  29,5   18:31   WSW
11  23,8  30,9   17:56  16,4   07:00   0,2   5,7   0,0   4,4  29,5   21:37   WSW
12  23,5  30,8   17:23  17,4   06:31   0,1   5,2   0,0   7,5  36,7   19:01   WSW
13  23,0  30,2   18:32  15,3   07:39   0,2   4,9   0,0   5,8  33,1   19:57    SW
14  22,5  28,4   16:44  16,6   07:40   0,1   4,3   0,0   8,5  36,7   17:57   SSW
15  16,2  19,9   00:00  12,4   07:14   2,2   0,1   6,0   7,0  35,6   14:41   WSW
16  15,3  21,6   16:25   9,2   06:54   3,5   0,6   0,0   8,7  47,9   16:36   WSW
17  14,3  17,8   11:49  11,8   05:54   4,0   0,0   1,5  13,9  49,0   11:58   WSW
18  14,0  20,5   16:18   7,1   07:08   4,5   0,3   0,0  10,6  52,6   17:34     W
19  13,4  20,0   16:44   8,4   07:24   4,9   0,0   0,0   7,2  43,9   17:25   WSW
20  14,4  20,9   18:40   7,9   06:36   4,2   0,3   0,0   6,6  25,6   18:07   NNE
21  17,8  23,5   15:17  12,8   07:07   1,8   1,3   0,0   8,8  35,6   18:36   NNW
22  19,6  28,9   18:30  11,9   07:07   1,9   3,2   0,0   5,3  39,2   19:20   WSW
23  21,2  30,5   16:31  13,3   07:31   1,2   4,1   0,0   8,0  42,8   17:03    SW
24  18,5  25,1   18:16  14,4   04:27   1,6   1,8   0,0   7,3  36,7   16:02   SSW
25  18,6  25,0   17:40  14,8   02:06   1,3   1,6   0,0   7,3  31,7   16:19    SW
26  18,0  23,9   18:05  13,7   04:11   1,6   1,3   0,0   7,1  33,1   18:44   SSW
27  18,1  25,1   17:20  12,0   07:22   1,7   1,6   0,0   9,5  47,9   16:14   WSW
28  17,1  23,3   18:53  11,5   07:08   2,1   0,9   0,0   9,8  43,9   15:50    SW
29  18,1  24,5   17:35  11,5   07:02   2,0   1,8   0,0   9,1  36,7   16:10    NW
30  19,9  27,3   18:17  13,4   07:07   1,0   2,7   0,0   7,2  31,7   20:24    NW
31  21,2  30,5   18:47  12,2   06:17   1,5   4,4   0,0   5,5  37,8   20:32     W
----------------------------------------------------------------------------------
    19,4  32,2     9     7,1    18    53,2  88,0   7,5   7,1  52,6    18     WSW

Max >=  30,0:  9
Max <=  15,0:  0
Min <=  22,0: 31
Min <=   0,0:  0
Max Rain: 6,0 on day 15
Days of Rain: 1 (>= 2,0 mm)  0 (>= 10,0 mm)  0 (>= 40,0 mm)
Heat Base: 18,3  Cool Base: 18,3  Method: Integration